CREATE DATABASE  IF NOT EXISTS `wellness_sql` /*!40100 DEFAULT CHARACTER SET latin1 */;
USE `wellness_sql`;
--
-- Host: localhost    Database: wellness_sql
-- ------------------------------------------------------


--
-- Table structure for table `activity_log`
--

CREATE TABLE `activity_log` (
  `id` int(11) unsigned NOT NULL AUTO_INCREMENT,
  `log_name` varchar(191) COLLATE utf8mb4_unicode_ci DEFAULT NULL,
  `description` text COLLATE utf8mb4_unicode_ci NOT NULL,
  `subject_id` int(11) DEFAULT NULL,
  `subject_type` varchar(191) COLLATE utf8mb4_unicode_ci DEFAULT NULL,
  `causer_id` int(11) unsigned DEFAULT NULL,
  `causer_type` varchar(191) COLLATE utf8mb4_unicode_ci DEFAULT NULL,
  `properties` text COLLATE utf8mb4_unicode_ci,
  `created_at` timestamp NULL DEFAULT NULL,
  `updated_at` timestamp NULL DEFAULT NULL,
  PRIMARY KEY (`id`),
  KEY `activity_log_log_name_index` (`log_name`),
  KEY `subject_id_index` (`subject_id`),
  KEY `subject_type_index` (`subject_type`),
  KEY `causer_id_index` (`causer_id`),
  KEY `causer_type_index` (`causer_type`),
  KEY `log_name_index` (`log_name`),
  KEY `created_at_index` (`created_at`)
) ENGINE=InnoDB AUTO_INCREMENT=1116 DEFAULT CHARSET=utf8mb4 COLLATE=utf8mb4_unicode_ci;

--
-- Dumping data for table `activity_log`
--

INSERT INTO `activity_log` VALUES (1062,'logged-in','<a target=\"_blank\" href=\"http://goods.local/admin/users/employees/2?model=User\">Superadmin Superadmin</a> logged in - October 31st 2019, 1:49:45 pm',NULL,NULL,2,'App\\Models\\User','[]','2019-10-31 11:49:45','2019-10-31 11:49:45'),(1063,'viewed','<a target=\"_blank\" href=\"http://goods.local/admin/users/employees/2?model=User\">Superadmin Superadmin</a> viewed <a target=\"_blank\" href=\"http://goods.local/admin/settings/companies\">admin/settings/companies</a> url page - October 31st 2019, 2:41:02 pm',NULL,NULL,2,'App\\Models\\User','[]','2019-10-31 12:41:02','2019-10-31 12:41:02'),(1064,'viewed','<a target=\"_blank\" href=\"http://goods.local/admin/users/employees/2?model=User\">Superadmin Superadmin</a> viewed <a target=\"_blank\" href=\"http://goods.local/admin/users/employees\">admin/users/employees</a> url page - October 31st 2019, 2:41:08 pm',NULL,NULL,2,'App\\Models\\User','[]','2019-10-31 12:41:08','2019-10-31 12:41:08'),(1065,'viewed','<a target=\"_blank\" href=\"http://goods.local/admin/users/employees/2?model=User\">Superadmin Superadmin</a> viewed <a target=\"_blank\" href=\"http://goods.local/admin/users/employees\">admin/users/employees</a> url page - October 31st 2019, 2:41:14 pm',NULL,NULL,2,'App\\Models\\User','[]','2019-10-31 12:41:14','2019-10-31 12:41:14'),(1066,'viewed','<a target=\"_blank\" href=\"http://goods.local/admin/users/employees/2?model=User\">Superadmin Superadmin</a> viewed <a target=\"_blank\" href=\"http://goods.local/admin/users/employees\">admin/users/employees</a> url page - October 31st 2019, 2:45:30 pm',NULL,NULL,2,'App\\Models\\User','[]','2019-10-31 12:45:30','2019-10-31 12:45:30'),(1067,'viewed','<a target=\"_blank\" href=\"http://goods.local/admin/users/employees/2?model=User\">Superadmin Superadmin</a> viewed <a target=\"_blank\" href=\"http://goods.local/admin/settings/companies\">admin/settings/companies</a> url page - October 31st 2019, 2:45:40 pm',NULL,NULL,2,'App\\Models\\User','[]','2019-10-31 12:45:40','2019-10-31 12:45:40'),(1068,'updated','<a target=\"_blank\" href=\"http://goods.local/admin/users/employees/2?model=User\">Superadmin Superadmin</a> updated Company on row 3 - October 31st 2019, 2:46:50 pm',3,'App\\Models\\Company',2,'App\\Models\\User','{\"old\":{\"id\":3,\"name\":\"{\\\"en\\\":\\\"LivGood\\\",\\\"ar\\\":null}\",\"address\":\"{\\\"en\\\":null,\\\"ar\\\":null}\",\"phone\":null,\"push_id\":null,\"push_key\":null,\"api_url\":\"http:\\/\\/193.227.174.108\\/test\",\"currency\":\"usd\",\"facebook_id\":null,\"facebook_key\":null,\"google_id\":null,\"google_key\":null,\"twitter_id\":null,\"twitter_key\":null,\"contact_details\":null,\"logo\":\"Company\\/logo1567754201.png\",\"client_id\":null,\"client_secret\":null,\"scope\":null,\"grant_type\":null,\"created_at\":\"2019-04-03 12:33:58\",\"updated_at\":\"2019-10-31 13:51:18\",\"deleted_at\":null,\"is_active\":1,\"added_by\":2,\"updated_by\":2},\"new\":{\"id\":3,\"name\":\"{\\\"en\\\":\\\"LivGood\\\",\\\"ar\\\":null}\",\"address\":\"{\\\"en\\\":null,\\\"ar\\\":null}\",\"phone\":null,\"push_id\":null,\"push_key\":null,\"api_url\":\"http:\\/\\/193.227.174.108\\/test\",\"currency\":\"usd\",\"facebook_id\":null,\"facebook_key\":null,\"google_id\":null,\"google_key\":null,\"twitter_id\":null,\"twitter_key\":null,\"contact_details\":null,\"logo\":\"Company\\/logo1572526010.png\",\"client_id\":null,\"client_secret\":null,\"scope\":null,\"grant_type\":null,\"created_at\":\"2019-04-03 12:33:58\",\"updated_at\":\"2019-10-31 13:51:18\",\"deleted_at\":null,\"is_active\":1,\"added_by\":2,\"updated_by\":2}}','2019-10-31 12:46:50','2019-10-31 12:46:50'),(1069,'viewed','<a target=\"_blank\" href=\"http://goods.local/admin/users/employees/2?model=User\">Superadmin Superadmin</a> viewed <a target=\"_blank\" href=\"http://goods.local/admin/settings/companies\">admin/settings/companies</a> url page - October 31st 2019, 2:47:00 pm',NULL,NULL,2,'App\\Models\\User','[]','2019-10-31 12:47:00','2019-10-31 12:47:00'),(1070,'viewed','<a target=\"_blank\" href=\"http://goods.local/admin/users/employees/2?model=User\">Superadmin Superadmin</a> viewed <a target=\"_blank\" href=\"http://goods.local/admin/settings/companies\">admin/settings/companies</a> url page - October 31st 2019, 2:48:37 pm',NULL,NULL,2,'App\\Models\\User','[]','2019-10-31 12:48:37','2019-10-31 12:48:37'),(1071,'logged-out','<a target=\"_blank\" href=\"http://goods.local/admin/users/employees/2?model=User\">Superadmin Superadmin</a> logged out - October 31st 2019, 2:48:48 pm',NULL,NULL,2,'App\\Models\\User','[]','2019-10-31 12:48:48','2019-10-31 12:48:48'),(1072,'logged-in','<a target=\"_blank\" href=\"http://goods.local/admin/users/employees/2?model=User\">Superadmin Superadmin</a> logged in - October 31st 2019, 2:48:56 pm',NULL,NULL,2,'App\\Models\\User','[]','2019-10-31 12:48:56','2019-10-31 12:48:56'),(1073,'viewed','<a target=\"_blank\" href=\"http://goods.local/admin/users/employees/2?model=User\">Superadmin Superadmin</a> viewed <a target=\"_blank\" href=\"http://goods.local/admin/orders\">admin/orders</a> url page - October 31st 2019, 2:49:09 pm',NULL,NULL,2,'App\\Models\\User','[]','2019-10-31 12:49:09','2019-10-31 12:49:09'),(1074,'viewed','<a target=\"_blank\" href=\"http://goods.local/admin/users/employees/2?model=User\">Superadmin Superadmin</a> viewed <a target=\"_blank\" href=\"http://goods.local/admin/settings/companies\">admin/settings/companies</a> url page - October 31st 2019, 2:49:13 pm',NULL,NULL,2,'App\\Models\\User','[]','2019-10-31 12:49:13','2019-10-31 12:49:13'),(1075,'viewed','<a target=\"_blank\" href=\"http://goods.local/admin/users/employees/2?model=User\">Superadmin Superadmin</a> viewed <a target=\"_blank\" href=\"http://goods.local/admin/settings/user-types\">admin/settings/user-types</a> url page - October 31st 2019, 2:49:15 pm',NULL,NULL,2,'App\\Models\\User','[]','2019-10-31 12:49:15','2019-10-31 12:49:15'),(1076,'viewed','<a target=\"_blank\" href=\"http://goods.local/admin/users/employees/2?model=User\">Superadmin Superadmin</a> viewed <a target=\"_blank\" href=\"http://goods.local/admin/settings/user-types\">admin/settings/user-types</a> url page - October 31st 2019, 2:49:20 pm',NULL,NULL,2,'App\\Models\\User','[]','2019-10-31 12:49:20','2019-10-31 12:49:20'),(1077,'viewed','<a target=\"_blank\" href=\"http://goods.local/admin/users/employees/2?model=User\">Superadmin Superadmin</a> viewed <a target=\"_blank\" href=\"http://goods.local/admin/settings/modules\">admin/settings/modules</a> url page - October 31st 2019, 2:49:24 pm',NULL,NULL,2,'App\\Models\\User','[]','2019-10-31 12:49:24','2019-10-31 12:49:24'),(1078,'viewed','<a target=\"_blank\" href=\"http://goods.local/admin/users/employees/2?model=User\">Superadmin Superadmin</a> viewed <a target=\"_blank\" href=\"http://goods.local/admin/settings/settings\">admin/settings/settings</a> url page - October 31st 2019, 2:49:31 pm',NULL,NULL,2,'App\\Models\\User','[]','2019-10-31 12:49:31','2019-10-31 12:49:31'),(1079,'viewed','<a target=\"_blank\" href=\"http://goods.local/admin/users/employees/2?model=User\">Superadmin Superadmin</a> viewed <a target=\"_blank\" href=\"http://goods.local/admin/settings/menus\">admin/settings/menus</a> url page - October 31st 2019, 2:49:50 pm',NULL,NULL,2,'App\\Models\\User','[]','2019-10-31 12:49:50','2019-10-31 12:49:50'),(1080,'viewed','<a target=\"_blank\" href=\"http://goods.local/admin/users/employees/2?model=User\">Superadmin Superadmin</a> viewed <a target=\"_blank\" href=\"http://goods.local/admin/settings/translations\">admin/settings/translations</a> url page - October 31st 2019, 2:53:52 pm',NULL,NULL,2,'App\\Models\\User','[]','2019-10-31 12:53:52','2019-10-31 12:53:52'),(1081,'created','<a target=\"_blank\" href=\"http://goods.local/admin/users/employees/2?model=User\">Superadmin Superadmin</a> created Translation on row 384 - October 31st 2019, 2:54:11 pm',384,'App\\Models\\Translation',2,'App\\Models\\User','{\"new\":{\"key\":\"Orders\",\"word\":\"{\\\"en\\\":\\\"Orders\\\",\\\"ar\\\":null}\",\"added_by\":2,\"company_id\":3,\"updated_at\":\"2019-10-31 14:54:11\",\"created_at\":\"2019-10-31T12:54:11.791305Z\",\"id\":384}}','2019-10-31 12:54:11','2019-10-31 12:54:11'),(1082,'viewed','<a target=\"_blank\" href=\"http://goods.local/admin/users/employees/2?model=User\">Superadmin Superadmin</a> viewed <a target=\"_blank\" href=\"http://goods.local/admin/settings/translations\">admin/settings/translations</a> url page - October 31st 2019, 2:54:13 pm',NULL,NULL,2,'App\\Models\\User','[]','2019-10-31 12:54:13','2019-10-31 12:54:13'),(1083,'viewed','<a target=\"_blank\" href=\"http://goods.local/admin/users/employees/2?model=User\">Superadmin Superadmin</a> viewed <a target=\"_blank\" href=\"http://goods.local/admin/settings/translations\">admin/settings/translations</a> url page - October 31st 2019, 2:54:17 pm',NULL,NULL,2,'App\\Models\\User','[]','2019-10-31 12:54:17','2019-10-31 12:54:17'),(1084,'created','<a target=\"_blank\" href=\"http://goods.local/admin/users/employees/2?model=User\">Superadmin Superadmin</a> created Translation on row 385 - October 31st 2019, 2:54:27 pm',385,'App\\Models\\Translation',2,'App\\Models\\User','{\"new\":{\"key\":\"Companies\",\"word\":\"{\\\"en\\\":\\\"Companies\\\",\\\"ar\\\":null}\",\"added_by\":2,\"company_id\":3,\"updated_at\":\"2019-10-31 14:54:27\",\"created_at\":\"2019-10-31T12:54:27.120679Z\",\"id\":385}}','2019-10-31 12:54:27','2019-10-31 12:54:27'),(1085,'viewed','<a target=\"_blank\" href=\"http://goods.local/admin/users/employees/2?model=User\">Superadmin Superadmin</a> viewed <a target=\"_blank\" href=\"http://goods.local/admin/settings/translations\">admin/settings/translations</a> url page - October 31st 2019, 2:54:30 pm',NULL,NULL,2,'App\\Models\\User','[]','2019-10-31 12:54:30','2019-10-31 12:54:30'),(1086,'created','<a target=\"_blank\" href=\"http://goods.local/admin/users/employees/2?model=User\">Superadmin Superadmin</a> created Translation on row 386 - October 31st 2019, 2:54:44 pm',386,'App\\Models\\Translation',2,'App\\Models\\User','{\"new\":{\"key\":\"User Types\",\"word\":\"{\\\"en\\\":\\\"User Types\\\",\\\"ar\\\":null}\",\"added_by\":2,\"company_id\":3,\"updated_at\":\"2019-10-31 14:54:44\",\"created_at\":\"2019-10-31T12:54:44.660460Z\",\"id\":386}}','2019-10-31 12:54:44','2019-10-31 12:54:44'),(1087,'viewed','<a target=\"_blank\" href=\"http://goods.local/admin/users/employees/2?model=User\">Superadmin Superadmin</a> viewed <a target=\"_blank\" href=\"http://goods.local/admin/settings/translations\">admin/settings/translations</a> url page - October 31st 2019, 2:54:46 pm',NULL,NULL,2,'App\\Models\\User','[]','2019-10-31 12:54:46','2019-10-31 12:54:46'),(1088,'created','<a target=\"_blank\" href=\"http://goods.local/admin/users/employees/2?model=User\">Superadmin Superadmin</a> created Translation on row 387 - October 31st 2019, 2:55:01 pm',387,'App\\Models\\Translation',2,'App\\Models\\User','{\"new\":{\"key\":\"Employees\",\"word\":\"{\\\"en\\\":\\\"Employees\\\",\\\"ar\\\":null}\",\"added_by\":2,\"company_id\":3,\"updated_at\":\"2019-10-31 14:55:01\",\"created_at\":\"2019-10-31T12:55:01.811975Z\",\"id\":387}}','2019-10-31 12:55:01','2019-10-31 12:55:01'),(1089,'viewed','<a target=\"_blank\" href=\"http://goods.local/admin/users/employees/2?model=User\">Superadmin Superadmin</a> viewed <a target=\"_blank\" href=\"http://goods.local/admin/settings/translations\">admin/settings/translations</a> url page - October 31st 2019, 2:55:04 pm',NULL,NULL,2,'App\\Models\\User','[]','2019-10-31 12:55:04','2019-10-31 12:55:04'),(1090,'created','<a target=\"_blank\" href=\"http://goods.local/admin/users/employees/2?model=User\">Superadmin Superadmin</a> created Translation on row 388 - October 31st 2019, 2:55:31 pm',388,'App\\Models\\Translation',2,'App\\Models\\User','{\"new\":{\"key\":\"Roles & Permissions\",\"word\":\"{\\\"en\\\":\\\"Roles & Permissions\\\",\\\"ar\\\":null}\",\"added_by\":2,\"company_id\":3,\"updated_at\":\"2019-10-31 14:55:31\",\"created_at\":\"2019-10-31T12:55:31.250660Z\",\"id\":388}}','2019-10-31 12:55:31','2019-10-31 12:55:31'),(1091,'created','<a target=\"_blank\" href=\"http://goods.local/admin/users/employees/2?model=User\">Superadmin Superadmin</a> created Translation on row 389 - October 31st 2019, 2:55:38 pm',389,'App\\Models\\Translation',2,'App\\Models\\User','{\"new\":{\"key\":\"Roles\",\"word\":\"{\\\"en\\\":\\\"Roles\\\",\\\"ar\\\":null}\",\"added_by\":2,\"company_id\":3,\"updated_at\":\"2019-10-31 14:55:38\",\"created_at\":\"2019-10-31T12:55:38.064562Z\",\"id\":389}}','2019-10-31 12:55:38','2019-10-31 12:55:38'),(1092,'viewed','<a target=\"_blank\" href=\"http://goods.local/admin/users/employees/2?model=User\">Superadmin Superadmin</a> viewed <a target=\"_blank\" href=\"http://goods.local/admin/settings/translations\">admin/settings/translations</a> url page - October 31st 2019, 2:55:39 pm',NULL,NULL,2,'App\\Models\\User','[]','2019-10-31 12:55:39','2019-10-31 12:55:39'),(1093,'created','<a target=\"_blank\" href=\"http://goods.local/admin/users/employees/2?model=User\">Superadmin Superadmin</a> created Translation on row 391 - October 31st 2019, 2:56:00 pm',391,'App\\Models\\Translation',2,'App\\Models\\User','{\"new\":{\"key\":\"Payments\",\"word\":\"{\\\"en\\\":\\\"Payments\\\",\\\"ar\\\":null}\",\"added_by\":2,\"company_id\":3,\"updated_at\":\"2019-10-31 14:56:00\",\"created_at\":\"2019-10-31T12:56:00.589707Z\",\"id\":391}}','2019-10-31 12:56:00','2019-10-31 12:56:00'),(1094,'created','<a target=\"_blank\" href=\"http://goods.local/admin/users/employees/2?model=User\">Superadmin Superadmin</a> created Translation on row 390 - October 31st 2019, 2:56:00 pm',390,'App\\Models\\Translation',2,'App\\Models\\User','{\"new\":{\"key\":\"Payments\",\"word\":\"{\\\"en\\\":\\\"Payments\\\",\\\"ar\\\":null}\",\"added_by\":2,\"company_id\":3,\"updated_at\":\"2019-10-31 14:56:00\",\"created_at\":\"2019-10-31T12:56:00.589089Z\",\"id\":390}}','2019-10-31 12:56:00','2019-10-31 12:56:00'),(1095,'created','<a target=\"_blank\" href=\"http://goods.local/admin/users/employees/2?model=User\">Superadmin Superadmin</a> created Translation on row 392 - October 31st 2019, 2:56:14 pm',392,'App\\Models\\Translation',2,'App\\Models\\User','{\"new\":{\"key\":\"Methods\",\"word\":\"{\\\"en\\\":\\\"Methods\\\",\\\"ar\\\":null}\",\"added_by\":2,\"company_id\":3,\"updated_at\":\"2019-10-31 14:56:13\",\"created_at\":\"2019-10-31T12:56:13.984729Z\",\"id\":392}}','2019-10-31 12:56:14','2019-10-31 12:56:14'),(1096,'viewed','<a target=\"_blank\" href=\"http://goods.local/admin/users/employees/2?model=User\">Superadmin Superadmin</a> viewed <a target=\"_blank\" href=\"http://goods.local/admin/settings/translations\">admin/settings/translations</a> url page - October 31st 2019, 2:56:15 pm',NULL,NULL,2,'App\\Models\\User','[]','2019-10-31 12:56:15','2019-10-31 12:56:15'),(1097,'created','<a target=\"_blank\" href=\"http://goods.local/admin/users/employees/2?model=User\">Superadmin Superadmin</a> created Translation on row 393 - October 31st 2019, 2:56:25 pm',393,'App\\Models\\Translation',2,'App\\Models\\User','{\"new\":{\"key\":\"Menu\",\"word\":\"{\\\"en\\\":\\\"Menu\\\",\\\"ar\\\":null}\",\"added_by\":2,\"company_id\":3,\"updated_at\":\"2019-10-31 14:56:25\",\"created_at\":\"2019-10-31T12:56:25.634271Z\",\"id\":393}}','2019-10-31 12:56:25','2019-10-31 12:56:25'),(1098,'created','<a target=\"_blank\" href=\"http://goods.local/admin/users/employees/2?model=User\">Superadmin Superadmin</a> created Translation on row 394 - October 31st 2019, 2:56:34 pm',394,'App\\Models\\Translation',2,'App\\Models\\User','{\"new\":{\"key\":\"Logs\",\"word\":\"{\\\"en\\\":\\\"Logs\\\",\\\"ar\\\":null}\",\"added_by\":2,\"company_id\":3,\"updated_at\":\"2019-10-31 14:56:34\",\"created_at\":\"2019-10-31T12:56:34.944848Z\",\"id\":394}}','2019-10-31 12:56:34','2019-10-31 12:56:34'),(1099,'created','<a target=\"_blank\" href=\"http://goods.local/admin/users/employees/2?model=User\">Superadmin Superadmin</a> created Translation on row 395 - October 31st 2019, 2:56:44 pm',395,'App\\Models\\Translation',2,'App\\Models\\User','{\"new\":{\"key\":\"Pages\",\"word\":\"{\\\"en\\\":\\\"Pages\\\",\\\"ar\\\":null}\",\"added_by\":2,\"company_id\":3,\"updated_at\":\"2019-10-31 14:56:44\",\"created_at\":\"2019-10-31T12:56:44.837996Z\",\"id\":395}}','2019-10-31 12:56:44','2019-10-31 12:56:44'),(1100,'created','<a target=\"_blank\" href=\"http://goods.local/admin/users/employees/2?model=User\">Superadmin Superadmin</a> created Translation on row 396 - October 31st 2019, 2:56:54 pm',396,'App\\Models\\Translation',2,'App\\Models\\User','{\"new\":{\"key\":\"Common Sections\",\"word\":\"{\\\"en\\\":\\\"Common Sections\\\",\\\"ar\\\":null}\",\"added_by\":2,\"company_id\":3,\"updated_at\":\"2019-10-31 14:56:54\",\"created_at\":\"2019-10-31T12:56:54.111806Z\",\"id\":396}}','2019-10-31 12:56:54','2019-10-31 12:56:54'),(1101,'created','<a target=\"_blank\" href=\"http://goods.local/admin/users/employees/2?model=User\">Superadmin Superadmin</a> created Translation on row 397 - October 31st 2019, 2:57:09 pm',397,'App\\Models\\Translation',2,'App\\Models\\User','{\"new\":{\"key\":\"Social Media\",\"word\":\"{\\\"en\\\":\\\"Social Media\\\",\\\"ar\\\":null}\",\"added_by\":2,\"company_id\":3,\"updated_at\":\"2019-10-31 14:57:09\",\"created_at\":\"2019-10-31T12:57:09.943169Z\",\"id\":397}}','2019-10-31 12:57:09','2019-10-31 12:57:09'),(1102,'created','<a target=\"_blank\" href=\"http://goods.local/admin/users/employees/2?model=User\">Superadmin Superadmin</a> created Translation on row 398 - October 31st 2019, 2:57:27 pm',398,'App\\Models\\Translation',2,'App\\Models\\User','{\"new\":{\"key\":\"Section Inactive Fields\",\"word\":\"{\\\"en\\\":\\\"Section Inactive Fields\\\",\\\"ar\\\":null}\",\"added_by\":2,\"company_id\":3,\"updated_at\":\"2019-10-31 14:57:27\",\"created_at\":\"2019-10-31T12:57:27.127780Z\",\"id\":398}}','2019-10-31 12:57:27','2019-10-31 12:57:27'),(1103,'viewed','<a target=\"_blank\" href=\"http://goods.local/admin/users/employees/2?model=User\">Superadmin Superadmin</a> viewed <a target=\"_blank\" href=\"http://goods.local/admin/settings/translations\">admin/settings/translations</a> url page - October 31st 2019, 2:57:32 pm',NULL,NULL,2,'App\\Models\\User','[]','2019-10-31 12:57:32','2019-10-31 12:57:32'),(1104,'viewed','<a target=\"_blank\" href=\"http://goods.local/admin/users/employees/2?model=User\">Superadmin Superadmin</a> viewed <a target=\"_blank\" href=\"http://goods.local/admin/settings/translations\">admin/settings/translations</a> url page - October 31st 2019, 2:57:34 pm',NULL,NULL,2,'App\\Models\\User','[]','2019-10-31 12:57:34','2019-10-31 12:57:34'),(1105,'viewed','<a target=\"_blank\" href=\"http://goods.local/admin/users/employees/2?model=User\">Superadmin Superadmin</a> viewed <a target=\"_blank\" href=\"http://goods.local/admin/settings/setting-categories\">admin/settings/setting-categories</a> url page - October 31st 2019, 2:57:44 pm',NULL,NULL,2,'App\\Models\\User','[]','2019-10-31 12:57:44','2019-10-31 12:57:44'),(1106,'created','<a target=\"_blank\" href=\"http://goods.local/admin/users/employees/2?model=User\">Superadmin Superadmin</a> created Translation on row 399 - October 31st 2019, 2:58:00 pm',399,'App\\Models\\Translation',2,'App\\Models\\User','{\"new\":{\"key\":\"Setting Categories\",\"word\":\"{\\\"en\\\":\\\"Setting Categories\\\",\\\"ar\\\":null}\",\"added_by\":2,\"company_id\":3,\"updated_at\":\"2019-10-31 14:58:00\",\"created_at\":\"2019-10-31T12:58:00.590394Z\",\"id\":399}}','2019-10-31 12:58:00','2019-10-31 12:58:00'),(1107,'viewed','<a target=\"_blank\" href=\"http://goods.local/admin/users/employees/2?model=User\">Superadmin Superadmin</a> viewed <a target=\"_blank\" href=\"http://goods.local/admin/settings/translations\">admin/settings/translations</a> url page - October 31st 2019, 2:58:02 pm',NULL,NULL,2,'App\\Models\\User','[]','2019-10-31 12:58:02','2019-10-31 12:58:02'),(1108,'viewed','<a target=\"_blank\" href=\"http://goods.local/admin/users/employees/2?model=User\">Superadmin Superadmin</a> viewed <a target=\"_blank\" href=\"http://goods.local/admin/settings/translations\">admin/settings/translations</a> url page - October 31st 2019, 2:58:17 pm',NULL,NULL,2,'App\\Models\\User','[]','2019-10-31 12:58:17','2019-10-31 12:58:17'),(1109,'viewed','<a target=\"_blank\" href=\"http://goods.local/admin/users/employees/2?model=User\">Superadmin Superadmin</a> viewed <a target=\"_blank\" href=\"http://goods.local/admin/settings/translations\">admin/settings/translations</a> url page - October 31st 2019, 2:58:24 pm',NULL,NULL,2,'App\\Models\\User','[]','2019-10-31 12:58:24','2019-10-31 12:58:24'),(1110,'viewed','<a target=\"_blank\" href=\"http://goods.local/admin/users/employees/2?model=User\">Superadmin Superadmin</a> viewed <a target=\"_blank\" href=\"http://goods.local/admin/settings/translations\">admin/settings/translations</a> url page - October 31st 2019, 2:58:27 pm',NULL,NULL,2,'App\\Models\\User','[]','2019-10-31 12:58:27','2019-10-31 12:58:27'),(1111,'deleted','<a target=\"_blank\" href=\"http://goods.local/admin/users/employees/2?model=User\">Superadmin Superadmin</a> deleted Translation on row 150 - October 31st 2019, 4:08:34 pm',150,'App\\Models\\Translation',2,'App\\Models\\User','{\"old\":{\"id\":150,\"key\":\"Add Medical Assistance Assignee\",\"word\":\"{\\\"en\\\":\\\"Add Doctors\\\",\\\"ar\\\":\\\"\\u0623\\u0636\\u0641 \\u0627\\u0644\\u0623\\u0637\\u0628\\u0627\\u0621\\\"}\",\"added_by\":2,\"updated_by\":2,\"is_active\":1,\"deleted_at\":null,\"created_at\":\"2019-05-28 13:48:44\",\"updated_at\":\"2019-05-28 13:48:45\",\"company_id\":3}}','2019-10-31 14:08:34','2019-10-31 14:08:34'),(1112,'deleted','<a target=\"_blank\" href=\"http://goods.local/admin/users/employees/2?model=User\">Superadmin Superadmin</a> deleted Translation on row 151 - October 31st 2019, 4:08:39 pm',151,'App\\Models\\Translation',2,'App\\Models\\User','{\"old\":{\"id\":151,\"key\":\"Add Medical Assistance Schedule\",\"word\":\"{\\\"en\\\":\\\"Add Appointment\\\",\\\"ar\\\":\\\"\\u0625\\u0636\\u0627\\u0641\\u0629 \\u0645\\u0648\\u0639\\u062f\\\"}\",\"added_by\":2,\"updated_by\":2,\"is_active\":1,\"deleted_at\":null,\"created_at\":\"2019-05-28 13:48:44\",\"updated_at\":\"2019-05-28 13:48:45\",\"company_id\":3}}','2019-10-31 14:08:39','2019-10-31 14:08:39'),(1113,'deleted','<a target=\"_blank\" href=\"http://goods.local/admin/users/employees/2?model=User\">Superadmin Superadmin</a> deleted Translation on row 152 - October 31st 2019, 4:08:45 pm',152,'App\\Models\\Translation',2,'App\\Models\\User','{\"old\":{\"id\":152,\"key\":\"Add Medical Assistance Task\",\"word\":\"{\\\"en\\\":\\\"Add Task\\\",\\\"ar\\\":\\\"\\u0625\\u0636\\u0627\\u0641\\u0629 \\u0645\\u0647\\u0645\\u0629\\\"}\",\"added_by\":2,\"updated_by\":2,\"is_active\":1,\"deleted_at\":null,\"created_at\":\"2019-05-28 13:48:44\",\"updated_at\":\"2019-05-28 13:48:45\",\"company_id\":3}}','2019-10-31 14:08:45','2019-10-31 14:08:45'),(1114,'deleted','<a target=\"_blank\" href=\"http://goods.local/admin/users/employees/2?model=User\">Superadmin Superadmin</a> deleted Translation on row 153 - October 31st 2019, 4:08:50 pm',153,'App\\Models\\Translation',2,'App\\Models\\User','{\"old\":{\"id\":153,\"key\":\"Add Medical Assistance Task Detail\",\"word\":\"{\\\"en\\\":\\\"Add Medical Test\\\",\\\"ar\\\":\\\"\\u0625\\u0636\\u0627\\u0641\\u0629 \\u0627\\u062e\\u062a\\u0628\\u0627\\u0631 \\u0637\\u0628\\u064a\\\"}\",\"added_by\":2,\"updated_by\":2,\"is_active\":1,\"deleted_at\":null,\"created_at\":\"2019-05-28 13:48:44\",\"updated_at\":\"2019-05-28 13:48:45\",\"company_id\":3}}','2019-10-31 14:08:50','2019-10-31 14:08:50'),(1115,'deleted','<a target=\"_blank\" href=\"http://goods.local/admin/users/employees/2?model=User\">Superadmin Superadmin</a> deleted Translation on row 142 - October 31st 2019, 4:08:55 pm',142,'App\\Models\\Translation',2,'App\\Models\\User','{\"old\":{\"id\":142,\"key\":\"Add Property Assistance Assignee\",\"word\":\"{\\\"en\\\":\\\"Add Technician\\\",\\\"ar\\\":\\\"\\u0625\\u0636\\u0627\\u0641\\u0629 \\u0641\\u0646\\u064a\\\"}\",\"added_by\":2,\"updated_by\":2,\"is_active\":1,\"deleted_at\":null,\"created_at\":\"2019-05-28 13:48:44\",\"updated_at\":\"2019-05-28 13:48:45\",\"company_id\":3}}','2019-10-31 14:08:55','2019-10-31 14:08:55');

--
-- Table structure for table `app_management_team`
--

CREATE TABLE `app_management_team` (
  `id` int(10) unsigned NOT NULL AUTO_INCREMENT,
  `name` varchar(191) COLLATE utf8mb4_unicode_ci NOT NULL,
  `title` varchar(191) COLLATE utf8mb4_unicode_ci DEFAULT NULL,
  `email` varchar(191) COLLATE utf8mb4_unicode_ci DEFAULT NULL,
  `avatar` varchar(191) COLLATE utf8mb4_unicode_ci DEFAULT NULL,
  `sorting` int(11) DEFAULT '0',
  `is_active` tinyint(1) DEFAULT '1',
  `company_id` int(10) unsigned NOT NULL,
  `added_by` int(10) unsigned NOT NULL,
  `updated_by` int(10) unsigned DEFAULT NULL,
  `created_at` timestamp NULL DEFAULT NULL,
  `updated_at` timestamp NULL DEFAULT NULL,
  `deleted_at` timestamp NULL DEFAULT NULL,
  PRIMARY KEY (`id`),
  KEY `fk_app_management_team_companies_company_id` (`company_id`),
  KEY `fk_app_management_team_users_added_by` (`added_by`),
  KEY `fk_app_management_team_users_updated_by` (`updated_by`),
  CONSTRAINT `fk_app_management_team_companies_company_id` FOREIGN KEY (`company_id`) REFERENCES `companies` (`id`) ON DELETE NO ACTION ON UPDATE NO ACTION,
  CONSTRAINT `fk_app_management_team_users_added_by` FOREIGN KEY (`added_by`) REFERENCES `users` (`id`) ON DELETE NO ACTION ON UPDATE NO ACTION,
  CONSTRAINT `fk_app_management_team_users_updated_by` FOREIGN KEY (`updated_by`) REFERENCES `users` (`id`) ON DELETE NO ACTION ON UPDATE NO ACTION
) ENGINE=InnoDB AUTO_INCREMENT=20 DEFAULT CHARSET=utf8mb4 COLLATE=utf8mb4_unicode_ci;

--
-- Dumping data for table `app_management_team`
--


--
-- Table structure for table `app_menu_items`
--

CREATE TABLE `app_menu_items` (
  `id` int(10) unsigned NOT NULL AUTO_INCREMENT,
  `title` varchar(191) COLLATE utf8mb4_unicode_ci DEFAULT NULL,
  `url` varchar(191) COLLATE utf8mb4_unicode_ci DEFAULT NULL,
  `app_menu_id` int(10) unsigned NOT NULL,
  `sorting` int(11) DEFAULT '0',
  `is_active` tinyint(1) DEFAULT '1',
  `company_id` int(10) unsigned NOT NULL,
  `added_by` int(10) unsigned NOT NULL,
  `updated_by` int(10) unsigned DEFAULT NULL,
  `created_at` timestamp NULL DEFAULT NULL,
  `updated_at` timestamp NULL DEFAULT NULL,
  `deleted_at` timestamp NULL DEFAULT NULL,
  PRIMARY KEY (`id`),
  KEY `fk_app_menu_items_app_menus_app_menu_id` (`app_menu_id`),
  KEY `fk_app_menu_items_companies_company_id` (`company_id`),
  KEY `fk_app_menu_items_users_added_by` (`added_by`),
  KEY `fk_app_menu_items_users_updated_by` (`updated_by`),
  CONSTRAINT `fk_app_menu_items_app_menus_app_menu_id` FOREIGN KEY (`app_menu_id`) REFERENCES `app_menus` (`id`) ON DELETE NO ACTION ON UPDATE NO ACTION,
  CONSTRAINT `fk_app_menu_items_companies_company_id` FOREIGN KEY (`company_id`) REFERENCES `companies` (`id`) ON DELETE NO ACTION ON UPDATE NO ACTION,
  CONSTRAINT `fk_app_menu_items_users_added_by` FOREIGN KEY (`added_by`) REFERENCES `users` (`id`) ON DELETE NO ACTION ON UPDATE NO ACTION,
  CONSTRAINT `fk_app_menu_items_users_updated_by` FOREIGN KEY (`updated_by`) REFERENCES `users` (`id`) ON DELETE NO ACTION ON UPDATE NO ACTION
) ENGINE=InnoDB AUTO_INCREMENT=9 DEFAULT CHARSET=utf8mb4 COLLATE=utf8mb4_unicode_ci;

--
-- Dumping data for table `app_menu_items`
--

INSERT INTO `app_menu_items` VALUES (1,'HOME','/',1,1,1,3,2,2,'2019-07-30 08:36:34','2019-09-06 06:55:18',NULL),(5,'GET IN TOUCH','/get-in-touch',1,5,1,3,2,NULL,'2019-07-31 06:24:44','2019-07-31 06:24:44',NULL),(6,'ABOUT US','/about-us',1,6,1,3,2,NULL,'2019-07-31 06:25:26','2019-07-31 06:25:26',NULL),(8,'CAREERS','/careers',2,0,1,3,2,NULL,'2019-07-31 06:26:42','2019-07-31 06:26:42',NULL);

--
-- Table structure for table `app_menus`
--

CREATE TABLE `app_menus` (
  `id` int(10) unsigned NOT NULL AUTO_INCREMENT,
  `label` varchar(191) COLLATE utf8mb4_unicode_ci NOT NULL,
  `title` varchar(191) COLLATE utf8mb4_unicode_ci DEFAULT NULL,
  `is_active` tinyint(1) DEFAULT '1',
  `company_id` int(10) unsigned NOT NULL,
  `added_by` int(10) unsigned NOT NULL,
  `updated_by` int(10) unsigned DEFAULT NULL,
  `created_at` timestamp NULL DEFAULT NULL,
  `updated_at` timestamp NULL DEFAULT NULL,
  `deleted_at` timestamp NULL DEFAULT NULL,
  PRIMARY KEY (`id`),
  KEY `fk_app_menus_companies_company_id` (`company_id`),
  KEY `fk_app_menus_users_added_by` (`added_by`),
  KEY `fk_app_menus_users_updated_by` (`updated_by`),
  CONSTRAINT `fk_app_menus_companies_company_id` FOREIGN KEY (`company_id`) REFERENCES `companies` (`id`) ON DELETE NO ACTION ON UPDATE NO ACTION,
  CONSTRAINT `fk_app_menus_users_added_by` FOREIGN KEY (`added_by`) REFERENCES `users` (`id`) ON DELETE NO ACTION ON UPDATE NO ACTION,
  CONSTRAINT `fk_app_menus_users_updated_by` FOREIGN KEY (`updated_by`) REFERENCES `users` (`id`) ON DELETE NO ACTION ON UPDATE NO ACTION
) ENGINE=InnoDB AUTO_INCREMENT=3 DEFAULT CHARSET=utf8mb4 COLLATE=utf8mb4_unicode_ci;

--
-- Dumping data for table `app_menus`
--

INSERT INTO `app_menus` VALUES (1,'primary-menu','Primary Menu',1,3,2,2,'2019-07-30 08:18:16','2019-07-30 08:18:32',NULL),(2,'header-menu','Header Menu',1,3,2,NULL,'2019-07-30 08:18:28','2019-07-30 08:18:28',NULL);

--
-- Table structure for table `app_pages`
--

CREATE TABLE `app_pages` (
  `id` int(10) unsigned NOT NULL AUTO_INCREMENT,
  `label` varchar(191) COLLATE utf8mb4_unicode_ci NOT NULL,
  `title` varchar(191) COLLATE utf8mb4_unicode_ci DEFAULT NULL,
  `is_active` tinyint(1) DEFAULT '1',
  `company_id` int(10) unsigned NOT NULL,
  `added_by` int(10) unsigned NOT NULL,
  `updated_by` int(10) unsigned DEFAULT NULL,
  `created_at` timestamp NULL DEFAULT NULL,
  `updated_at` timestamp NULL DEFAULT NULL,
  `deleted_at` timestamp NULL DEFAULT NULL,
  PRIMARY KEY (`id`),
  KEY `fk_app_pages_companies_company_id` (`company_id`),
  KEY `fk_app_pages_users_added_by` (`added_by`),
  KEY `fk_app_pages_users_updated_by` (`updated_by`),
  CONSTRAINT `fk_app_pages_companies_company_id` FOREIGN KEY (`company_id`) REFERENCES `companies` (`id`) ON DELETE NO ACTION ON UPDATE NO ACTION,
  CONSTRAINT `fk_app_pages_users_added_by` FOREIGN KEY (`added_by`) REFERENCES `users` (`id`) ON DELETE NO ACTION ON UPDATE NO ACTION,
  CONSTRAINT `fk_app_pages_users_updated_by` FOREIGN KEY (`updated_by`) REFERENCES `users` (`id`) ON DELETE NO ACTION ON UPDATE NO ACTION
) ENGINE=InnoDB AUTO_INCREMENT=11 DEFAULT CHARSET=utf8mb4 COLLATE=utf8mb4_unicode_ci;

--
-- Dumping data for table `app_pages`
--

INSERT INTO `app_pages` VALUES (1,'home','Home',1,3,2,2,'2019-07-30 09:01:11','2019-07-31 06:27:31',NULL),(2,'quote-and-buy','QUOTE & BUY',1,3,2,NULL,'2019-07-31 06:27:21','2019-07-31 06:27:21',NULL),(3,'need-help','NEED HELP',1,3,2,NULL,'2019-07-31 06:27:45','2019-07-31 06:27:45',NULL),(4,'submit-a-claim','SUBMIT A CLAIM',1,3,2,NULL,'2019-07-31 06:28:01','2019-07-31 06:28:01',NULL),(5,'get-in-touch','GET IN TOUCH',1,3,2,NULL,'2019-07-31 06:28:17','2019-07-31 06:28:17',NULL),(6,'about-us','ABOUT US',1,3,2,NULL,'2019-07-31 06:28:29','2019-07-31 06:28:29',NULL),(7,'brokers','BROKERS',1,3,2,NULL,'2019-07-31 06:28:40','2019-07-31 06:28:40',NULL),(8,'careers','CAREERS',1,3,2,NULL,'2019-07-31 06:28:47','2019-07-31 06:28:47',NULL),(9,'my-profile','MY PROFILE',1,3,2,NULL,'2019-08-30 07:02:07','2019-08-30 07:02:07',NULL),(10,'my-portfolio','MY PORTFOLIO',1,3,2,NULL,'2019-09-06 10:12:59','2019-09-06 10:12:59',NULL);

--
-- Table structure for table `app_products`
--

CREATE TABLE `app_products` (
  `id` int(10) unsigned NOT NULL AUTO_INCREMENT,
  `title_1` varchar(191) COLLATE utf8mb4_unicode_ci DEFAULT NULL,
  `title_2` varchar(191) COLLATE utf8mb4_unicode_ci DEFAULT NULL,
  `slug` varchar(191) COLLATE utf8mb4_unicode_ci DEFAULT NULL,
  `is_product` tinyint(1) NOT NULL DEFAULT '1',
  `slider` tinyint(1) DEFAULT '0',
  `color` varchar(191) COLLATE utf8mb4_unicode_ci DEFAULT NULL,
  `image` varchar(191) COLLATE utf8mb4_unicode_ci DEFAULT NULL,
  `content` text COLLATE utf8mb4_unicode_ci,
  `sorting` int(11) DEFAULT '0',
  `is_active` tinyint(1) DEFAULT '1',
  `company_id` int(10) unsigned NOT NULL,
  `added_by` int(10) unsigned NOT NULL,
  `updated_by` int(10) unsigned DEFAULT NULL,
  `created_at` timestamp NULL DEFAULT NULL,
  `updated_at` timestamp NULL DEFAULT NULL,
  `deleted_at` timestamp NULL DEFAULT NULL,
  PRIMARY KEY (`id`),
  KEY `fk_app_products_companies_company_id` (`company_id`),
  KEY `fk_app_products_users_added_by` (`added_by`),
  KEY `fk_app_products_users_updated_by` (`updated_by`),
  CONSTRAINT `fk_app_products_companies_company_id` FOREIGN KEY (`company_id`) REFERENCES `companies` (`id`) ON DELETE NO ACTION ON UPDATE NO ACTION,
  CONSTRAINT `fk_app_products_users_added_by` FOREIGN KEY (`added_by`) REFERENCES `users` (`id`) ON DELETE NO ACTION ON UPDATE NO ACTION,
  CONSTRAINT `fk_app_products_users_updated_by` FOREIGN KEY (`updated_by`) REFERENCES `users` (`id`) ON DELETE NO ACTION ON UPDATE NO ACTION
) ENGINE=InnoDB AUTO_INCREMENT=10 DEFAULT CHARSET=utf8mb4 COLLATE=utf8mb4_unicode_ci;

--
-- Dumping data for table `app_products`
--


--
-- Table structure for table `app_section_inactive_fields`
--

CREATE TABLE `app_section_inactive_fields` (
  `id` int(10) unsigned NOT NULL AUTO_INCREMENT,
  `field` enum('title','image','color','content','url','sorting') COLLATE utf8mb4_unicode_ci NOT NULL,
  `app_section_id` int(10) unsigned NOT NULL,
  `is_active` tinyint(1) DEFAULT '1',
  `company_id` int(10) unsigned NOT NULL,
  `added_by` int(10) unsigned NOT NULL,
  `updated_by` int(10) unsigned DEFAULT NULL,
  `created_at` timestamp NULL DEFAULT NULL,
  `updated_at` timestamp NULL DEFAULT NULL,
  `deleted_at` timestamp NULL DEFAULT NULL,
  PRIMARY KEY (`id`),
  KEY `fk_app_section_inactive_fields_app_sections_app_section_id` (`app_section_id`),
  KEY `fk_app_section_inactive_fields_companies_company_id` (`company_id`),
  KEY `fk_app_section_inactive_fields_users_added_by` (`added_by`),
  KEY `fk_app_section_inactive_fields_users_updated_by` (`updated_by`),
  CONSTRAINT `fk_app_section_inactive_fields_app_sections_app_section_id` FOREIGN KEY (`app_section_id`) REFERENCES `app_sections` (`id`) ON DELETE NO ACTION ON UPDATE NO ACTION,
  CONSTRAINT `fk_app_section_inactive_fields_companies_company_id` FOREIGN KEY (`company_id`) REFERENCES `companies` (`id`) ON DELETE NO ACTION ON UPDATE NO ACTION,
  CONSTRAINT `fk_app_section_inactive_fields_users_added_by` FOREIGN KEY (`added_by`) REFERENCES `users` (`id`) ON DELETE NO ACTION ON UPDATE NO ACTION,
  CONSTRAINT `fk_app_section_inactive_fields_users_updated_by` FOREIGN KEY (`updated_by`) REFERENCES `users` (`id`) ON DELETE NO ACTION ON UPDATE NO ACTION
) ENGINE=InnoDB AUTO_INCREMENT=16 DEFAULT CHARSET=utf8mb4 COLLATE=utf8mb4_unicode_ci;

--
-- Dumping data for table `app_section_inactive_fields`
--

INSERT INTO `app_section_inactive_fields` VALUES (1,'content',2,1,3,2,2,'2019-07-30 11:29:39','2019-07-31 06:44:44','2019-07-31 06:44:44'),(2,'image',2,1,3,2,2,'2019-07-30 11:29:51','2019-07-31 06:42:03','2019-07-31 06:42:03'),(3,'color',1,1,3,2,NULL,'2019-07-30 13:02:50','2019-07-30 13:02:50',NULL),(4,'content',3,1,3,2,2,'2019-07-30 13:51:28','2019-07-31 06:44:54',NULL),(5,'color',3,1,3,2,NULL,'2019-07-31 06:45:16','2019-07-31 06:45:16',NULL),(6,'content',5,1,3,2,NULL,'2019-07-31 06:46:43','2019-07-31 06:46:43',NULL),(7,'content',6,1,3,2,NULL,'2019-07-31 06:47:41','2019-07-31 06:47:41',NULL),(8,'color',6,1,3,2,NULL,'2019-07-31 06:48:08','2019-07-31 06:48:08',NULL),(9,'content',7,1,3,2,NULL,'2019-07-31 06:50:19','2019-07-31 06:50:19',NULL),(10,'url',7,1,3,2,NULL,'2019-07-31 06:50:53','2019-07-31 06:50:53',NULL),(11,'url',8,1,3,2,NULL,'2019-07-31 06:51:35','2019-07-31 06:51:35',NULL),(12,'color',8,1,3,2,NULL,'2019-07-31 06:51:52','2019-07-31 06:51:52',NULL),(13,'',1,1,3,2,NULL,'2019-08-26 07:13:08','2019-08-26 07:25:08','2019-08-26 07:25:08'),(14,'content',26,1,3,2,NULL,'2019-08-29 13:47:54','2019-08-29 13:47:54',NULL),(15,'color',26,1,3,2,NULL,'2019-08-29 13:48:04','2019-08-29 13:48:04',NULL);

--
-- Table structure for table `app_section_items`
--

CREATE TABLE `app_section_items` (
  `id` int(10) unsigned NOT NULL AUTO_INCREMENT,
  `title` varchar(191) COLLATE utf8mb4_unicode_ci DEFAULT NULL,
  `color` varchar(191) COLLATE utf8mb4_unicode_ci DEFAULT NULL,
  `url` varchar(191) COLLATE utf8mb4_unicode_ci DEFAULT NULL,
  `image` varchar(191) COLLATE utf8mb4_unicode_ci DEFAULT NULL,
  `content` text COLLATE utf8mb4_unicode_ci,
  `sorting` int(11) DEFAULT '0',
  `app_section_id` int(10) unsigned NOT NULL,
  `is_active` tinyint(1) DEFAULT '1',
  `company_id` int(10) unsigned NOT NULL,
  `added_by` int(10) unsigned NOT NULL,
  `updated_by` int(10) unsigned DEFAULT NULL,
  `created_at` timestamp NULL DEFAULT NULL,
  `updated_at` timestamp NULL DEFAULT NULL,
  `deleted_at` timestamp NULL DEFAULT NULL,
  PRIMARY KEY (`id`),
  KEY `fk_app_section_items_app_sections_app_section_id` (`app_section_id`),
  KEY `fk_app_section_items_companies_company_id` (`company_id`),
  KEY `fk_app_section_items_users_added_by` (`added_by`),
  KEY `fk_app_section_items_users_updated_by` (`updated_by`),
  CONSTRAINT `fk_app_section_items_app_sections_app_section_id` FOREIGN KEY (`app_section_id`) REFERENCES `app_sections` (`id`) ON DELETE CASCADE ON UPDATE CASCADE,
  CONSTRAINT `fk_app_section_items_companies_company_id` FOREIGN KEY (`company_id`) REFERENCES `companies` (`id`) ON DELETE NO ACTION ON UPDATE NO ACTION,
  CONSTRAINT `fk_app_section_items_users_added_by` FOREIGN KEY (`added_by`) REFERENCES `users` (`id`) ON DELETE NO ACTION ON UPDATE NO ACTION,
  CONSTRAINT `fk_app_section_items_users_updated_by` FOREIGN KEY (`updated_by`) REFERENCES `users` (`id`) ON DELETE NO ACTION ON UPDATE NO ACTION
) ENGINE=InnoDB AUTO_INCREMENT=78 DEFAULT CHARSET=utf8mb4 COLLATE=utf8mb4_unicode_ci;

--
-- Dumping data for table `app_section_items`
--

INSERT INTO `app_section_items` VALUES (1,'test2','test2','test2',NULL,'test2',22,2,1,3,2,2,'2019-07-30 12:44:56','2019-07-30 12:46:56',NULL),(2,'TRAVEL',NULL,NULL,'AppSectionItem/image1564556067.png','INSURANCE',0,1,1,3,2,2,'2019-07-30 12:59:28','2019-08-23 07:45:10',NULL),(3,'MEDICAL',NULL,NULL,'AppSectionItem/image1564556109.png','INSURANCE',0,1,1,3,2,2,'2019-07-31 06:55:09','2019-08-23 07:45:15',NULL),(4,'MOTOR',NULL,NULL,'AppSectionItem/image1564556239.png','INSURANCE',0,1,1,3,2,NULL,'2019-07-31 06:57:19','2019-07-31 06:57:19',NULL),(5,'Facebook Securite Assurance',NULL,'https://www.facebook.com','AppSectionItem/image1564556545.png',NULL,0,3,1,3,2,2,'2019-07-31 07:02:25','2019-07-31 08:09:24',NULL),(6,'Instagram Securite Assurance',NULL,NULL,'AppSectionItem/image1564556560.png',NULL,0,3,1,3,2,NULL,'2019-07-31 07:02:40','2019-07-31 07:02:40',NULL),(7,'EXPAT','#0032A0',NULL,'AppSectionItem/image1564556630.png','INSURANCE',0,4,1,3,2,NULL,'2019-07-31 07:03:50','2019-07-31 07:03:50',NULL),(8,'HUNTING','#ffffff',NULL,'AppSectionItem/image1564556707.png','INSURANCE',0,4,1,3,2,NULL,'2019-07-31 07:05:07','2019-07-31 07:05:07',NULL),(9,'PET','#0032A0',NULL,'AppSectionItem/image1564556742.png','INSURANCE',0,4,1,3,2,NULL,'2019-07-31 07:05:42','2019-07-31 07:05:42',NULL),(10,'GET IN TOUCH!','#636363',NULL,'AppSectionItem/image1564556811.png','WE\'LL ANSWER YOU!',0,4,1,3,2,NULL,'2019-07-31 07:06:51','2019-07-31 07:06:51',NULL),(11,'HOME','#6AB335',NULL,'AppSectionItem/image1564556939.png',NULL,0,5,1,3,2,NULL,'2019-07-31 07:08:59','2019-07-31 07:08:59',NULL),(12,'HEALTH','#0071C2',NULL,'AppSectionItem/image1564556957.png',NULL,0,5,1,3,2,NULL,'2019-07-31 07:09:17','2019-07-31 07:09:17',NULL),(13,'RAOD','#E1001E',NULL,'AppSectionItem/image1564556975.png',NULL,0,5,1,3,2,NULL,'2019-07-31 07:09:35','2019-07-31 07:09:35',NULL),(14,'TRAVEL','#002891',NULL,'AppSectionItem/image1564556990.png',NULL,0,5,1,3,2,NULL,'2019-07-31 07:09:50','2019-07-31 07:09:50',NULL),(15,'MOTOR',NULL,NULL,'AppSectionItem/image1564557043.png',NULL,0,6,1,3,2,NULL,'2019-07-31 07:10:43','2019-07-31 07:10:43',NULL),(16,'NON MOTOR',NULL,NULL,'AppSectionItem/image1564557061.png',NULL,0,6,1,3,2,NULL,'2019-07-31 07:11:01','2019-07-31 07:11:01',NULL),(17,'WITH OUR MEDICAL INSURANCE, EARN $0.5 WITH EVERY KM YOU RUN.','#B0DFF9',NULL,'AppSectionItem/image1566548892.png',NULL,0,7,1,3,2,2,'2019-07-31 07:15:06','2019-08-23 08:28:12',NULL),(18,'MEDICAL INSURANCE AT PREFERENTIAL RATES FOR THOSE UNDER 45 YEARS.','#B0DFF9',NULL,'AppSectionItem/image1566548887.png',NULL,0,7,1,3,2,2,'2019-07-31 07:15:55','2019-08-23 08:28:07',NULL),(19,'BUNDLE YOUR MOTOR AND PROPERTY ALL RISK POLICIES AND BENEFIT FROM A DISCOUNT.','#E4E1DB',NULL,'AppSectionItem/image1566548882.png',NULL,0,7,1,3,2,2,'2019-07-31 07:18:07','2019-08-23 08:28:02',NULL),(20,'WHY BUYING YOUR INSURANCE ONLINE IS SMART',NULL,NULL,'AppSectionItem/image1564557709.png','Clients and brokers will be able to quote, compare and select the insurance that best fits their needs. Furthermore, online policy issuance is faster than conventional policy issuance, making it more convenient to clients and brokers.',0,8,1,3,2,NULL,'2019-07-31 07:21:49','2019-07-31 07:21:49',NULL),(21,'TEST','#000','#!','AppSectionItem/image1566546759.jpeg','TEST',0,4,1,3,2,NULL,'2019-08-23 07:52:39','2019-08-23 07:52:39',NULL),(22,'WHY BUYING YOUR INSURANCE ONLINE IS SMART 2',NULL,NULL,'','Clients and brokers will be able to quote, compare and select the insurance that best fits their needs. Furthermore, online policy issuance is faster than conventional policy issuance, making it more convenient to clients and brokers.',0,8,1,3,2,NULL,'2019-07-31 07:21:49','2019-07-31 07:21:49',NULL),(23,'Mobile Pro App','#707070',NULL,NULL,'Do almost your work from our mobile app dedicated to brokers.',0,10,1,3,2,2,'2019-08-23 09:18:18','2019-08-23 09:18:41',NULL),(24,'Customer Service','#909090',NULL,NULL,'Service excellence is our number one priority. We are available 24/7 on 1534',0,10,1,3,2,NULL,'2019-08-23 09:18:57','2019-08-23 09:18:57',NULL),(25,'Constant Training','#BABABA',NULL,NULL,'To master insurance concepts and products.',0,10,1,3,2,NULL,'2019-08-23 09:19:13','2019-08-23 09:19:13',NULL),(26,'Flexible Mentality','#D1D1D1',NULL,NULL,'We treat clients as individuals not numbers.',0,10,1,3,2,NULL,'2019-08-23 09:19:27','2019-08-23 09:19:27',NULL),(27,'Motor','#E1001E',NULL,NULL,'Your clients will call our 24/7 hotline and we’ll handle their claims from end to end. From assigning a road expert, to sending the tow truck, to selecting an A rated workshop, to calling back for feedback—we’ll do it all seamlessly',0,14,1,3,2,NULL,'2019-08-23 09:23:43','2019-08-23 09:23:43',NULL),(28,'Medical','#0071C2',NULL,NULL,'NEXTCARE administers all claims related to medical policies. Your clients will visit any provider, present their card, ID, and medical report and they’re in! (Medical report not needed for emergency cases)',0,14,1,3,2,NULL,'2019-08-23 09:23:54','2019-08-23 09:23:54',NULL),(29,'Expat','#76559C',NULL,NULL,'TCL administers all claims related to expat policies. Your clients will visit any provider, present their card, ID, and medical report and they’re in! (Medical report not needed for emergency cases)',0,14,1,3,2,NULL,'2019-08-23 09:24:06','2019-08-23 09:24:06',NULL),(30,'Travel','#002E72',NULL,NULL,'Our travel claims are managed from Europe and claims are handled on a direct billing basis',0,14,1,3,2,NULL,'2019-08-23 09:24:17','2019-08-23 09:24:17',NULL),(31,'Other','#707070',NULL,NULL,'We’re here to help. In case of any claim, let your client call our Hotline 1534 and we’ll handle it',0,14,1,3,2,NULL,'2019-08-23 09:24:28','2019-08-23 09:24:28',NULL),(32,'Prepare needed documents','#002e72','#!',NULL,'Download',0,15,1,3,2,NULL,'2019-08-23 10:08:05','2019-08-23 10:08:05',NULL),(33,'Contact us for an appointment','#E1001E','#!',NULL,'Get directions',0,15,1,3,2,NULL,'2019-08-23 10:08:25','2019-08-23 10:08:25',NULL),(34,'Jeff Khawam',NULL,NULL,'AppSectionItem/image1566555456.png','CEO',0,16,1,3,2,NULL,'2019-08-23 10:17:36','2019-08-23 10:17:36',NULL),(35,'Anthony Khawam',NULL,NULL,'AppSectionItem/image1566555475.png','Deputy CEO',0,16,1,3,2,NULL,'2019-08-23 10:17:55','2019-08-23 10:17:55',NULL),(36,'Lama Chaker',NULL,NULL,'AppSectionItem/image1566555489.png','CEO',0,16,1,3,2,NULL,'2019-08-23 10:18:10','2019-08-23 10:18:10',NULL),(37,'Sylvia Sayegh',NULL,NULL,'AppSectionItem/image1566555502.png','Vice President - General Motor',0,16,1,3,2,NULL,'2019-08-23 10:18:22','2019-08-23 10:18:22',NULL),(38,'Mr. Marwan Chedid',NULL,NULL,'AppSectionItem/image1566555513.png','Director Claims & Legal',0,16,1,3,2,NULL,'2019-08-23 10:18:33','2019-08-23 10:18:33',NULL),(39,'Pascale Samaha',NULL,NULL,'AppSectionItem/image1566555526.png','Director Operations',0,16,1,3,2,NULL,'2019-08-23 10:18:46','2019-08-23 10:18:46',NULL),(40,'BE SERVICE FANATIC',NULL,NULL,'AppSectionItem/image1566556326.png','Lorem Ipsum is simply dummy text of the printing and typesetting industry. Lorem Ipsum has been the industry\'s standard dummy text ever since the 1500s, when an unknown printer took a galley of type and scrambled it to make a type specimen book.',0,17,1,3,2,NULL,'2019-08-23 10:32:07','2019-08-23 10:32:07',NULL),(41,'be optimistic',NULL,NULL,'AppSectionItem/image1566556339.png','Securite Assurance is a place where big dreams are brought to life. So be optimistic about the future and believe, as optimists do, that doing good brings good and that our big dreams are possible because it will somehow make them so, and most times it does.',0,17,1,3,2,NULL,'2019-08-23 10:32:19','2019-08-23 10:32:19',NULL),(42,'deliver results',NULL,NULL,'AppSectionItem/image1566556354.png','Interdependent collaboration also needs individual independence, by which we mean: take responsibility for your bit, own it, and follow through on it. The point is that individual ownership supports collective responsibility. So commit and deliver.',0,17,1,3,2,NULL,'2019-08-23 10:32:34','2019-08-23 10:32:34',NULL),(43,'collaborate',NULL,NULL,'AppSectionItem/image1566556365.png','The goal is to always improve the culture, to have everyone work hard to make everyone else successful, to have people support and enable one another, and the best way to do so is to think in terms of “We” not “I”. We rise by lifting others.',0,17,1,3,2,NULL,'2019-08-23 10:32:45','2019-08-23 10:32:45',NULL),(44,'communicate properly',NULL,NULL,'AppSectionItem/image1566556378.png','Change the language in a tribe and you have changed the tribe itself. Communication shapes cultures. That’s why we take extra care of what we say or write and make sure that it is in line with our values and the culture we want to shape and preserve.',0,17,1,3,2,NULL,'2019-08-23 10:32:58','2019-08-23 10:32:58',NULL),(45,'learn and evolve',NULL,NULL,'AppSectionItem/image1566556392.png','Let’s be honest, we all do mistakes and we all \r\nhave room to improve and that’s perfectly \r\nfine. That’s why we’re reflective about why \r\nsomething didn’t work and always thrive to \r\nachieve a better version of ourselves.',0,17,1,3,2,NULL,'2019-08-23 10:33:12','2019-08-23 10:33:12',NULL),(46,NULL,NULL,NULL,'AppSectionItem/image1566557187.png',NULL,0,18,1,3,2,NULL,'2019-08-23 10:46:27','2019-08-23 10:46:27',NULL),(47,'Fairness','#707070',NULL,NULL,'We always start by assuming your claim is valid and we promise to act in good faith and honor the intent of the policy.',0,19,1,3,2,NULL,'2019-08-23 10:50:58','2019-08-23 10:50:58',NULL),(48,'Expertise','#909090',NULL,NULL,'Our claim handlers are specialists in their field, and they will appoint any additional experts needed to get the best outcome for you.',0,19,1,3,2,NULL,'2019-08-23 10:51:28','2019-08-23 10:51:28',NULL),(49,'Speed','#BABABA',NULL,NULL,'We make the claims process as fast and as simple as possible. Straightforward claims are often settled the day we receive them, and in all other cases you’ll be given your own specialist claims handler who you can contact directly.',0,19,1,3,2,NULL,'2019-08-23 10:51:44','2019-08-23 10:51:44',NULL),(50,'Empathy','#D1D1D1',NULL,NULL,'We understand the circumstances resulting in a claim can be highly stressful and we’re here to minimize the disruption to your life.',0,19,1,3,2,NULL,'2019-08-23 10:51:58','2019-08-23 10:51:58',NULL),(51,'FOR AN OUTSTANDING MEDICAL CARE, WE SIMPLY PARTNER WITH THE BEST.',NULL,NULL,'AppSectionItem/image1566560750.png',NULL,0,9,1,3,2,NULL,'2019-08-23 11:45:50','2019-08-23 11:45:50',NULL),(52,'WE GLADLY DELIVER THE CAR BACK TO YOUR DOORSTEP.',NULL,NULL,'AppSectionItem/image1566560781.png',NULL,0,9,1,3,2,NULL,'2019-08-23 11:46:21','2019-08-23 11:46:21',NULL),(53,'EXISTING CLIENT? BENEFIT FROM A 25% DISCOUNT ON ANY NEW RESIDENTIAL PROPERTY POLICY.',NULL,NULL,'AppSectionItem/image1566560806.png',NULL,0,9,1,3,2,NULL,'2019-08-23 11:46:46','2019-08-23 11:46:46',NULL),(54,'Financial standing',NULL,NULL,'AppSectionItem/image1566561309.png','15 Mn USD',0,20,1,3,2,NULL,'2019-08-23 11:55:09','2019-08-23 11:55:09',NULL),(55,'Assets',NULL,NULL,'AppSectionItem/image1566561551.png','~50 Mn USD',0,20,1,3,2,2,'2019-08-23 11:55:39','2019-08-23 11:59:11',NULL),(56,'Policies / year',NULL,NULL,'AppSectionItem/image1566561352.png','300 000',0,20,1,3,2,NULL,'2019-08-23 11:55:52','2019-08-23 11:55:52',NULL),(57,'Branches',NULL,NULL,'AppSectionItem/image1566561364.png','300 000',0,20,1,3,2,NULL,'2019-08-23 11:56:04','2019-08-23 11:56:04',NULL),(58,'Brokers & Agents',NULL,NULL,'AppSectionItem/image1566561380.png','2,000 +',0,20,1,3,2,NULL,'2019-08-23 11:56:20','2019-08-23 11:56:20',NULL),(59,'Our team',NULL,NULL,'AppSectionItem/image1566561394.png','100+',0,20,1,3,2,NULL,'2019-08-23 11:56:34','2019-08-23 11:56:34',NULL),(60,'EXISTING CLIENT? BENEFIT FROM A 25% DISCOUNT ON ANY NEW RESIDENTIAL PROPERTY POLICY.',NULL,NULL,'AppSectionItem/image1566562776.png',NULL,0,9,1,3,2,NULL,'2019-08-23 12:19:36','2019-08-23 12:19:36',NULL),(61,'FOR AN OUTSTANDING MEDICAL CARE, WE SIMPLY PARTNER WITH THE BEST.',NULL,NULL,'AppSectionItem/image1566562800.png',NULL,0,9,1,3,2,NULL,'2019-08-23 12:20:00','2019-08-23 12:20:00',NULL),(62,'WE GLADLY DELIVER THE CAR BACK TO YOUR DOORSTEP.',NULL,NULL,'AppSectionItem/image1566562808.png',NULL,0,9,1,3,2,NULL,'2019-08-23 12:20:08','2019-08-23 12:20:08',NULL),(63,'EXPAT',NULL,NULL,'AppSectionItem/image1566565957.png','INSURANCE',0,25,1,3,2,2,'2019-08-23 13:12:37','2019-08-26 07:42:23',NULL),(64,'HUNTING','white',NULL,'AppSectionItem/image1566565981.png','INSURANCE',0,25,1,3,2,2,'2019-08-23 13:13:01','2019-08-26 07:48:56',NULL),(65,'PET',NULL,NULL,'AppSectionItem/image1566565997.png','INSURANCE',0,25,1,3,2,2,'2019-08-23 13:13:17','2019-08-26 07:49:06',NULL),(66,'GET IN TOUCH!',NULL,NULL,'AppSectionItem/image1566566016.png','WE’LL ANSWER YOU!',0,25,1,3,2,NULL,'2019-08-23 13:13:36','2019-08-23 13:13:36',NULL),(67,'LIFE AND CRITICAL ILLNESS',NULL,NULL,'AppSectionItem/image1566566030.png','INSURANCE',0,25,1,3,2,NULL,'2019-08-23 13:13:50','2019-08-23 13:13:50',NULL),(68,'SAVINGS',NULL,NULL,'AppSectionItem/image1566566046.png','INSURANCE',0,25,1,3,2,NULL,'2019-08-23 13:14:06','2019-08-23 13:14:06',NULL),(69,'PERSONAL ACCIDENT',NULL,NULL,'AppSectionItem/image1566566072.png','INSURANCE',0,25,1,3,2,NULL,'2019-08-23 13:14:32','2019-08-23 13:14:32',NULL),(70,'BUSINESS',NULL,NULL,'AppSectionItem/image1566566098.png','INSURANCE',0,25,1,3,2,NULL,'2019-08-23 13:14:58','2019-08-23 13:14:58',NULL),(71,'CONSTRUCTION',NULL,NULL,'AppSectionItem/image1566566114.png','INSURANCE',0,25,1,3,2,NULL,'2019-08-23 13:15:14','2019-08-23 13:15:14',NULL),(72,'HOME',NULL,NULL,'AppSectionItem/image1566566127.png','INSURANCE',0,25,1,3,2,NULL,'2019-08-23 13:15:27','2019-08-23 13:15:27',NULL),(73,'CYBER',NULL,NULL,'AppSectionItem/image1566566143.png','INSURANCE',0,25,1,3,2,NULL,'2019-08-23 13:15:43','2019-08-23 13:15:43',NULL),(74,'MARINE',NULL,NULL,'AppSectionItem/image1566566155.png','INSURANCE',0,25,1,3,2,NULL,'2019-08-23 13:15:55','2019-08-23 13:15:55',NULL),(75,'facebook',NULL,'https://www.facebook.com','AppSectionItem/image1567085727.png',NULL,0,26,1,3,2,NULL,'2019-08-29 13:35:27','2019-08-29 13:35:27',NULL),(76,'Instagram',NULL,'https://www.instagram.com','AppSectionItem/image1567085772.png',NULL,0,26,1,3,2,NULL,'2019-08-29 13:36:12','2019-08-29 13:36:12',NULL),(77,'Linkedin',NULL,'https://www.linkedin.com','AppSectionItem/image1567085799.png',NULL,0,26,1,3,2,NULL,'2019-08-29 13:36:39','2019-08-29 13:36:39',NULL);

--
-- Table structure for table `app_sections`
--

CREATE TABLE `app_sections` (
  `id` int(10) unsigned NOT NULL AUTO_INCREMENT,
  `page_id` int(10) unsigned DEFAULT NULL,
  `label` varchar(191) COLLATE utf8mb4_unicode_ci DEFAULT NULL,
  `title` varchar(191) COLLATE utf8mb4_unicode_ci DEFAULT NULL,
  `content` text COLLATE utf8mb4_unicode_ci,
  `note` varchar(191) COLLATE utf8mb4_unicode_ci DEFAULT NULL,
  `sorting` int(11) NOT NULL DEFAULT '0',
  `is_active` tinyint(1) DEFAULT '1',
  `company_id` int(10) unsigned NOT NULL,
  `added_by` int(10) unsigned NOT NULL,
  `updated_by` int(10) unsigned DEFAULT NULL,
  `created_at` timestamp NULL DEFAULT NULL,
  `updated_at` timestamp NULL DEFAULT NULL,
  `deleted_at` timestamp NULL DEFAULT NULL,
  PRIMARY KEY (`id`),
  KEY `fk_app_sections_companies_company_id` (`company_id`),
  KEY `fk_app_sections_users_added_by` (`added_by`),
  KEY `fk_app_sections_users_updated_by` (`updated_by`),
  KEY `fk_app_pages_app_sections_page_id` (`page_id`),
  CONSTRAINT `fk_app_pages_app_sections_page_id` FOREIGN KEY (`page_id`) REFERENCES `app_pages` (`id`) ON DELETE NO ACTION ON UPDATE NO ACTION,
  CONSTRAINT `fk_app_sections_companies_company_id` FOREIGN KEY (`company_id`) REFERENCES `companies` (`id`) ON DELETE NO ACTION ON UPDATE NO ACTION,
  CONSTRAINT `fk_app_sections_users_added_by` FOREIGN KEY (`added_by`) REFERENCES `users` (`id`) ON DELETE NO ACTION ON UPDATE NO ACTION,
  CONSTRAINT `fk_app_sections_users_updated_by` FOREIGN KEY (`updated_by`) REFERENCES `users` (`id`) ON DELETE NO ACTION ON UPDATE NO ACTION
) ENGINE=InnoDB AUTO_INCREMENT=27 DEFAULT CHARSET=utf8mb4 COLLATE=utf8mb4_unicode_ci;

--
-- Dumping data for table `app_sections`
--

INSERT INTO `app_sections` VALUES (1,NULL,'main_slider','Main Slider',NULL,NULL,0,1,3,2,2,'2019-07-30 11:11:32','2019-08-23 07:44:51',NULL),(2,NULL,NULL,'Home Page Assistance',NULL,NULL,0,1,3,2,NULL,'2019-07-30 12:00:12','2019-07-31 06:46:58','2019-07-31 06:46:58'),(3,NULL,'lets_get_social','Let\'s Get','Social!',NULL,0,1,3,2,2,'2019-07-30 13:50:56','2019-08-23 07:44:50',NULL),(4,NULL,'products_carousel','Products Carousel',NULL,NULL,0,1,3,2,2,'2019-07-31 06:39:17','2019-08-23 07:21:42',NULL),(5,NULL,'get_assistance','GET ASSISTANCE','Lorem ipsum dolor sit amet, consectetur adipiscing elit, sed do eiusmod tempor incididunt ut\r\nlabore et dolore magna aliqua.\r\nUt enim ad minim veniam, quis nostrud exercitation ullamco laboris nisi ut aliquip ex ea\r\ncommodo consequat..',NULL,0,1,3,2,2,'2019-07-31 06:40:23','2019-09-16 12:14:02',NULL),(6,NULL,'submit_claim','SUBMIT CLAIM',NULL,NULL,0,1,3,2,2,'2019-07-31 06:40:43','2019-08-23 08:18:21',NULL),(7,1,'home_benefits','Home Page | Benefits',NULL,NULL,0,1,3,2,2,'2019-07-31 06:40:55','2019-08-23 07:20:20',NULL),(8,1,'home_slider_2','Home Page | Slider 2',NULL,NULL,0,1,3,2,2,'2019-07-31 06:41:45','2019-08-23 07:20:32',NULL),(9,6,'about_us_slider','About Us | Slider',NULL,NULL,0,1,3,2,2,'2019-08-21 11:15:35','2019-08-23 07:21:09',NULL),(10,7,'our_philosophy','OUR PHILOSOPHY','We View every broker as a partner <br> Securite Assurance is a leading insurer covering a wide range of insurances lines. Our understanding of the market and clients’ needs have helped us create unique insurance solutions.<br> At Securite Assurance, we pride ourselves on the relationship we share with our brokers, who, across the years, have become our partners and a vital part of our never-ending growing family. This relationship has developed because of the integrity we put in our work and the expertise we bring to the table.',NULL,0,1,3,2,2,'2019-08-23 09:01:07','2019-08-23 09:20:42',NULL),(14,7,'what_to_do','WHAT TO DO IN CASE OF A CLAIM','We view every broker as a partner',NULL,0,1,3,2,NULL,'2019-08-23 09:23:15','2019-08-23 09:23:15',NULL),(15,7,'become_a_broker','HOW TO BECOME A BROKER','HOW TO BECOME A BROKER',NULL,0,1,3,2,NULL,'2019-08-23 10:07:23','2019-08-23 10:07:23',NULL),(16,6,'team','MANAGEMENT TEAM','Lorem Ipsum is simply dummy text of the printing and typesetting industry. Lorem Ipsum has been the industry\'s standard dummy text ever since the 1500s.',NULL,0,1,3,2,NULL,'2019-08-23 10:16:48','2019-08-23 10:16:48',NULL),(17,6,'our_values','OUR VALUES',NULL,NULL,0,1,3,2,NULL,'2019-08-23 10:25:35','2019-08-23 10:25:35',NULL),(18,6,'years_of_insurance','60 YEARS OF INSURANCE EXPERTISE','With over 60 years pf proven excellence, we continuously strive to deliver best-in-class service to our clients both in Lebanon and abroad',NULL,0,1,3,2,NULL,'2019-08-23 10:46:05','2019-08-23 10:46:05',NULL),(19,6,'claims','CLAIMS','<p class=\"w-75 color-secondary font-weight-bold mx-auto text-center mb-0\">\r\n                At Securite Assurance, our promise is to be here wherever life takes you, and to deliver a profound impact on people we serve. We consider claims as our own way to “walk the talk” and test our commitment, and it is our duty to handle them seriously.\r\n            </p>\r\n\r\n            <br>\r\n\r\n            <p class=\"text-center\">Here is our promise and we’ll never compromise on it – you have our word on that:</p>',NULL,0,1,3,2,2,'2019-08-23 10:49:58','2019-08-23 10:50:23',NULL),(20,6,'our_profile','OUR COMPANY PROFILE','Securite Assurance is one of the first insurance companies in Lebanon. It started its operations in 1955 as the agent of  Union des Assurance de Paris (UAP), one of the largest insurers in Europe. Following the merger of UAP with  AXA, shareholders decided to create a local insurance company, and this is how Securite Assurance came to life.',NULL,0,1,3,2,2,'2019-08-23 11:53:53','2019-08-23 11:54:43',NULL),(21,6,'our_vision','OUR VISION AND MISSION','Our vision is to be the evident insurance partner, the first and best choice for clients and we’ll \r\nget there by providing an insanely great service - that’s our mission',NULL,0,1,3,2,NULL,'2019-08-23 12:08:17','2019-08-23 12:08:17',NULL),(22,6,'body','Body','<div class=\"w-90 mx-auto\">\r\n            <p class=\"text-center text-muted\">\r\n                The company also has presence via its sister company ISA throughout the Middle East and North Africa region where it is a leader in the travel insurance and cargo insurance markets, and where it has partnered with more than 40 insurance companies and thousands of sales agents.\r\n            </p>\r\n        </div>\r\n\r\n        <div class=\"text-center background-primary text-light w-90 mx-auto\">\r\n            <p class=\"p-3\">Securite Assurance enjoys a solid backup provided by highly rated reinsurance companies and reputable administrators..</p>\r\n        </div>\r\n\r\n        <div class=\"w-90 mx-auto\">\r\n            <p class=\"text-center text-muted\">\r\n                Securite Assurance’s goal is to become a customer-obsessed insurer to the point that it becomes the obvious and evident insurance \r\npartner for brokers and end-clients, the top of mind insurance brand—when you think insurance we want you to think Securite.\r\n            </p>\r\n        </div>\r\n\r\n        <div class=\"w-90 mx-auto mt-3\">\r\n            <p class=\"text-center text-muted\">\r\n                Today the company places the client at the center of what it does, and engineers most of its practices accordingly. At Securite clients \r\nare not policyholders or claim numbers. They are more than that. They are human beings with specific needs. Understanding those \r\nneeds and acting on them promptly is the challenge, and it’s what we do well.\r\n            </p>\r\n        </div>',NULL,0,1,3,2,2,'2019-08-23 12:21:01','2019-08-23 12:22:36',NULL),(23,8,'body','CAREERS','<p>Our biggest asset is our team and so we are in a constant search to hire the best talent. Please submit your information and CV, and we’ll invite you for an interview if we believe there’s a match.</p>\r\n\r\n            <p>Our interview process is a dialogue designed to help us get to know each other. Here’s what to expect:</p>\r\n\r\n            <p>Knowing more about you. You’ll walk us through your CV to help us learn more about your educational and professional background as well as your personal experiences. This will help us see how and where you might fit in at Securite Assurance.</p>\r\n\r\n            <p>Understanding how you solve problems. Working with your interviewer, you’ll analyze a theoretical problem or a case study. This part of the interview is designed to help us evaluate your analytical skills and how you react to complex problems.</p>\r\n\r\n            <p>Testing your technical skills. Your interviewer will ask you specific questions to better understand how prepared you are to the position you are applying to.</p>\r\n\r\n            <p>The essays. We’d like you to write two short essays, 200 words each. In the first you’ll articulate how you intend to contribute to our vision. In the second, you’ll let us know whether you think you’re curious and persistent and give us some examples.</p>',NULL,0,1,3,2,NULL,'2019-08-23 12:27:58','2019-08-23 12:27:58',NULL),(24,5,'body',NULL,'<p>\r\n                    Lebanon, Beirut\r\n                    <br>\r\n                    Sin El Fil, Fouad Chehab Avenue,\r\n                    <br>\r\n                    Gedco 3 Center, Blocks A&B\r\n                    <br>\r\n                    P.O.Box: 15 5499\r\n                </p>\r\n\r\n                <p>\r\n                    +961 1 517 100\r\n                    <br>\r\n                    +961 1 485 319\r\n                </p>\r\n\r\n                <p>securite@securiteassurance.com</p>',NULL,0,1,3,2,NULL,'2019-08-23 12:36:16','2019-08-23 12:36:16',NULL),(25,2,'products','Products',NULL,NULL,0,0,3,2,2,'2019-08-23 13:09:35','2019-08-26 10:51:14',NULL),(26,NULL,'footer_social_media','Footer Social Media Links',NULL,NULL,0,1,3,2,NULL,'2019-08-29 13:32:38','2019-08-29 13:32:38',NULL);

--
-- Table structure for table `app_social_media_links`
--

CREATE TABLE `app_social_media_links` (
  `id` int(11) NOT NULL AUTO_INCREMENT,
  `title` text,
  `icon` varchar(45) DEFAULT NULL,
  `link` varchar(300) DEFAULT NULL,
  `created_at` timestamp NULL DEFAULT NULL,
  `updated_at` timestamp NULL DEFAULT CURRENT_TIMESTAMP ON UPDATE CURRENT_TIMESTAMP,
  `deleted_at` timestamp NULL DEFAULT NULL,
  `is_active` tinyint(4) DEFAULT '1',
  `added_by` int(11) unsigned NOT NULL,
  `updated_by` int(11) unsigned DEFAULT NULL,
  `company_id` int(11) unsigned NOT NULL,
  PRIMARY KEY (`id`),
  KEY `fk_social_media_links_companies1_idx` (`company_id`),
  KEY `fk_social_media_links_users1_idx` (`added_by`),
  KEY `fk_social_media_links_users2_idx` (`updated_by`),
  CONSTRAINT `fk_social_media_links_companies1` FOREIGN KEY (`company_id`) REFERENCES `companies` (`id`) ON DELETE NO ACTION ON UPDATE NO ACTION,
  CONSTRAINT `fk_social_media_links_users1` FOREIGN KEY (`added_by`) REFERENCES `users` (`id`) ON DELETE NO ACTION ON UPDATE NO ACTION,
  CONSTRAINT `fk_social_media_links_users2` FOREIGN KEY (`updated_by`) REFERENCES `users` (`id`) ON DELETE NO ACTION ON UPDATE NO ACTION
) ENGINE=InnoDB AUTO_INCREMENT=9 DEFAULT CHARSET=utf8;

--
-- Dumping data for table `app_social_media_links`
--

INSERT INTO `app_social_media_links` VALUES (1,'{\"ar\":\"فايسبوك\",\"en\":\"facebook\"}','fa-facebook-f','https://www.facebook.com','2019-04-25 11:12:50','2019-05-08 09:55:33',NULL,1,2,2,4),(2,'instagram','fa-instagram','https://www.instagram.com','2019-04-25 11:22:52','2019-04-26 09:43:34',NULL,1,2,2,4),(4,'twitter','fa-twitter-square','https://www.twitter.com','2019-04-25 11:24:49','2019-04-30 10:58:37',NULL,1,2,2,4),(5,'github','fa-github','https://www.github.com','2019-04-25 11:25:21','2019-04-26 09:43:38',NULL,1,2,2,4),(6,'test','fa-star-o','test','2019-04-26 07:02:04','2019-04-26 07:02:10','2019-04-26 07:02:10',1,2,NULL,4),(7,'test','fa-th-list','test','2019-04-30 09:09:02','2019-04-30 09:36:51','2019-04-30 09:36:51',1,2,2,4),(8,'{\"en\":\"Facebook\",\"ar\":null}','fa-facebook-square','https://www.facebook.com','2019-07-31 06:08:55','2019-07-31 06:08:55',NULL,1,2,NULL,3);

--
-- Table structure for table `cities`
--

CREATE TABLE `cities` (
  `id` bigint(20) unsigned NOT NULL AUTO_INCREMENT,
  `country_id` int(11) NOT NULL,
  `title` varchar(500) COLLATE utf8mb4_unicode_ci NOT NULL,
  `shipping_fees` double DEFAULT '0',
  `has_shipping` tinyint(4) DEFAULT '0',
  `created_at` timestamp NULL DEFAULT NULL,
  `updated_at` timestamp NULL DEFAULT NULL,
  `deleted_at` timestamp NULL DEFAULT NULL,
  PRIMARY KEY (`id`),
  KEY `fk_cities_country_id` (`country_id`),
  CONSTRAINT `fk_cities_country_id` FOREIGN KEY (`country_id`) REFERENCES `countries` (`id`) ON DELETE CASCADE ON UPDATE CASCADE
) ENGINE=InnoDB DEFAULT CHARSET=utf8mb4 COLLATE=utf8mb4_unicode_ci;

--
-- Dumping data for table `cities`
--


--
-- Table structure for table `company_requests`
--

CREATE TABLE `company_requests` (
  `id` int(10) unsigned NOT NULL AUTO_INCREMENT,
  `request` text COLLATE utf8mb4_unicode_ci,
  `response` text COLLATE utf8mb4_unicode_ci,
  `request_url` varchar(1000) COLLATE utf8mb4_unicode_ci DEFAULT NULL,
  `description` text COLLATE utf8mb4_unicode_ci,
  `company_id` int(10) unsigned DEFAULT NULL,
  `created_at` timestamp NULL DEFAULT NULL,
  `updated_at` timestamp NULL DEFAULT NULL,
  `deleted_at` timestamp NULL DEFAULT NULL,
  PRIMARY KEY (`id`),
  KEY `fk_company_requests_companies_company_id` (`company_id`),
  CONSTRAINT `fk_company_requests_companies_company_id` FOREIGN KEY (`company_id`) REFERENCES `companies` (`id`) ON DELETE NO ACTION ON UPDATE NO ACTION
) ENGINE=InnoDB AUTO_INCREMENT=62 DEFAULT CHARSET=utf8mb4 COLLATE=utf8mb4_unicode_ci;

--
-- Dumping data for table `company_requests`
--


--
-- Table structure for table `countries`
--

CREATE TABLE `countries` (
  `id` int(11) NOT NULL AUTO_INCREMENT,
  `iso` char(2) NOT NULL,
  `name` varchar(80) NOT NULL,
  `title` text NOT NULL,
  `iso3` char(3) DEFAULT NULL,
  `numcode` smallint(6) DEFAULT NULL,
  `phonecode` int(5) NOT NULL,
  `icon` varchar(30) NOT NULL,
  `created_at` timestamp NULL DEFAULT NULL,
  `updated_at` timestamp NULL DEFAULT CURRENT_TIMESTAMP ON UPDATE CURRENT_TIMESTAMP,
  `deleted_at` timestamp NULL DEFAULT NULL,
  `is_active` tinyint(4) DEFAULT '1',
  PRIMARY KEY (`id`)
) ENGINE=InnoDB AUTO_INCREMENT=239 DEFAULT CHARSET=latin1;

--
-- Dumping data for table `countries`
--

INSERT INTO `countries` VALUES (1,'AF','AFGHANISTAN','Afghanistan','AFG',4,93,'af','2019-04-03 09:29:36','2019-05-10 07:27:15',NULL,1),(2,'AL','ALBANIA','Albania','ALB',8,355,'al','2019-04-03 09:29:36','2019-05-10 07:27:15',NULL,1),(3,'DZ','ALGERIA','Algeria','DZA',12,213,'dz','2019-04-03 09:29:36','2019-05-10 07:27:15',NULL,1),(4,'AS','AMERICAN SAMOA','American Samoa','ASM',16,1684,'as','2019-04-03 09:29:36','2019-05-10 07:29:10',NULL,1),(5,'AD','ANDORRA','Andorra','AND',20,376,'ad','2019-04-03 09:29:36','2019-05-10 07:27:15',NULL,1),(6,'AO','ANGOLA','Angola','AGO',24,244,'ao','2019-04-03 09:29:36','2019-05-10 07:27:15',NULL,1),(7,'AI','ANGUILLA','Anguilla','AIA',660,1264,'ai','2019-04-03 09:29:36','2019-05-17 12:41:42',NULL,1),(8,'AQ','ANTARCTICA','Antarctica',NULL,NULL,0,'aq','2019-04-03 09:29:36','2019-05-17 12:41:49',NULL,1),(9,'AG','ANTIGUA AND BARBUDA','Antigua and Barbuda','ATG',28,1268,'ag','2019-04-03 09:29:36','2019-05-10 07:27:15',NULL,1),(10,'AR','ARGENTINA','Argentina','ARG',32,54,'ar','2019-04-03 09:29:36','2019-05-10 07:27:15',NULL,1),(11,'AM','ARMENIA','Armenia','ARM',51,374,'am','2019-04-03 09:29:36','2019-05-10 07:27:15',NULL,1),(12,'AW','ARUBA','Aruba','ABW',533,297,'aw','2019-04-03 09:29:36','2019-05-17 12:41:55',NULL,1),(13,'AU','AUSTRALIA','Australia','AUS',36,61,'au','2019-04-03 09:29:36','2019-05-10 07:27:15',NULL,1),(14,'AT','AUSTRIA','Austria','AUT',40,43,'at','2019-04-03 09:29:36','2019-05-10 07:27:15',NULL,1),(15,'AZ','AZERBAIJAN','Azerbaijan','AZE',31,994,'az','2019-04-03 09:29:36','2019-05-10 07:27:15',NULL,1),(16,'BS','BAHAMAS','Bahamas','BHS',44,1242,'bs','2019-04-03 09:29:36','2019-05-10 07:27:15',NULL,1),(17,'BH','BAHRAIN','Bahrain','BHR',48,973,'bh','2019-04-03 09:29:36','2019-05-10 07:27:15',NULL,1),(18,'BD','BANGLADESH','Bangladesh','BGD',50,880,'bd','2019-04-03 09:29:36','2019-05-10 07:27:15',NULL,1),(19,'BB','BARBADOS','Barbados','BRB',52,1246,'bb','2019-04-03 09:29:36','2019-05-10 07:27:15',NULL,1),(20,'BY','BELARUS','Belarus','BLR',112,375,'by','2019-04-03 09:29:36','2019-05-10 07:27:15',NULL,1),(21,'BE','BELGIUM','Belgium','BEL',56,32,'be','2019-04-03 09:29:36','2019-05-10 07:27:15',NULL,1),(22,'BZ','BELIZE','Belize','BLZ',84,501,'bz','2019-04-03 09:29:36','2019-05-10 07:27:15',NULL,1),(23,'BJ','BENIN','Benin','BEN',204,229,'bj','2019-04-03 09:29:36','2019-05-10 07:27:15',NULL,1),(24,'BM','BERMUDA','Bermuda','BMU',60,1441,'bm','2019-04-03 09:29:36','2019-05-17 12:42:03',NULL,1),(25,'BT','BHUTAN','Bhutan','BTN',64,975,'bt','2019-04-03 09:29:36','2019-05-10 07:27:15',NULL,1),(26,'BO','BOLIVIA','Bolivia','BOL',68,591,'bo','2019-04-03 09:29:36','2019-05-10 07:27:15',NULL,1),(27,'BA','BOSNIA AND HERZEGOVINA','Bosnia and Herzegovina','BIH',70,387,'ba','2019-04-03 09:29:36','2019-05-10 07:27:15',NULL,1),(28,'BW','BOTSWANA','Botswana','BWA',72,267,'bw','2019-04-03 09:29:36','2019-05-10 07:27:15',NULL,1),(29,'BV','BOUVET ISLAND','Bouvet Island',NULL,NULL,0,'bv','2019-04-03 09:29:36','2019-05-17 12:42:10',NULL,1),(30,'BR','BRAZIL','Brazil','BRA',76,55,'br','2019-04-03 09:29:36','2019-05-17 12:43:18',NULL,1),(31,'IO','BRITISH INDIAN OCEAN TERRITORY','British Indian Ocean Territory',NULL,NULL,246,'io','2019-04-03 09:29:36','2019-05-17 12:43:29',NULL,1),(32,'BN','BRUNEI DARUSSALAM','Brunei Darussalam','BRN',96,673,'bn','2019-04-03 09:29:36','2019-05-17 12:44:02',NULL,1),(33,'BG','BULGARIA','Bulgaria','BGR',100,359,'bg','2019-04-03 09:29:36','2019-05-17 12:44:11',NULL,1),(34,'BF','BURKINA FASO','Burkina Faso','BFA',854,226,'bf','2019-04-03 09:29:36','2019-05-10 07:27:15',NULL,1),(35,'BI','BURUNDI','Burundi','BDI',108,257,'bi','2019-04-03 09:29:36','2019-05-10 07:27:15',NULL,1),(36,'KH','CAMBODIA','Cambodia','KHM',116,855,'kh','2019-04-03 09:29:36','2019-05-10 07:27:15',NULL,1),(37,'CM','CAMEROON','Cameroon','CMR',120,237,'cm','2019-04-03 09:29:36','2019-05-10 07:27:15',NULL,1),(38,'CA','CANADA','Canada','CAN',124,1,'ca','2019-04-03 09:29:36','2019-05-10 07:27:15',NULL,1),(39,'CV','CAPE VERDE','Cape Verde','CPV',132,238,'cv','2019-04-03 09:29:36','2019-05-10 07:27:15',NULL,1),(40,'KY','CAYMAN ISLANDS','Cayman Islands','CYM',136,1345,'ky','2019-04-03 09:29:36','2019-05-17 12:44:22',NULL,1),(41,'CF','CENTRAL AFRICAN REPUBLIC','Central African Republic','CAF',140,236,'cf','2019-04-03 09:29:36','2019-05-10 07:27:15',NULL,1),(42,'TD','CHAD','Chad','TCD',148,235,'td','2019-04-03 09:29:36','2019-05-10 07:27:15',NULL,1),(43,'CL','CHILE','Chile','CHL',152,56,'cl','2019-04-03 09:29:36','2019-05-10 07:27:15',NULL,1),(44,'CN','CHINA','China','CHN',156,86,'cn','2019-04-03 09:29:36','2019-05-10 07:27:15',NULL,1),(45,'CX','CHRISTMAS ISLAND','Christmas Island',NULL,NULL,61,'cx','2019-04-03 09:29:36','2019-05-17 12:44:30',NULL,1),(46,'CC','COCOS (KEELING) ISLANDS','Cocos (Keeling) Islands',NULL,NULL,672,'cc','2019-04-03 09:29:36','2019-05-17 13:02:41',NULL,1),(47,'CO','COLOMBIA','Colombia','COL',170,57,'co','2019-04-03 09:29:36','2019-05-10 07:27:15',NULL,1),(48,'KM','COMOROS','Comoros','COM',174,269,'km','2019-04-03 09:29:36','2019-05-10 07:27:15',NULL,1),(49,'CG','CONGO','Congo','COG',178,242,'cg','2019-04-03 09:29:36','2019-05-10 07:27:15',NULL,1),(50,'CD','CONGO, THE DEMOCRATIC REPUBLIC OF THE','Congo, the Democratic Republic of the','COD',180,242,'cd','2019-04-03 09:29:36','2019-05-17 13:02:52',NULL,1),(51,'CK','COOK ISLANDS','Cook Islands','COK',184,682,'ck','2019-04-03 09:29:36','2019-05-17 12:45:18',NULL,1),(52,'CR','COSTA RICA','Costa Rica','CRI',188,506,'cr','2019-04-03 09:29:36','2019-05-10 07:27:15',NULL,1),(53,'CI','COTE D\'IVOIRE','Cote D\'Ivoire','CIV',384,225,'ci','2019-04-03 09:29:36','2019-05-17 12:45:29',NULL,1),(54,'HR','CROATIA','Croatia','HRV',191,385,'hr','2019-04-03 09:29:36','2019-05-10 07:27:15',NULL,1),(55,'CU','CUBA','Cuba','CUB',192,53,'cu','2019-04-03 09:29:36','2019-05-10 07:27:15',NULL,1),(56,'CY','CYPRUS','Cyprus','CYP',196,357,'cy','2019-04-03 09:29:36','2019-05-10 07:27:15',NULL,1),(57,'CZ','CZECH REPUBLIC','Czech Republic','CZE',203,420,'cz','2019-04-03 09:29:36','2019-05-10 07:27:15',NULL,1),(58,'DK','DENMARK','Denmark','DNK',208,45,'dk','2019-04-03 09:29:36','2019-05-10 07:27:15',NULL,1),(59,'DJ','DJIBOUTI','Djibouti','DJI',262,253,'dj','2019-04-03 09:29:36','2019-05-10 07:27:15',NULL,1),(60,'DM','DOMINICA','Dominica','DMA',212,1767,'dm','2019-04-03 09:29:36','2019-05-10 07:27:15',NULL,1),(61,'DO','DOMINICAN REPUBLIC','Dominican Republic','DOM',214,1809,'do','2019-04-03 09:29:36','2019-05-10 07:27:15',NULL,1),(62,'EC','ECUADOR','Ecuador','ECU',218,593,'ec','2019-04-03 09:29:36','2019-05-10 07:27:15',NULL,1),(63,'EG','EGYPT','Egypt','EGY',818,20,'eg','2019-04-03 09:29:36','2019-05-17 12:46:03',NULL,1),(64,'SV','EL SALVADOR','El Salvador','SLV',222,503,'sv','2019-04-03 09:29:36','2019-05-10 07:27:15',NULL,1),(65,'GQ','EQUATORIAL GUINEA','Equatorial Guinea','GNQ',226,240,'gq','2019-04-03 09:29:36','2019-05-10 07:27:15',NULL,1),(66,'ER','ERITREA','Eritrea','ERI',232,291,'er','2019-04-03 09:29:36','2019-05-10 07:27:15',NULL,1),(67,'EE','ESTONIA','Estonia','EST',233,372,'ee','2019-04-03 09:29:36','2019-05-10 07:27:15',NULL,1),(68,'ET','ETHIOPIA','Ethiopia','ETH',231,251,'et','2019-04-03 09:29:36','2019-05-28 13:08:22',NULL,1),(69,'FK','FALKLAND ISLANDS (MALVINAS)','Falkland Islands (Malvinas)','FLK',238,500,'fk','2019-04-03 09:29:36','2019-05-17 12:46:12',NULL,1),(70,'FO','FAROE ISLANDS','Faroe Islands','FRO',234,298,'fo','2019-04-03 09:29:36','2019-05-17 12:46:24',NULL,1),(71,'FJ','FIJI','Fiji','FJI',242,679,'fj','2019-04-03 09:29:36','2019-05-10 07:27:15',NULL,1),(72,'FI','FINLAND','Finland','FIN',246,358,'fi','2019-04-03 09:29:36','2019-05-10 07:27:15',NULL,1),(73,'FR','FRANCE','France','FRA',250,33,'fr','2019-04-03 09:29:36','2019-05-10 07:27:15',NULL,1),(74,'GF','FRENCH GUIANA','French Guiana','GUF',254,594,'gf','2019-04-03 09:29:36','2019-05-17 12:46:37',NULL,1),(75,'PF','FRENCH POLYNESIA','French Polynesia','PYF',258,689,'pf','2019-04-03 09:29:36','2019-05-17 12:46:46',NULL,1),(76,'TF','FRENCH SOUTHERN TERRITORIES','French Southern Territories',NULL,NULL,0,'tf','2019-04-03 09:29:36','2019-05-17 12:46:57',NULL,1),(77,'GA','GABON','Gabon','GAB',266,241,'ga','2019-04-03 09:29:36','2019-05-10 07:27:15',NULL,1),(78,'GM','GAMBIA','Gambia','GMB',270,220,'gm','2019-04-03 09:29:36','2019-05-10 07:27:15',NULL,1),(79,'GE','GEORGIA','Georgia','GEO',268,995,'ge','2019-04-03 09:29:36','2019-05-10 07:27:15',NULL,1),(80,'DE','GERMANY','Germany','DEU',276,49,'de','2019-04-03 09:29:36','2019-05-10 07:27:15',NULL,1),(81,'GH','GHANA','Ghana','GHA',288,233,'gh','2019-04-03 09:29:36','2019-05-10 07:27:15',NULL,1),(82,'GI','GIBRALTAR','Gibraltar','GIB',292,350,'gi','2019-04-03 09:29:36','2019-05-17 12:47:11',NULL,1),(83,'GR','GREECE','Greece','GRC',300,30,'gr','2019-04-03 09:29:36','2019-05-10 07:27:15',NULL,1),(84,'GL','GREENLAND','Greenland','GRL',304,299,'gl','2019-04-03 09:29:36','2019-05-17 12:47:18',NULL,1),(85,'GD','GRENADA','Grenada','GRD',308,1473,'gd','2019-04-03 09:29:36','2019-05-10 07:27:15',NULL,1),(86,'GP','GUADELOUPE','Guadeloupe','GLP',312,590,'gp','2019-04-03 09:29:36','2019-05-17 12:47:26',NULL,1),(87,'GU','GUAM','Guam','GUM',316,1671,'gu','2019-04-03 09:29:36','2019-05-17 12:47:32',NULL,1),(88,'GT','GUATEMALA','Guatemala','GTM',320,502,'gt','2019-04-03 09:29:36','2019-05-10 07:27:15',NULL,1),(89,'GN','GUINEA','Guinea','GIN',324,224,'gn','2019-04-03 09:29:36','2019-05-10 07:27:15',NULL,1),(90,'GW','GUINEA-BISSAU','Guinea-Bissau','GNB',624,245,'gw','2019-04-03 09:29:36','2019-05-10 07:27:15',NULL,1),(91,'GY','GUYANA','Guyana','GUY',328,592,'gy','2019-04-03 09:29:36','2019-05-10 07:27:15',NULL,1),(92,'HT','HAITI','Haiti','HTI',332,509,'ht','2019-04-03 09:29:36','2019-05-10 07:27:15',NULL,1),(93,'HM','HEARD ISLAND AND MCDONALD ISLANDS','Heard Island and Mcdonald Islands',NULL,NULL,0,'hm','2019-04-03 09:29:36','2019-05-17 12:47:43',NULL,1),(94,'VA','HOLY SEE (VATICAN CITY STATE)','Holy See (Vatican City State)','VAT',336,39,'va','2019-04-03 09:29:36','2019-05-17 12:47:53',NULL,1),(95,'HN','HONDURAS','Honduras','HND',340,504,'hn','2019-04-03 09:29:36','2019-05-10 07:27:15',NULL,1),(96,'HK','HONG KONG','Hong Kong','HKG',344,852,'hk','2019-04-03 09:29:36','2019-05-17 12:48:01',NULL,1),(97,'HU','HUNGARY','Hungary','HUN',348,36,'hu','2019-04-03 09:29:36','2019-05-10 07:27:15',NULL,1),(98,'IS','ICELAND','Iceland','ISL',352,354,'is','2019-04-03 09:29:36','2019-05-10 07:27:15',NULL,1),(99,'IN','INDIA','India','IND',356,91,'in','2019-04-03 09:29:36','2019-05-10 15:20:11',NULL,1),(100,'ID','INDONESIA','Indonesia','IDN',360,62,'id','2019-04-03 09:29:36','2019-05-10 07:27:15',NULL,1),(101,'IR','IRAN, ISLAMIC REPUBLIC OF','Iran, Islamic Republic of','IRN',364,98,'ir','2019-04-03 09:29:36','2019-05-17 12:48:14',NULL,1),(102,'IQ','IRAQ','Iraq','IRQ',368,964,'iq','2019-04-03 09:29:36','2019-05-10 07:27:15',NULL,1),(103,'IE','IRELAND','Ireland','IRL',372,353,'ie','2019-04-03 09:29:36','2019-05-10 07:27:15',NULL,1),(104,'IT','ITALY','Italy','ITA',380,39,'it','2019-04-03 09:29:36','2019-05-10 07:27:15',NULL,1),(105,'JM','JAMAICA','Jamaica','JAM',388,1876,'jm','2019-04-03 09:29:36','2019-05-10 07:27:15',NULL,1),(106,'JP','JAPAN','Japan','JPN',392,81,'jp','2019-04-03 09:29:36','2019-05-10 07:27:15',NULL,1),(107,'JO','JORDAN','Jordan','JOR',400,962,'jo','2019-04-03 09:29:36','2019-05-10 07:27:15',NULL,1),(108,'KZ','KAZAKHSTAN','Kazakhstan','KAZ',398,7,'kz','2019-04-03 09:29:36','2019-05-10 07:27:15',NULL,1),(109,'KE','KENYA','Kenya','KEN',404,254,'ke','2019-04-03 09:29:36','2019-05-10 07:27:15',NULL,1),(110,'KI','KIRIBATI','Kiribati','KIR',296,686,'ki','2019-04-03 09:29:36','2019-05-10 07:27:15',NULL,1),(111,'KP','KOREA, DEMOCRATIC PEOPLE\'S REPUBLIC OF','Korea, Democratic People\'s Republic of','PRK',408,850,'kp','2019-04-03 09:29:36','2019-05-17 12:48:23',NULL,1),(112,'KR','KOREA, REPUBLIC OF','Korea, Republic of','KOR',410,82,'kr','2019-04-03 09:29:36','2019-05-17 12:48:30',NULL,1),(113,'KW','KUWAIT','Kuwait','KWT',414,965,'kw','2019-04-03 09:29:36','2019-05-10 07:27:15',NULL,1),(114,'KG','KYRGYZSTAN','Kyrgyzstan','KGZ',417,996,'kg','2019-04-03 09:29:36','2019-05-10 07:27:15',NULL,1),(115,'LA','LAO PEOPLE\'S DEMOCRATIC REPUBLIC','Lao People\'s Democratic Republic','LAO',418,856,'la','2019-04-03 09:29:36','2019-05-17 12:48:53',NULL,1),(116,'LV','LATVIA','Latvia','LVA',428,371,'lv','2019-04-03 09:29:36','2019-05-10 07:27:15',NULL,1),(117,'LB','LEBANON','Lebanon','LBN',422,961,'lb','2019-04-03 09:29:36','2019-05-10 07:27:15',NULL,1),(118,'LS','LESOTHO','Lesotho','LSO',426,266,'ls','2019-04-03 09:29:36','2019-05-10 07:27:15',NULL,1),(119,'LR','LIBERIA','Liberia','LBR',430,231,'lr','2019-04-03 09:29:36','2019-05-10 07:27:15',NULL,1),(120,'LY','LIBYAN ARAB JAMAHIRIYA','Libyan Arab Jamahiriya','LBY',434,218,'ly','2019-04-03 09:29:36','2019-05-17 12:49:02',NULL,1),(121,'LI','LIECHTENSTEIN','Liechtenstein','LIE',438,423,'li','2019-04-03 09:29:36','2019-05-10 07:27:15',NULL,1),(122,'LT','LITHUANIA','Lithuania','LTU',440,370,'lt','2019-04-03 09:29:36','2019-05-10 07:27:15',NULL,1),(123,'LU','LUXEMBOURG','Luxembourg','LUX',442,352,'lu','2019-04-03 09:29:36','2019-05-10 07:27:15',NULL,1),(124,'MO','MACAO','Macao','MAC',446,853,'mo','2019-04-03 09:29:36','2019-05-17 12:49:09',NULL,1),(125,'MK','MACEDONIA, THE FORMER YUGOSLAV REPUBLIC OF','Macedonia, the Former Yugoslav Republic of','MKD',807,389,'mk','2019-04-03 09:29:36','2019-05-17 12:49:16',NULL,1),(126,'MG','MADAGASCAR','Madagascar','MDG',450,261,'mg','2019-04-03 09:29:36','2019-05-10 07:27:15',NULL,1),(127,'MW','MALAWI','Malawi','MWI',454,265,'mw','2019-04-03 09:29:36','2019-05-10 07:27:15',NULL,1),(128,'MY','MALAYSIA','Malaysia','MYS',458,60,'my','2019-04-03 09:29:36','2019-05-10 07:27:15',NULL,1),(129,'MV','MALDIVES','Maldives','MDV',462,960,'mv','2019-04-03 09:29:36','2019-05-10 07:27:15',NULL,1),(130,'ML','MALI','Mali','MLI',466,223,'ml','2019-04-03 09:29:36','2019-05-10 07:27:15',NULL,1),(131,'MT','MALTA','Malta','MLT',470,356,'mt','2019-04-03 09:29:36','2019-05-10 07:27:15',NULL,1),(132,'MH','MARSHALL ISLANDS','Marshall Islands','MHL',584,692,'mh','2019-04-03 09:29:36','2019-05-10 07:27:15',NULL,1),(133,'MQ','MARTINIQUE','Martinique','MTQ',474,596,'mq','2019-04-03 09:29:36','2019-05-17 12:49:48',NULL,1),(134,'MR','MAURITANIA','Mauritania','MRT',478,222,'mr','2019-04-03 09:29:36','2019-05-10 07:27:15',NULL,1),(135,'MU','MAURITIUS','Mauritius','MUS',480,230,'mu','2019-04-03 09:29:36','2019-05-10 07:27:15',NULL,1),(136,'YT','MAYOTTE','Mayotte',NULL,NULL,269,'yt','2019-04-03 09:29:36','2019-05-17 13:02:22',NULL,1),(137,'MX','MEXICO','Mexico','MEX',484,52,'mx','2019-04-03 09:29:36','2019-05-10 07:27:15',NULL,1),(138,'FM','MICRONESIA, FEDERATED STATES OF','Micronesia, Federated States of','FSM',583,691,'fm','2019-04-03 09:29:36','2019-05-10 07:27:15',NULL,1),(139,'MD','MOLDOVA, REPUBLIC OF','Moldova, Republic of','MDA',498,373,'md','2019-04-03 09:29:36','2019-05-17 12:50:03',NULL,1),(140,'MC','MONACO','Monaco','MCO',492,377,'mc','2019-04-03 09:29:36','2019-05-10 07:27:15',NULL,1),(141,'MN','MONGOLIA','Mongolia','MNG',496,976,'mn','2019-04-03 09:29:36','2019-05-10 07:27:15',NULL,1),(142,'MS','MONTSERRAT','Montserrat','MSR',500,1664,'ms','2019-04-03 09:29:36','2019-05-17 12:50:13',NULL,1),(143,'MA','MOROCCO','Morocco','MAR',504,212,'ma','2019-04-03 09:29:36','2019-05-10 07:27:15',NULL,1),(144,'MZ','MOZAMBIQUE','Mozambique','MOZ',508,258,'mz','2019-04-03 09:29:36','2019-05-10 07:27:15',NULL,1),(145,'MM','MYANMAR','Myanmar','MMR',104,95,'mm','2019-04-03 09:29:36','2019-05-10 07:27:15',NULL,1),(146,'NA','NAMIBIA','Namibia','NAM',516,264,'na','2019-04-03 09:29:36','2019-05-10 07:27:15',NULL,1),(147,'NR','NAURU','Nauru','NRU',520,674,'nr','2019-04-03 09:29:36','2019-05-10 07:27:15',NULL,1),(148,'NP','NEPAL','Nepal','NPL',524,977,'np','2019-04-03 09:29:36','2019-05-10 07:27:15',NULL,1),(149,'NL','NETHERLANDS','Netherlands','NLD',528,31,'nl','2019-04-03 09:29:36','2019-05-10 07:27:15',NULL,1),(150,'AN','NETHERLANDS ANTILLES','Netherlands Antilles','ANT',530,599,'','2019-04-03 09:29:36','2019-05-17 12:50:23',NULL,1),(151,'NC','NEW CALEDONIA','New Caledonia','NCL',540,687,'nc','2019-04-03 09:29:36','2019-05-17 12:50:31',NULL,1),(152,'NZ','NEW ZEALAND','New Zealand','NZL',554,64,'nz','2019-04-03 09:29:36','2019-05-10 07:27:15',NULL,1),(153,'NI','NICARAGUA','Nicaragua','NIC',558,505,'ni','2019-04-03 09:29:36','2019-05-10 07:27:15',NULL,1),(154,'NE','NIGER','Niger','NER',562,227,'ne','2019-04-03 09:29:36','2019-05-10 07:27:15',NULL,1),(155,'NG','NIGERIA','Nigeria','NGA',566,234,'ng','2019-04-03 09:29:36','2019-05-10 07:27:15',NULL,1),(156,'NU','NIUE','Niue','NIU',570,683,'nu','2019-04-03 09:29:36','2019-05-17 12:51:14',NULL,1),(157,'NF','NORFOLK ISLAND','Norfolk Island','NFK',574,672,'nf','2019-04-03 09:29:36','2019-05-17 12:51:23',NULL,1),(158,'MP','NORTHERN MARIANA ISLANDS','Northern Mariana Islands','MNP',580,1670,'mp','2019-04-03 09:29:36','2019-05-17 12:51:33',NULL,1),(159,'NO','NORWAY','Norway','NOR',578,47,'no','2019-04-03 09:29:36','2019-05-10 07:27:15',NULL,1),(160,'OM','OMAN','Oman','OMN',512,968,'om','2019-04-03 09:29:36','2019-05-10 07:27:15',NULL,1),(161,'PK','PAKISTAN','Pakistan','PAK',586,92,'pk','2019-04-03 09:29:36','2019-05-10 07:27:15',NULL,1),(162,'PW','PALAU','Palau','PLW',585,680,'pw','2019-04-03 09:29:36','2019-05-10 07:27:15',NULL,1),(163,'PS','PALESTINIAN TERRITORY, OCCUPIED','Palestinian Territory, Occupied',NULL,NULL,970,'ps','2019-04-03 09:29:36','2019-05-17 12:51:44',NULL,1),(164,'PA','PANAMA','Panama','PAN',591,507,'pa','2019-04-03 09:29:36','2019-05-10 07:27:15',NULL,1),(165,'PG','PAPUA NEW GUINEA','Papua New Guinea','PNG',598,675,'pg','2019-04-03 09:29:36','2019-05-10 07:27:15',NULL,1),(166,'PY','PARAGUAY','Paraguay','PRY',600,595,'py','2019-04-03 09:29:36','2019-05-10 07:27:15',NULL,1),(167,'PE','PERU','Peru','PER',604,51,'pe','2019-04-03 09:29:36','2019-05-10 07:27:15',NULL,1),(168,'PH','PHILIPPINES','Philippines','PHL',608,63,'ph','2019-04-03 09:29:36','2019-05-10 07:27:15',NULL,1),(169,'PN','PITCAIRN','Pitcairn','PCN',612,0,'pn','2019-04-03 09:29:36','2019-05-17 12:51:55',NULL,1),(170,'PL','POLAND','Poland','POL',616,48,'pl','2019-04-03 09:29:36','2019-05-10 07:27:15',NULL,1),(171,'PT','PORTUGAL','Portugal','PRT',620,351,'pt','2019-04-03 09:29:36','2019-05-10 07:27:15',NULL,1),(172,'PR','PUERTO RICO','Puerto Rico','PRI',630,1787,'pr','2019-04-03 09:29:36','2019-05-10 07:27:15',NULL,1),(173,'QA','QATAR','Qatar','QAT',634,974,'qa','2019-04-03 09:29:36','2019-05-10 07:27:15',NULL,1),(174,'RE','REUNION','Reunion','REU',638,262,'re','2019-04-03 09:29:36','2019-05-17 12:52:08',NULL,1),(175,'RO','ROMANIA','Romania','ROM',642,40,'ro','2019-04-03 09:29:36','2019-05-10 07:27:15',NULL,1),(176,'RU','RUSSIAN FEDERATION','Russian Federation','RUS',643,70,'ru','2019-04-03 09:29:36','2019-05-17 12:52:24',NULL,1),(177,'RW','RWANDA','Rwanda','RWA',646,250,'rw','2019-04-03 09:29:36','2019-05-10 07:27:15',NULL,1),(178,'SH','SAINT HELENA','Saint Helena','SHN',654,290,'sh','2019-04-03 09:29:36','2019-05-17 12:52:34',NULL,1),(179,'KN','SAINT KITTS AND NEVIS','Saint Kitts and Nevis','KNA',659,1869,'kn','2019-04-03 09:29:36','2019-05-10 07:27:15',NULL,1),(180,'LC','SAINT LUCIA','Saint Lucia','LCA',662,1758,'lc','2019-04-03 09:29:36','2019-05-10 07:27:15',NULL,1),(181,'PM','SAINT PIERRE AND MIQUELON','Saint Pierre and Miquelon','SPM',666,508,'pm','2019-04-03 09:29:36','2019-05-17 12:52:41',NULL,1),(182,'VC','SAINT VINCENT AND THE GRENADINES','Saint Vincent and the Grenadines','VCT',670,1784,'vc','2019-04-03 09:29:36','2019-05-10 07:27:15',NULL,1),(183,'WS','SAMOA','Samoa','WSM',882,684,'ws','2019-04-03 09:29:36','2019-05-10 07:27:15',NULL,1),(184,'SM','SAN MARINO','San Marino','SMR',674,378,'sm','2019-04-03 09:29:36','2019-05-10 07:27:15',NULL,1),(185,'ST','SAO TOME AND PRINCIPE','Sao Tome and Principe','STP',678,239,'st','2019-04-03 09:29:36','2019-05-10 07:27:15',NULL,1),(186,'SA','SAUDI ARABIA','Saudi Arabia','SAU',682,966,'sa','2019-04-03 09:29:36','2019-05-10 07:27:15',NULL,1),(187,'SN','SENEGAL','Senegal','SEN',686,221,'sn','2019-04-03 09:29:36','2019-05-10 07:27:15',NULL,1),(188,'CS','SERBIA AND MONTENEGRO','Serbia and Montenegro',NULL,NULL,381,'','2019-04-03 09:29:36','2019-05-17 12:52:51',NULL,1),(189,'SC','SEYCHELLES','Seychelles','SYC',690,248,'sc','2019-04-03 09:29:36','2019-05-10 07:27:15',NULL,1),(190,'SL','SIERRA LEONE','Sierra Leone','SLE',694,232,'sl','2019-04-03 09:29:36','2019-05-10 07:27:15',NULL,1),(191,'SG','SINGAPORE','Singapore','SGP',702,65,'sg','2019-04-03 09:29:36','2019-05-10 07:27:15',NULL,1),(192,'SK','SLOVAKIA','Slovakia','SVK',703,421,'sk','2019-04-03 09:29:36','2019-05-10 07:27:15',NULL,1),(193,'SI','SLOVENIA','Slovenia','SVN',705,386,'si','2019-04-03 09:29:36','2019-05-10 07:27:15',NULL,1),(194,'SB','SOLOMON ISLANDS','Solomon Islands','SLB',90,677,'sb','2019-04-03 09:29:36','2019-05-10 07:27:15',NULL,1),(195,'SO','SOMALIA','Somalia','SOM',706,252,'so','2019-04-03 09:29:36','2019-05-10 07:27:15',NULL,1),(196,'ZA','SOUTH AFRICA','South Africa','ZAF',710,27,'za','2019-04-03 09:29:36','2019-05-10 07:27:15',NULL,1),(197,'GS','SOUTH GEORGIA AND THE SOUTH SANDWICH ISLANDS','South Georgia and the South Sandwich Islands',NULL,NULL,0,'gs','2019-04-03 09:29:36','2019-05-17 12:53:00',NULL,1),(198,'ES','SPAIN','Spain','ESP',724,34,'es','2019-04-03 09:29:36','2019-05-10 07:27:15',NULL,1),(199,'LK','SRI LANKA','Sri Lanka','LKA',144,94,'lk','2019-04-03 09:29:36','2019-05-10 07:27:15',NULL,1),(200,'SD','SUDAN','Sudan','SDN',736,249,'sd','2019-04-03 09:29:36','2019-05-10 07:27:15',NULL,1),(201,'SR','SURINAME','Suriname','SUR',740,597,'sr','2019-04-03 09:29:36','2019-05-10 07:27:15',NULL,1),(202,'SJ','SVALBARD AND JAN MAYEN','Svalbard and Jan Mayen','SJM',744,47,'sj','2019-04-03 09:29:36','2019-05-17 12:53:25',NULL,1),(203,'SZ','SWAZILAND','Swaziland','SWZ',748,268,'sz','2019-04-03 09:29:36','2019-05-10 07:27:15',NULL,1),(204,'SE','SWEDEN','Sweden','SWE',752,46,'se','2019-04-03 09:29:36','2019-05-10 07:27:15',NULL,1),(205,'CH','SWITZERLAND','Switzerland','CHE',756,41,'ch','2019-04-03 09:29:36','2019-05-10 07:27:15',NULL,1),(206,'SY','SYRIAN ARAB REPUBLIC','Syrian Arab Republic','SYR',760,963,'sy','2019-04-03 09:29:36','2019-05-17 12:53:35',NULL,1),(207,'TW','TAIWAN, PROVINCE OF CHINA','Taiwan, Province of China','TWN',158,886,'tw','2019-04-03 09:29:36','2019-05-17 12:53:42',NULL,1),(208,'TJ','TAJIKISTAN','Tajikistan','TJK',762,992,'tj','2019-04-03 09:29:36','2019-05-10 07:27:15',NULL,1),(209,'TZ','TANZANIA, UNITED REPUBLIC OF','Tanzania, United Republic of','TZA',834,255,'tz','2019-04-03 09:29:36','2019-05-17 12:53:51',NULL,1),(210,'TH','THAILAND','Thailand','THA',764,66,'th','2019-04-03 09:29:36','2019-05-10 07:27:15',NULL,1),(211,'TL','TIMOR-LESTE','Timor-Leste',NULL,NULL,670,'tl','2019-04-03 09:29:36','2019-05-17 12:54:01',NULL,1),(212,'TG','TOGO','Togo','TGO',768,228,'tg','2019-04-03 09:29:36','2019-05-10 07:27:15',NULL,1),(213,'TK','TOKELAU','Tokelau','TKL',772,690,'tk','2019-04-03 09:29:36','2019-05-17 12:54:18',NULL,1),(214,'TO','TONGA','Tonga','TON',776,676,'to','2019-04-03 09:29:36','2019-05-10 07:27:15',NULL,1),(215,'TT','TRINIDAD AND TOBAGO','Trinidad and Tobago','TTO',780,1868,'tt','2019-04-03 09:29:36','2019-05-10 07:27:15',NULL,1),(216,'TN','TUNISIA','Tunisia','TUN',788,216,'tn','2019-04-03 09:29:36','2019-05-10 07:27:15',NULL,1),(217,'TR','TURKEY','Turkey','TUR',792,90,'tr','2019-04-03 09:29:36','2019-05-10 07:27:15',NULL,1),(218,'TM','TURKMENISTAN','Turkmenistan','TKM',795,7370,'tm','2019-04-03 09:29:36','2019-05-10 07:27:15',NULL,1),(219,'TC','TURKS AND CAICOS ISLANDS','Turks and Caicos Islands','TCA',796,1649,'tc','2019-04-03 09:29:36','2019-05-17 12:54:26',NULL,1),(220,'TV','TUVALU','Tuvalu','TUV',798,688,'tv','2019-04-03 09:29:36','2019-05-10 07:27:15',NULL,1),(221,'UG','UGANDA','Uganda','UGA',800,256,'ug','2019-04-03 09:29:36','2019-05-10 07:27:15',NULL,1),(222,'UA','UKRAINE','Ukraine','UKR',804,380,'ua','2019-04-03 09:29:36','2019-05-10 07:27:15',NULL,1),(223,'AE','UNITED ARAB EMIRATES','United Arab Emirates','ARE',784,971,'ae','2019-04-03 09:29:36','2019-05-10 07:27:15',NULL,1),(224,'GB','UNITED KINGDOM','United Kingdom','GBR',826,44,'gb','2019-04-03 09:29:36','2019-05-17 12:54:34',NULL,1),(225,'US','UNITED STATES','United States','USA',840,1,'us','2019-04-03 09:29:36','2019-05-10 07:27:15',NULL,1),(226,'UM','UNITED STATES MINOR OUTLYING ISLANDS','United States Minor Outlying Islands',NULL,NULL,1,'um','2019-04-03 09:29:36','2019-05-17 12:54:44',NULL,1),(227,'UY','URUGUAY','Uruguay','URY',858,598,'uy','2019-04-03 09:29:36','2019-05-10 07:27:15',NULL,1),(228,'UZ','UZBEKISTAN','Uzbekistan','UZB',860,998,'uz','2019-04-03 09:29:36','2019-05-10 07:27:15',NULL,1),(229,'VU','VANUATU','Vanuatu','VUT',548,678,'vu','2019-04-03 09:29:36','2019-05-10 07:27:15',NULL,1),(230,'VE','VENEZUELA','Venezuela','VEN',862,58,'ve','2019-04-03 09:29:36','2019-05-10 07:27:15',NULL,1),(231,'VN','VIET NAM','Viet Nam','VNM',704,84,'vn','2019-04-03 09:29:36','2019-05-10 07:41:33',NULL,1),(232,'VG','VIRGIN ISLANDS, BRITISH','Virgin Islands, British','VGB',92,1284,'vg','2019-04-03 09:29:36','2019-05-17 12:55:00',NULL,1),(233,'VI','VIRGIN ISLANDS, U.S.','Virgin Islands, U.s.','VIR',850,1340,'vi','2019-04-03 09:29:36','2019-05-17 12:55:11',NULL,1),(234,'WF','WALLIS AND FUTUNA','Wallis and Futuna','WLF',876,681,'wf','2019-04-03 09:29:36','2019-05-17 12:55:17',NULL,1),(235,'EH','WESTERN SAHARA','Western Sahara','ESH',732,212,'eh','2019-04-03 09:29:36','2019-05-10 07:27:15',NULL,1),(236,'YE','YEMEN','Yemen','YEM',887,967,'ye','2019-04-03 09:29:36','2019-05-10 07:27:15',NULL,1),(237,'ZM','ZAMBIA','Zambia','ZMB',894,260,'zm','2019-04-03 09:29:36','2019-05-10 07:27:15',NULL,1),(238,'ZW','ZIMBABWE','Zimbabwe','ZWE',716,263,'zw','2019-04-03 09:29:36','2019-05-10 07:27:15',NULL,1);

--
-- Table structure for table `fa_icons`
--

CREATE TABLE `fa_icons` (
  `id` int(11) NOT NULL AUTO_INCREMENT,
  `icon` varchar(35) NOT NULL,
  PRIMARY KEY (`id`)
) ENGINE=InnoDB AUTO_INCREMENT=594 DEFAULT CHARSET=utf8;

--
-- Dumping data for table `fa_icons`
--

INSERT INTO `fa_icons` VALUES (1,'fa-glass'),(2,'fa-music'),(3,'fa-search'),(4,'fa-envelope-o'),(5,'fa-heart'),(6,'fa-star'),(7,'fa-star-o'),(8,'fa-user'),(9,'fa-film'),(10,'fa-th-large'),(11,'fa-th'),(12,'fa-th-list'),(13,'fa-check'),(14,'fa-remove'),(15,'fa-close'),(16,'fa-times'),(17,'fa-search-plus'),(18,'fa-search-minus'),(19,'fa-power-off'),(20,'fa-signal'),(21,'fa-gear'),(22,'fa-cog'),(23,'fa-trash-o'),(24,'fa-home'),(25,'fa-file-o'),(26,'fa-clock-o'),(27,'fa-road'),(28,'fa-download'),(29,'fa-arrow-circle-o-down'),(30,'fa-arrow-circle-o-up'),(31,'fa-inbox'),(32,'fa-play-circle-o'),(33,'fa-rotate-right'),(34,'fa-repeat'),(35,'fa-refresh'),(36,'fa-list-alt'),(37,'fa-lock'),(38,'fa-flag'),(39,'fa-headphones'),(40,'fa-volume-off'),(41,'fa-volume-down'),(42,'fa-volume-up'),(43,'fa-qrcode'),(44,'fa-barcode'),(45,'fa-tag'),(46,'fa-tags'),(47,'fa-book'),(48,'fa-bookmark'),(49,'fa-print f'),(50,'fa-camera'),(51,'fa-font'),(52,'fa-bold'),(53,'fa-italic'),(54,'fa-text-height'),(55,'fa-text-width'),(56,'fa-align-left'),(57,'fa-align-center'),(58,'fa-align-right'),(59,'fa-align-justify'),(60,'fa-list'),(61,'fa-dedent'),(62,'fa-outdent'),(63,'fa-indent'),(64,'fa-video-camera'),(65,'fa-photo'),(66,'fa-image'),(67,'fa-picture-o'),(68,'fa-pencil'),(69,'fa-map-marker'),(70,'fa-adjust'),(71,'fa-tint'),(72,'fa-edit'),(73,'fa-pencil-square-o'),(74,'fa-share-square-o'),(75,'fa-check-square-o'),(76,'fa-arrows'),(77,'fa-step-backward'),(78,'fa-fast-backward'),(79,'fa-backward'),(80,'fa-play'),(81,'fa-pause'),(82,'fa-stop'),(83,'fa-forward'),(84,'fa-fast-forward'),(85,'fa-step-forward'),(86,'fa-eject'),(87,'fa-chevron-left'),(88,'fa-chevron-right'),(89,'fa-plus-circle'),(90,'fa-minus-circle'),(91,'fa-times-circle'),(92,'fa-check-circle'),(93,'fa-question-circle'),(94,'fa-info-circle'),(95,'fa-crosshairs'),(96,'fa-times-circle-o'),(97,'fa-check-circle-o'),(98,'fa-ban'),(99,'fa-arrow-left'),(100,'fa-arrow-right'),(101,'fa-arrow-up'),(102,'fa-arrow-down'),(103,'fa-mail-forward'),(104,'fa-share'),(105,'fa-expand'),(106,'fa-compress'),(107,'fa-plus'),(108,'fa-minus'),(109,'fa-asterisk'),(110,'fa-exclamation-circle'),(111,'fa-gift'),(112,'fa-leaf'),(113,'fa-fire'),(114,'fa-eye'),(115,'fa-eye-slash'),(116,'fa-warning'),(117,'fa-exclamation-triangle'),(118,'fa-plane'),(119,'fa-calendar'),(120,'fa-random'),(121,'fa-comment'),(122,'fa-magnet'),(123,'fa-chevron-up'),(124,'fa-chevron-down'),(125,'fa-retweet'),(126,'fa-shopping-cart'),(127,'fa-folder'),(128,'fa-folder-open'),(129,'fa-arrows-v'),(130,'fa-arrows-h'),(131,'fa-bar-chart-o'),(132,'fa-bar-chart'),(133,'fa-twitter-square'),(134,'fa-facebook-square'),(135,'fa-camera-retro'),(136,'fa-key'),(137,'fa-gears'),(138,'fa-cogs'),(139,'fa-comments'),(140,'fa-thumbs-o-up'),(141,'fa-thumbs-o-down'),(142,'fa-star-half'),(143,'fa-heart-o'),(144,'fa-sign-out'),(145,'fa-linkedin-square'),(146,'fa-thumb-tack'),(147,'fa-external-link'),(148,'fa-sign-in'),(149,'fa-trophy'),(150,'fa-github-square'),(151,'fa-upload'),(152,'fa-lemon-o'),(153,'fa-phone'),(154,'fa-square-o'),(155,'fa-bookmark-o'),(156,'fa-phone-square'),(157,'fa-twitter'),(158,'fa-facebook-f'),(159,'fa-facebook'),(160,'fa-github'),(161,'fa-unlock'),(162,'fa-credit-card'),(163,'fa-rss'),(164,'fa-hdd-o'),(165,'fa-bullhorn'),(166,'fa-bell'),(167,'fa-certificate'),(168,'fa-hand-o-right'),(169,'fa-hand-o-left'),(170,'fa-hand-o-up'),(171,'fa-hand-o-down'),(172,'fa-arrow-circle-left'),(173,'fa-arrow-circle-right'),(174,'fa-arrow-circle-up'),(175,'fa-arrow-circle-down'),(176,'fa-globe'),(177,'fa-wrench'),(178,'fa-tasks'),(179,'fa-filter'),(180,'fa-briefcase'),(181,'fa-arrows-alt'),(182,'fa-group'),(183,'fa-users'),(184,'fa-chain'),(185,'fa-link'),(186,'fa-cloud'),(187,'fa-flask'),(188,'fa-cut'),(189,'fa-scissors'),(190,'fa-copy'),(191,'fa-files-o'),(192,'fa-paperclip'),(193,'fa-save'),(194,'fa-floppy-o'),(195,'fa-square'),(196,'fa-navicon'),(197,'fa-reorder'),(198,'fa-bars'),(199,'fa-list-ul'),(200,'fa-list-ol'),(201,'fa-strikethrough'),(202,'fa-underline'),(203,'fa-table'),(204,'fa-magic'),(205,'fa-truck'),(206,'fa-pinterest'),(207,'fa-pinterest-square'),(208,'fa-google-plus-square'),(209,'fa-google-plus'),(210,'fa-money'),(211,'fa-caret-down'),(212,'fa-caret-up'),(213,'fa-caret-left'),(214,'fa-caret-right'),(215,'fa-columns'),(216,'fa-unsorted'),(217,'fa-sort'),(218,'fa-sort-down'),(219,'fa-sort-desc'),(220,'fa-sort-up'),(221,'fa-sort-asc'),(222,'fa-envelope'),(223,'fa-linkedin'),(224,'fa-rotate-left'),(225,'fa-undo'),(226,'fa-legal'),(227,'fa-gavel'),(228,'fa-dashboard'),(229,'fa-tachometer'),(230,'fa-comment-o'),(231,'fa-comments-o'),(232,'fa-flash'),(233,'fa-bolt'),(234,'fa-sitemap'),(235,'fa-umbrella'),(236,'fa-paste'),(237,'fa-clipboard'),(238,'fa-lightbulb-o'),(239,'fa-exchange'),(240,'fa-cloud-download'),(241,'fa-cloud-upload'),(242,'fa-user-md'),(243,'fa-stethoscope'),(244,'fa-suitcase'),(245,'fa-bell-o'),(246,'fa-coffee'),(247,'fa-cutlery'),(248,'fa-file-text-o'),(249,'fa-building-o'),(250,'fa-hospital-o'),(251,'fa-ambulance'),(252,'fa-medkit'),(253,'fa-fighter-jet'),(254,'fa-beer'),(255,'fa-h-square'),(256,'fa-plus-square'),(257,'fa-angle-double-left'),(258,'fa-angle-double-right'),(259,'fa-angle-double-up'),(260,'fa-angle-double-down'),(261,'fa-angle-left'),(262,'fa-angle-right'),(263,'fa-angle-up'),(264,'fa-angle-down'),(265,'fa-desktop'),(266,'fa-laptop'),(267,'fa-tablet'),(268,'fa-mobile-phone'),(269,'fa-mobile'),(270,'fa-circle-o'),(271,'fa-quote-left'),(272,'fa-quote-right'),(273,'fa-spinner'),(274,'fa-circle'),(275,'fa-mail-reply'),(276,'fa-reply'),(277,'fa-github-alt'),(278,'fa-folder-o'),(279,'fa-folder-open-o'),(280,'fa-smile-o'),(281,'fa-frown-o'),(282,'fa-meh-o'),(283,'fa-gamepad'),(284,'fa-keyboard-o'),(285,'fa-flag-o'),(286,'fa-flag-checkered'),(287,'fa-terminal'),(288,'fa-code'),(289,'fa-mail-reply-all'),(290,'fa-reply-all'),(291,'fa-star-half-empty'),(292,'fa-star-half-full'),(293,'fa-star-half-o'),(294,'fa-location-arrow'),(295,'fa-crop'),(296,'fa-code-fork'),(297,'fa-unlink'),(298,'fa-chain-broken'),(299,'fa-question'),(300,'fa-info'),(301,'fa-exclamation'),(302,'fa-superscript'),(303,'fa-subscript'),(304,'fa-eraser'),(305,'fa-puzzle-piece'),(306,'fa-microphone'),(307,'fa-microphone-slash'),(308,'fa-shield'),(309,'fa-calendar-o'),(310,'fa-fire-extinguisher'),(311,'fa-rocket'),(312,'fa-maxcdn'),(313,'fa-chevron-circle-left'),(314,'fa-chevron-circle-right'),(315,'fa-chevron-circle-up'),(316,'fa-chevron-circle-down'),(317,'fa-html5'),(318,'fa-css3'),(319,'fa-anchor'),(320,'fa-unlock-alt'),(321,'fa-bullseye'),(322,'fa-ellipsis-h'),(323,'fa-ellipsis-v'),(324,'fa-rss-square'),(325,'fa-play-circle'),(326,'fa-ticket'),(327,'fa-minus-square'),(328,'fa-minus-square-o'),(329,'fa-level-up'),(330,'fa-level-down'),(331,'fa-check-square'),(332,'fa-pencil-square'),(333,'fa-external-link-square'),(334,'fa-share-square'),(335,'fa-compass'),(336,'fa-toggle-down'),(337,'fa-caret-square-o-down'),(338,'fa-toggle-up'),(339,'fa-caret-square-o-up'),(340,'fa-toggle-right'),(341,'fa-caret-square-o-right'),(342,'fa-euro'),(343,'fa-eur'),(344,'fa-gbp'),(345,'fa-dollar'),(346,'fa-usd'),(347,'fa-rupee'),(348,'fa-inr'),(349,'fa-cny'),(350,'fa-rmb'),(351,'fa-yen'),(352,'fa-jpy'),(353,'fa-ruble'),(354,'fa-rouble'),(355,'fa-rub'),(356,'fa-won'),(357,'fa-krw'),(358,'fa-bitcoin'),(359,'fa-btc'),(360,'fa-file'),(361,'fa-file-text'),(362,'fa-sort-alpha-asc'),(363,'fa-sort-alpha-desc'),(364,'fa-sort-amount-asc'),(365,'fa-sort-amount-desc'),(366,'fa-sort-numeric-asc'),(367,'fa-sort-numeric-desc'),(368,'fa-thumbs-up'),(369,'fa-thumbs-down'),(370,'fa-youtube-square'),(371,'fa-youtube'),(372,'fa-xing'),(373,'fa-xing-square'),(374,'fa-youtube-play'),(375,'fa-dropbox'),(376,'fa-stack-overflow'),(377,'fa-instagram'),(378,'fa-flickr'),(379,'fa-adn'),(380,'fa-bitbucket'),(381,'fa-bitbucket-square'),(382,'fa-tumblr'),(383,'fa-tumblr-square'),(384,'fa-long-arrow-down'),(385,'fa-long-arrow-up'),(386,'fa-long-arrow-left'),(387,'fa-long-arrow-right'),(388,'fa-apple'),(389,'fa-windows'),(390,'fa-android'),(391,'fa-linux'),(392,'fa-dribbble'),(393,'fa-skype'),(394,'fa-foursquare'),(395,'fa-trello'),(396,'fa-female'),(397,'fa-male'),(398,'fa-gittip'),(399,'fa-gratipay'),(400,'fa-sun-o'),(401,'fa-moon-o'),(402,'fa-archive'),(403,'fa-bug'),(404,'fa-vk'),(405,'fa-weibo'),(406,'fa-renren'),(407,'fa-pagelines'),(408,'fa-stack-exchange'),(409,'fa-arrow-circle-o-right'),(410,'fa-arrow-circle-o-left'),(411,'fa-toggle-left'),(412,'fa-caret-square-o-left'),(413,'fa-dot-circle-o'),(414,'fa-wheelchair'),(415,'fa-vimeo-square'),(416,'fa-turkish-lira'),(417,'fa-try'),(418,'fa-plus-square-o'),(419,'fa-space-shuttle'),(420,'fa-slack'),(421,'fa-envelope-square'),(422,'fa-wordpress'),(423,'fa-openid'),(424,'fa-institution'),(425,'fa-bank'),(426,'fa-university'),(427,'fa-mortar-board'),(428,'fa-graduation-cap'),(429,'fa-yahoo'),(430,'fa-google'),(431,'fa-reddit'),(432,'fa-reddit-square'),(433,'fa-stumbleupon-circle'),(434,'fa-stumbleupon'),(435,'fa-delicious'),(436,'fa-digg'),(437,'fa-pied-piper'),(438,'fa-pied-piper-alt'),(439,'fa-drupal'),(440,'fa-joomla'),(441,'fa-language'),(442,'fa-fax'),(443,'fa-building'),(444,'fa-child'),(445,'fa-paw'),(446,'fa-spoon'),(447,'fa-cube'),(448,'fa-cubes'),(449,'fa-behance'),(450,'fa-behance-square'),(451,'fa-steam'),(452,'fa-steam-square'),(453,'fa-recycle'),(454,'fa-automobile'),(455,'fa-car'),(456,'fa-cab'),(457,'fa-taxi'),(458,'fa-tree'),(459,'fa-spotify'),(460,'fa-deviantart'),(461,'fa-soundcloud'),(462,'fa-database'),(463,'fa-file-pdf-o'),(464,'fa-file-word-o'),(465,'fa-file-excel-o'),(466,'fa-file-powerpoint-o'),(467,'fa-file-photo-o'),(468,'fa-file-picture-o'),(469,'fa-file-image-o'),(470,'fa-file-zip-o'),(471,'fa-file-archive-o'),(472,'fa-file-sound-o'),(473,'fa-file-audio-o'),(474,'fa-file-movie-o'),(475,'fa-file-video-o'),(476,'fa-file-code-o'),(477,'fa-vine'),(478,'fa-codepen'),(479,'fa-jsfiddle'),(480,'fa-life-bouy'),(481,'fa-life-buoy'),(482,'fa-life-saver'),(483,'fa-support'),(484,'fa-life-ring'),(485,'fa-circle-o-notch'),(486,'fa-ra'),(487,'fa-rebel'),(488,'fa-ge'),(489,'fa-empire'),(490,'fa-git-square'),(491,'fa-git'),(492,'fa-hacker-news'),(493,'fa-tencent-weibo'),(494,'fa-qq'),(495,'fa-wechat'),(496,'fa-weixin'),(497,'fa-send'),(498,'fa-paper-plane'),(499,'fa-send-o'),(500,'fa-paper-plane-o'),(501,'fa-history'),(502,'fa-genderless'),(503,'fa-circle-thin'),(504,'fa-header'),(505,'fa-paragraph'),(506,'fa-sliders'),(507,'fa-share-alt'),(508,'fa-share-alt-square'),(509,'fa-bomb'),(510,'fa-soccer-ball-o'),(511,'fa-futbol-o'),(512,'fa-tty'),(513,'fa-binoculars'),(514,'fa-plug'),(515,'fa-slideshare'),(516,'fa-twitch'),(517,'fa-yelp'),(518,'fa-newspaper-o'),(519,'fa-wifi'),(520,'fa-calculator'),(521,'fa-paypal'),(522,'fa-google-wallet'),(523,'fa-cc-visa'),(524,'fa-cc-mastercard'),(525,'fa-cc-discover'),(526,'fa-cc-amex'),(527,'fa-cc-paypal'),(528,'fa-cc-stripe'),(529,'fa-bell-slash'),(530,'fa-bell-slash-o'),(531,'fa-trash'),(532,'fa-copyright'),(533,'fa-at'),(534,'fa-eyedropper'),(535,'fa-paint-brush'),(536,'fa-birthday-cake'),(537,'fa-area-chart'),(538,'fa-pie-chart'),(539,'fa-line-chart'),(540,'fa-lastfm'),(541,'fa-lastfm-square'),(542,'fa-toggle-off'),(543,'fa-toggle-on'),(544,'fa-bicycle'),(545,'fa-bus'),(546,'fa-ioxhost'),(547,'fa-angellist'),(548,'fa-cc za'),(549,'fa-shekel'),(550,'fa-sheqel'),(551,'fa-ils'),(552,'fa-meanpath'),(553,'fa-buysellads'),(554,'fa-connectdevelop'),(555,'fa-dashcube'),(556,'fa-forumbee'),(557,'fa-leanpub'),(558,'fa-sellsy'),(559,'fa-shirtsinbulk'),(560,'fa-simplybuilt'),(561,'fa-skyatlas'),(562,'fa-cart-plus'),(563,'fa-cart-arrow-down'),(564,'fa-diamond'),(565,'fa-ship'),(566,'fa-user-secret'),(567,'fa-motorcycle'),(568,'fa-street-view'),(569,'fa-heartbeat'),(570,'fa-venus'),(571,'fa-mars'),(572,'fa-mercury'),(573,'fa-transgender'),(574,'fa-transgender-alt'),(575,'fa-venus-double'),(576,'fa-mars-double'),(577,'fa-venus-mars'),(578,'fa-mars-stroke'),(579,'fa-mars-stroke-v'),(580,'fa-mars-stroke-h'),(581,'fa-neuter'),(582,'fa-facebook-official'),(583,'fa-pinterest-p'),(584,'fa-whatsapp'),(585,'fa-server'),(586,'fa-user-plus'),(587,'fa-user-times'),(588,'fa-hotel'),(589,'fa-bed'),(590,'fa-viacoin'),(591,'fa-train'),(592,'fa-subway'),(593,'fa-medium');

--
-- Table structure for table `genders`
--

CREATE TABLE `genders` (
  `id` int(11) NOT NULL AUTO_INCREMENT,
  `title` text NOT NULL,
  `created_at` timestamp NULL DEFAULT CURRENT_TIMESTAMP,
  `updated_at` timestamp NULL DEFAULT CURRENT_TIMESTAMP ON UPDATE CURRENT_TIMESTAMP,
  `deleted_at` timestamp NULL DEFAULT NULL,
  `is_active` tinyint(4) DEFAULT '1',
  `added_by` int(11) unsigned NOT NULL,
  `updated_by` int(11) unsigned DEFAULT NULL,
  `company_id` int(11) unsigned NOT NULL,
  PRIMARY KEY (`id`),
  KEY `fk_genders_companies1_idx` (`company_id`),
  KEY `fk_genders_users1_idx` (`added_by`),
  KEY `fk_genders_users2_idx` (`updated_by`),
  CONSTRAINT `fk_genders_companies1` FOREIGN KEY (`company_id`) REFERENCES `companies` (`id`) ON DELETE NO ACTION ON UPDATE NO ACTION,
  CONSTRAINT `fk_genders_users1` FOREIGN KEY (`added_by`) REFERENCES `users` (`id`) ON DELETE NO ACTION ON UPDATE NO ACTION,
  CONSTRAINT `fk_genders_users2` FOREIGN KEY (`updated_by`) REFERENCES `users` (`id`) ON DELETE NO ACTION ON UPDATE NO ACTION
) ENGINE=InnoDB AUTO_INCREMENT=9 DEFAULT CHARSET=utf8;

--
-- Dumping data for table `genders`
--

INSERT INTO `genders` VALUES (1,'{\"ar\":\"انثى\",\"en\":\"female\"}','2019-04-16 06:47:56','2019-05-08 12:33:51',NULL,1,2,2,4),(2,'{\"ar\":\"ذكر\",\"en\":\"male\"}','2019-04-16 06:48:09','2019-05-08 10:07:06',NULL,1,2,2,4),(5,'{\"en\":\"male\",\"in\":null}','2019-05-13 10:22:24','2019-05-13 10:22:24',NULL,1,2,NULL,3),(6,'{\"en\":\"female\",\"in\":null}','2019-05-13 10:22:28','2019-05-13 10:22:28',NULL,1,2,NULL,3),(7,'{\"en\":\"Male\"}','2019-05-13 10:22:24','2019-09-25 11:14:27',NULL,1,2,62,5),(8,'{\"en\":\"Female\"}','2019-05-13 10:22:28','2019-09-25 11:14:31',NULL,1,2,62,5);

--
-- Table structure for table `get_in_touch`
--

CREATE TABLE `get_in_touch` (
  `id` int(10) unsigned NOT NULL AUTO_INCREMENT,
  `name` varchar(191) COLLATE utf8mb4_unicode_ci DEFAULT NULL,
  `email` varchar(191) COLLATE utf8mb4_unicode_ci DEFAULT NULL,
  `phone` varchar(191) COLLATE utf8mb4_unicode_ci DEFAULT NULL,
  `message` text COLLATE utf8mb4_unicode_ci,
  `is_active` tinyint(1) DEFAULT '1',
  `company_id` int(10) unsigned NOT NULL,
  `added_by` int(10) unsigned DEFAULT NULL,
  `updated_by` int(10) unsigned DEFAULT NULL,
  `created_at` timestamp NULL DEFAULT NULL,
  `updated_at` timestamp NULL DEFAULT NULL,
  `deleted_at` timestamp NULL DEFAULT NULL,
  PRIMARY KEY (`id`),
  UNIQUE KEY `get_in_touch_email_unique` (`email`),
  KEY `fk_get_in_touch_companies_company_id` (`company_id`),
  KEY `fk_get_in_touch_users_added_by` (`added_by`),
  KEY `fk_get_in_touch_users_updated_by` (`updated_by`),
  CONSTRAINT `fk_get_in_touch_companies_company_id` FOREIGN KEY (`company_id`) REFERENCES `companies` (`id`) ON DELETE NO ACTION ON UPDATE NO ACTION,
  CONSTRAINT `fk_get_in_touch_users_added_by` FOREIGN KEY (`added_by`) REFERENCES `users` (`id`) ON DELETE NO ACTION ON UPDATE NO ACTION,
  CONSTRAINT `fk_get_in_touch_users_updated_by` FOREIGN KEY (`updated_by`) REFERENCES `users` (`id`) ON DELETE NO ACTION ON UPDATE NO ACTION
) ENGINE=InnoDB DEFAULT CHARSET=utf8mb4 COLLATE=utf8mb4_unicode_ci;

--
-- Dumping data for table `get_in_touch`
--


--
-- Table structure for table `installments`
--

CREATE TABLE `installments` (
  `id` int(10) unsigned NOT NULL AUTO_INCREMENT,
  `payment_status_id` int(10) unsigned NOT NULL,
  `due_date` date DEFAULT NULL,
  `amount` decimal(10,2) NOT NULL,
  `net_amount` decimal(10,2) NOT NULL,
  `currency` varchar(191) COLLATE utf8mb4_unicode_ci DEFAULT NULL,
  `user_id` int(10) unsigned NOT NULL,
  `order_id` int(10) unsigned NOT NULL,
  `order_type` varchar(191) COLLATE utf8mb4_unicode_ci NOT NULL,
  `added_by` int(10) unsigned DEFAULT NULL,
  `updated_by` int(10) unsigned DEFAULT NULL,
  `company_id` int(10) unsigned NOT NULL,
  `created_at` timestamp NULL DEFAULT NULL,
  `updated_at` timestamp NULL DEFAULT NULL,
  `deleted_at` timestamp NULL DEFAULT NULL,
  PRIMARY KEY (`id`),
  KEY `fk_settlement_schedules_users_user_id` (`user_id`),
  KEY `fk_settlement_schedules_users_added_by` (`added_by`),
  KEY `fk_settlement_schedules_companies_company_id` (`company_id`),
  KEY `fk_settlement_schedules_users_updated_by` (`updated_by`),
  KEY `fk_invoices_orders_order_id` (`order_id`),
  KEY `fk_payment_statuses_installments_payment_status_id` (`payment_status_id`),
  CONSTRAINT `fk_payment_statuses_installments_payment_status_id` FOREIGN KEY (`payment_status_id`) REFERENCES `payment_statuses` (`id`) ON DELETE NO ACTION ON UPDATE NO ACTION,
  CONSTRAINT `fk_settlement_schedules_companies_company_id` FOREIGN KEY (`company_id`) REFERENCES `companies` (`id`) ON DELETE NO ACTION ON UPDATE NO ACTION,
  CONSTRAINT `fk_settlement_schedules_users_added_by` FOREIGN KEY (`added_by`) REFERENCES `users` (`id`) ON DELETE NO ACTION ON UPDATE NO ACTION,
  CONSTRAINT `fk_settlement_schedules_users_updated_by` FOREIGN KEY (`updated_by`) REFERENCES `users` (`id`) ON DELETE NO ACTION ON UPDATE NO ACTION,
  CONSTRAINT `fk_settlement_schedules_users_user_id` FOREIGN KEY (`user_id`) REFERENCES `users` (`id`) ON DELETE NO ACTION ON UPDATE NO ACTION
) ENGINE=InnoDB AUTO_INCREMENT=28 DEFAULT CHARSET=utf8mb4 COLLATE=utf8mb4_unicode_ci;

--
-- Dumping data for table `installments`
--

INSERT INTO `installments` VALUES (1,1,'2019-07-05',22.50,18.00,'usd',42,4,'App\\Models\\Order',NULL,NULL,5,'2019-07-05 14:15:26','2019-07-05 14:15:26',NULL),(2,1,'2019-07-05',22.50,18.00,'usd',42,5,'App\\Models\\Order',NULL,NULL,5,'2019-07-05 14:15:29','2019-07-05 14:15:29',NULL),(3,1,'2019-07-05',22.50,18.00,'usd',42,6,'App\\Models\\Order',NULL,NULL,5,'2019-07-05 14:19:03','2019-07-05 14:19:03',NULL),(4,1,'2019-07-05',22.50,18.00,'usd',42,6,'App\\Models\\Order',NULL,NULL,5,'2019-07-05 14:19:04','2019-07-05 14:19:04',NULL),(5,1,'2019-07-05',22.50,18.00,'usd',42,6,'App\\Models\\Order',NULL,NULL,5,'2019-07-05 14:19:08','2019-07-05 14:19:08',NULL),(6,1,'2019-07-05',22.50,18.00,'usd',42,6,'App\\Models\\Order',NULL,NULL,5,'2019-07-05 14:19:09','2019-07-05 14:19:09',NULL),(7,1,'2019-07-05',22.50,18.00,'usd',42,6,'App\\Models\\Order',NULL,NULL,5,'2019-07-05 14:19:19','2019-07-05 14:19:19',NULL),(8,1,'2019-07-05',22.50,18.00,'usd',42,6,'App\\Models\\Order',NULL,NULL,5,'2019-07-05 14:39:44','2019-07-05 14:39:44',NULL),(9,2,'2019-07-05',63.00,36.00,'usd',42,7,'App\\Models\\Order',NULL,NULL,5,'2019-07-05 14:40:35','2019-07-05 14:43:05',NULL),(10,1,'2019-07-05',13.20,12.00,'usd',42,8,'App\\Models\\Order',NULL,NULL,5,'2019-07-05 12:00:09','2019-07-05 12:00:09',NULL),(11,1,'2019-07-05',17.50,10.00,'usd',42,9,'App\\Models\\Order',NULL,NULL,5,'2019-07-05 12:40:13','2019-07-05 12:40:13',NULL),(12,1,'2019-07-05',17.50,10.00,'usd',42,9,'App\\Models\\Order',NULL,NULL,5,'2019-07-05 12:40:14','2019-07-05 12:40:14',NULL),(13,1,'2019-07-05',17.50,10.00,'usd',42,9,'App\\Models\\Order',NULL,NULL,5,'2019-07-05 12:40:17','2019-07-05 12:40:17',NULL),(14,1,'2019-07-05',17.50,10.00,'usd',42,9,'App\\Models\\Order',NULL,NULL,5,'2019-07-05 12:40:28','2019-07-05 12:40:28',NULL),(15,2,'2019-07-05',24.50,14.00,'usd',42,10,'App\\Models\\Order',NULL,NULL,5,'2019-07-05 12:48:54','2019-07-05 12:52:49',NULL),(16,2,'2019-07-05',192.50,110.00,'usd',42,11,'App\\Models\\Order',NULL,NULL,5,'2019-07-05 16:06:28','2019-07-05 16:08:28',NULL),(17,2,'2019-07-05',42.00,24.00,'usd',42,12,'App\\Models\\Order',NULL,NULL,5,'2019-07-05 16:52:26','2019-07-05 16:53:36',NULL),(18,1,'2019-09-11',35.00,20.00,'usd',42,13,'App\\Models\\Order',NULL,NULL,5,'2019-09-11 15:01:30','2019-09-11 15:01:30',NULL),(19,2,'2019-09-11',14.00,14.00,'usd',42,14,'App\\Models\\Order',NULL,NULL,5,'2019-09-11 15:03:06','2019-09-11 15:04:01',NULL),(20,2,'2019-09-12',30.00,20.00,'usd',42,15,'App\\Models\\Order',NULL,NULL,5,'2019-09-12 12:20:25','2019-09-12 12:26:15',NULL),(21,1,'2019-09-26',11.50,10.00,'usd',42,16,'App\\Models\\Order',NULL,NULL,5,'2019-09-26 18:08:13','2019-09-26 18:08:13',NULL),(22,4,'2019-10-08',40.50,27.00,'usd',42,17,'App\\Models\\Order',NULL,NULL,3,'2019-10-08 10:22:05','2019-10-08 10:22:43',NULL),(23,1,'2019-10-08',27.00,18.00,'usd',42,18,'App\\Models\\Order',NULL,NULL,5,'2019-10-08 10:47:35','2019-10-08 10:47:35',NULL),(24,2,'2019-10-08',31.50,21.00,'usd',42,19,'App\\Models\\Order',NULL,NULL,5,'2019-10-08 10:54:44','2019-10-08 10:55:13',NULL),(25,2,'2019-10-08',67.50,67.50,'usd',42,20,'App\\Models\\Order',NULL,NULL,5,'2019-10-08 12:47:22','2019-10-08 12:48:17',NULL),(26,2,'2019-10-09',24.00,24.00,'usd',42,21,'App\\Models\\Order',NULL,NULL,5,'2019-10-09 07:06:13','2019-10-09 07:06:41',NULL),(27,2,'2019-10-24',27.00,18.00,'usd',42,22,'App\\Models\\Order',NULL,NULL,5,'2019-10-24 08:18:29','2019-10-24 08:21:21',NULL);

--
-- Table structure for table `invoice_payments`
--

CREATE TABLE `invoice_payments` (
  `id` int(10) unsigned NOT NULL AUTO_INCREMENT,
  `payment_status_id` int(10) unsigned NOT NULL,
  `invoice_id` int(10) unsigned NOT NULL,
  `payment_method_id` int(10) unsigned NOT NULL,
  `user_id` int(10) unsigned NOT NULL,
  `order_id` int(10) unsigned DEFAULT NULL,
  `date` date DEFAULT NULL,
  `amount` decimal(10,2) NOT NULL,
  `currency` varchar(191) COLLATE utf8mb4_unicode_ci NOT NULL,
  `company_id` int(10) unsigned NOT NULL,
  `created_at` timestamp NULL DEFAULT NULL,
  `updated_at` timestamp NULL DEFAULT NULL,
  `deleted_at` timestamp NULL DEFAULT NULL,
  PRIMARY KEY (`id`),
  KEY `fk_invoice_payments_payment_methods_payment_method_id` (`payment_method_id`),
  KEY `fk_invoice_payments_users_user_id` (`user_id`),
  KEY `fk_invoice_payments_companies_company_id` (`company_id`),
  KEY `fk_invoices_invoice_payments_invoice_id` (`invoice_id`),
  KEY `fk_payment_statuses_invoice_payments_payment_status_id` (`payment_status_id`),
  KEY `fk_invoice_payments_orders_order_id_idx` (`order_id`),
  CONSTRAINT `fk_invoice_payments_companies_company_id` FOREIGN KEY (`company_id`) REFERENCES `companies` (`id`) ON DELETE NO ACTION ON UPDATE NO ACTION,
  CONSTRAINT `fk_invoice_payments_orders_order_id_idx` FOREIGN KEY (`order_id`) REFERENCES `orders` (`id`) ON DELETE NO ACTION ON UPDATE NO ACTION,
  CONSTRAINT `fk_invoice_payments_payment_methods_payment_method_id` FOREIGN KEY (`payment_method_id`) REFERENCES `payment_methods` (`id`) ON DELETE NO ACTION ON UPDATE NO ACTION,
  CONSTRAINT `fk_invoice_payments_users_user_id` FOREIGN KEY (`user_id`) REFERENCES `users` (`id`) ON DELETE NO ACTION ON UPDATE NO ACTION,
  CONSTRAINT `fk_invoices_invoice_payments_invoice_id` FOREIGN KEY (`invoice_id`) REFERENCES `invoices` (`id`) ON DELETE NO ACTION ON UPDATE NO ACTION,
  CONSTRAINT `fk_payment_statuses_invoice_payments_payment_status_id` FOREIGN KEY (`payment_status_id`) REFERENCES `payment_statuses` (`id`) ON DELETE NO ACTION ON UPDATE NO ACTION
) ENGINE=InnoDB AUTO_INCREMENT=1004 DEFAULT CHARSET=utf8mb4 COLLATE=utf8mb4_unicode_ci;

--
-- Dumping data for table `invoice_payments`
--

INSERT INTO `invoice_payments` VALUES (1,1,3,1,42,NULL,'2019-07-05',22.50,'usd',5,'2019-07-05 14:19:03','2019-07-05 14:19:03',NULL),(2,1,4,1,42,NULL,'2019-07-05',22.50,'usd',5,'2019-07-05 14:19:04','2019-07-05 14:19:04',NULL),(3,1,5,1,42,NULL,'2019-07-05',22.50,'usd',5,'2019-07-05 14:19:08','2019-07-05 14:19:08',NULL),(4,1,6,1,42,NULL,'2019-07-05',22.50,'usd',5,'2019-07-05 14:19:09','2019-07-05 14:19:09',NULL),(5,1,7,1,42,NULL,'2019-07-05',22.50,'usd',5,'2019-07-05 14:19:19','2019-07-05 14:19:19',NULL),(45,1,8,1,42,NULL,'2019-07-05',22.50,'usd',5,'2019-07-05 14:39:44','2019-07-05 14:39:44',NULL),(46,2,9,1,42,NULL,'2019-07-05',63.00,'usd',5,'2019-07-05 14:40:35','2019-07-05 14:43:05',NULL),(47,1,10,1,42,NULL,'2019-07-05',13.20,'usd',5,'2019-07-05 12:00:09','2019-07-05 12:00:09',NULL),(48,1,11,1,42,NULL,'2019-07-05',17.50,'usd',5,'2019-07-05 12:40:13','2019-07-05 12:40:13',NULL),(49,1,12,1,42,NULL,'2019-07-05',17.50,'usd',5,'2019-07-05 12:40:14','2019-07-05 12:40:14',NULL),(50,1,13,1,42,NULL,'2019-07-05',17.50,'usd',5,'2019-07-05 12:40:17','2019-07-05 12:40:17',NULL),(51,1,14,1,42,NULL,'2019-07-05',17.50,'usd',5,'2019-07-05 12:40:28','2019-07-05 12:40:28',NULL),(52,2,15,1,42,NULL,'2019-07-05',24.50,'usd',5,'2019-07-05 12:48:54','2019-07-05 12:52:49',NULL),(53,2,16,1,42,NULL,'2019-07-05',192.50,'usd',5,'2019-07-05 16:06:28','2019-07-05 16:08:28',NULL),(54,2,17,1,42,NULL,'2019-07-05',42.00,'usd',5,'2019-07-05 16:52:26','2019-07-05 16:53:36',NULL),(55,1,18,1,42,NULL,'2019-09-11',35.00,'usd',5,'2019-09-11 15:01:30','2019-09-11 15:01:30',NULL),(56,2,19,1,42,NULL,'2019-09-11',14.00,'usd',5,'2019-09-11 15:03:06','2019-09-11 15:04:01',NULL),(57,2,20,1,42,NULL,'2019-09-12',30.00,'usd',5,'2019-09-12 12:20:25','2019-09-12 12:26:15',NULL),(58,1,21,1,42,NULL,'2019-09-26',11.50,'usd',5,'2019-09-26 18:08:13','2019-09-26 18:08:13',NULL),(59,4,22,1,42,17,'2019-10-08',40.50,'usd',3,'2019-10-08 10:22:05','2019-10-08 10:22:43',NULL),(60,1,23,2,42,18,'2019-10-08',27.00,'usd',5,'2019-10-08 10:47:35','2019-10-08 10:47:35',NULL),(1000,2,24,2,42,19,'2019-10-08',31.50,'usd',5,'2019-10-08 10:54:44','2019-10-08 10:55:13',NULL),(1001,2,25,2,42,20,'2019-10-08',67.50,'usd',5,'2019-10-08 12:47:22','2019-10-08 12:48:17',NULL),(1002,2,26,2,42,21,'2019-10-09',24.00,'usd',5,'2019-10-09 07:06:13','2019-10-09 07:06:41',NULL),(1003,2,27,2,42,22,'2019-10-24',27.00,'usd',5,'2019-10-24 08:18:29','2019-10-24 08:21:21',NULL);

--
-- Table structure for table `invoices`
--

CREATE TABLE `invoices` (
  `id` int(10) unsigned NOT NULL AUTO_INCREMENT,
  `payment_status_id` int(10) unsigned NOT NULL,
  `installment_id` int(10) unsigned NOT NULL,
  `order_id` int(10) unsigned DEFAULT NULL,
  `invoice_number` varchar(191) COLLATE utf8mb4_unicode_ci NOT NULL,
  `invoice_date` date NOT NULL,
  `user_id` int(10) unsigned NOT NULL,
  `discount` decimal(10,2) DEFAULT NULL,
  `net_amount` decimal(10,2) NOT NULL,
  `amount` decimal(10,2) NOT NULL,
  `currency` varchar(191) COLLATE utf8mb4_unicode_ci NOT NULL,
  `customer_info` text COLLATE utf8mb4_unicode_ci,
  `is_active` tinyint(1) DEFAULT '1',
  `added_by` int(10) unsigned DEFAULT NULL,
  `updated_by` int(10) unsigned DEFAULT NULL,
  `company_id` int(10) unsigned NOT NULL,
  `created_at` timestamp NULL DEFAULT NULL,
  `updated_at` timestamp NULL DEFAULT NULL,
  `deleted_at` timestamp NULL DEFAULT NULL,
  PRIMARY KEY (`id`),
  KEY `fk_invoices_users_user_id` (`user_id`),
  KEY `fk_invoices_users_added_by` (`added_by`),
  KEY `fk_invoices_companies_company_id` (`company_id`),
  KEY `fk_invoices_users_updated_by` (`updated_by`),
  KEY `fk_invoices_installments_installment_id` (`installment_id`),
  KEY `fk_payment_statuses_invoices_payment_status_id` (`payment_status_id`),
  KEY `fk_invoices_orders_order_id_idx` (`order_id`),
  CONSTRAINT `fk_invoices_companies_company_id` FOREIGN KEY (`company_id`) REFERENCES `companies` (`id`) ON DELETE NO ACTION ON UPDATE NO ACTION,
  CONSTRAINT `fk_invoices_installments_installment_id` FOREIGN KEY (`installment_id`) REFERENCES `installments` (`id`) ON DELETE NO ACTION ON UPDATE NO ACTION,
  CONSTRAINT `fk_invoices_orders_order_id_idx` FOREIGN KEY (`order_id`) REFERENCES `orders` (`id`) ON DELETE NO ACTION ON UPDATE NO ACTION,
  CONSTRAINT `fk_invoices_users_added_by` FOREIGN KEY (`added_by`) REFERENCES `users` (`id`) ON DELETE NO ACTION ON UPDATE NO ACTION,
  CONSTRAINT `fk_invoices_users_updated_by` FOREIGN KEY (`updated_by`) REFERENCES `users` (`id`) ON DELETE NO ACTION ON UPDATE NO ACTION,
  CONSTRAINT `fk_invoices_users_user_id` FOREIGN KEY (`user_id`) REFERENCES `users` (`id`) ON DELETE NO ACTION ON UPDATE NO ACTION,
  CONSTRAINT `fk_payment_statuses_invoices_payment_status_id` FOREIGN KEY (`payment_status_id`) REFERENCES `payment_statuses` (`id`) ON DELETE NO ACTION ON UPDATE NO ACTION
) ENGINE=InnoDB AUTO_INCREMENT=28 DEFAULT CHARSET=utf8mb4 COLLATE=utf8mb4_unicode_ci;

--
-- Dumping data for table `invoices`
--

INSERT INTO `invoices` VALUES (1,1,1,NULL,'INV#AC099B41','2019-07-05',42,NULL,18.00,22.50,'usd','\"\"',1,NULL,NULL,5,'2019-07-05 14:15:26','2019-07-05 14:15:26',NULL),(2,1,2,NULL,'INV#AC099B44','2019-07-05',42,NULL,18.00,22.50,'usd','\"\"',1,NULL,NULL,5,'2019-07-05 14:15:29','2019-07-05 14:15:29',NULL),(3,1,3,NULL,'INV#AC099B47','2019-07-05',42,NULL,18.00,22.50,'usd','\"\"',1,NULL,NULL,5,'2019-07-05 14:19:03','2019-07-05 14:19:03',NULL),(4,1,4,NULL,'INV#AC099B50','2019-07-05',42,NULL,18.00,22.50,'usd','\"\"',1,NULL,NULL,5,'2019-07-05 14:19:04','2019-07-05 14:19:04',NULL),(5,1,5,NULL,'INV#AC099B53','2019-07-05',42,NULL,18.00,22.50,'usd','\"\"',1,NULL,NULL,5,'2019-07-05 14:19:08','2019-07-05 14:19:08',NULL),(6,1,6,NULL,'INV#AC099B56','2019-07-05',42,NULL,18.00,22.50,'usd','\"\"',1,NULL,NULL,5,'2019-07-05 14:19:09','2019-07-05 14:19:09',NULL),(7,1,7,NULL,'INV#AC099B59','2019-07-05',42,NULL,18.00,22.50,'usd','\"\"',1,NULL,NULL,5,'2019-07-05 14:19:19','2019-07-05 14:19:19',NULL),(8,1,8,NULL,'INV#AC099B62','2019-07-05',42,NULL,18.00,22.50,'usd','\"\"',1,NULL,NULL,5,'2019-07-05 14:39:44','2019-07-05 14:39:44',NULL),(9,2,9,NULL,'INV#AC099B65','2019-07-05',42,NULL,36.00,63.00,'usd','\"\"',1,NULL,NULL,5,'2019-07-05 14:40:35','2019-07-05 14:43:04',NULL),(10,1,10,NULL,'INV#AC099B68','2019-07-05',42,NULL,12.00,13.20,'usd','\"\"',1,NULL,NULL,5,'2019-07-05 12:00:09','2019-07-05 12:00:09',NULL),(11,1,11,NULL,'','2019-07-05',42,NULL,10.00,17.50,'usd','\"\"',1,NULL,NULL,5,'2019-07-05 12:40:13','2019-07-05 12:40:13',NULL),(12,1,12,NULL,'','2019-07-05',42,NULL,10.00,17.50,'usd','\"\"',1,NULL,NULL,5,'2019-07-05 12:40:14','2019-07-05 12:40:14',NULL),(13,1,13,NULL,'','2019-07-05',42,NULL,10.00,17.50,'usd','\"\"',1,NULL,NULL,5,'2019-07-05 12:40:17','2019-07-05 12:40:17',NULL),(14,1,14,NULL,'','2019-07-05',42,NULL,10.00,17.50,'usd','\"\"',1,NULL,NULL,5,'2019-07-05 12:40:28','2019-07-05 12:40:28',NULL),(15,2,15,NULL,'INV#AC099B71','2019-07-05',42,NULL,14.00,24.50,'usd','\"\"',1,NULL,NULL,5,'2019-07-05 12:48:54','2019-07-05 12:52:49',NULL),(16,2,16,NULL,'INV#AC099B71','2019-07-05',42,NULL,110.00,192.50,'usd','\"\"',1,NULL,NULL,5,'2019-07-05 16:06:28','2019-07-05 16:08:28',NULL),(17,2,17,NULL,'INV#AC099B74','2019-07-05',42,NULL,24.00,42.00,'usd','\"\"',1,NULL,NULL,5,'2019-07-05 16:52:26','2019-07-05 16:53:36',NULL),(18,1,18,NULL,'INV#AC099B77','2019-09-11',42,NULL,20.00,35.00,'usd','\"\"',1,NULL,NULL,5,'2019-09-11 15:01:30','2019-09-11 15:01:30',NULL),(19,2,19,NULL,'INV#AC099B80','2019-09-11',42,NULL,14.00,14.00,'usd','\"\"',1,NULL,NULL,5,'2019-09-11 15:03:06','2019-09-11 15:04:01',NULL),(20,2,20,NULL,'INV#AC099B83','2019-09-12',42,NULL,20.00,30.00,'usd','\"\"',1,NULL,NULL,5,'2019-09-12 12:20:25','2019-09-12 12:26:15',NULL),(21,1,21,NULL,'INV#AC099B86','2019-09-26',42,NULL,10.00,11.50,'usd','\"\"',1,NULL,NULL,5,'2019-09-26 18:08:13','2019-09-26 18:08:13',NULL),(22,4,22,17,'INV#AC099B74','2019-10-08',42,NULL,27.00,40.50,'usd','\"\"',1,NULL,NULL,3,'2019-10-08 10:22:05','2019-10-08 10:22:43',NULL),(23,1,23,18,'INV-AC099B89','2019-10-08',42,NULL,18.00,27.00,'usd','\"\"',1,NULL,NULL,5,'2019-10-08 10:47:35','2019-10-08 10:47:35',NULL),(24,2,24,19,'INV-AC099B92','2019-10-08',42,NULL,21.00,31.50,'usd','\"\"',1,NULL,NULL,5,'2019-10-08 10:54:44','2019-10-08 10:55:13',NULL),(25,2,25,20,'INV-AC099B95','2019-10-08',42,NULL,67.50,67.50,'usd','\"\"',1,NULL,NULL,5,'2019-10-08 12:47:22','2019-10-08 12:48:17',NULL),(26,2,26,21,'INV-AC099B98','2019-10-09',42,NULL,24.00,24.00,'usd','\"\"',1,NULL,NULL,5,'2019-10-09 07:06:13','2019-10-09 07:06:41',NULL),(27,2,27,22,'INV-AC099B101','2019-10-24',42,NULL,18.00,27.00,'usd','\"\"',1,NULL,NULL,5,'2019-10-24 08:18:29','2019-10-24 08:21:21',NULL);

--
-- Table structure for table `languages`
--

CREATE TABLE `languages` (
  `id` int(11) unsigned NOT NULL AUTO_INCREMENT,
  `title` longtext COLLATE utf8mb4_unicode_ci NOT NULL,
  `lng_key` varchar(45) COLLATE utf8mb4_unicode_ci NOT NULL,
  `direction` varchar(45) COLLATE utf8mb4_unicode_ci DEFAULT 'ltr',
  `icon` varchar(200) COLLATE utf8mb4_unicode_ci DEFAULT NULL,
  `native` varchar(200) COLLATE utf8mb4_unicode_ci DEFAULT NULL,
  `regional` varchar(200) COLLATE utf8mb4_unicode_ci DEFAULT NULL,
  `created_at` timestamp NULL DEFAULT NULL,
  `updated_at` timestamp NULL DEFAULT NULL,
  `deleted_at` timestamp NULL DEFAULT NULL,
  `is_active` tinyint(1) DEFAULT '1',
  `added_by` int(11) unsigned NOT NULL,
  `updated_by` int(11) unsigned DEFAULT NULL,
  `company_id` int(11) unsigned DEFAULT NULL,
  PRIMARY KEY (`id`),
  KEY `fk_languages_companies1_idx` (`company_id`),
  KEY `fk_languages_users1_idx` (`added_by`),
  KEY `fk_languages_users2_idx` (`updated_by`),
  CONSTRAINT `fk_languages_companies1` FOREIGN KEY (`company_id`) REFERENCES `companies` (`id`) ON DELETE NO ACTION ON UPDATE NO ACTION,
  CONSTRAINT `fk_languages_users1` FOREIGN KEY (`added_by`) REFERENCES `users` (`id`) ON DELETE NO ACTION ON UPDATE NO ACTION,
  CONSTRAINT `fk_languages_users2` FOREIGN KEY (`updated_by`) REFERENCES `users` (`id`) ON DELETE NO ACTION ON UPDATE NO ACTION
) ENGINE=InnoDB AUTO_INCREMENT=14 DEFAULT CHARSET=utf8mb4 COLLATE=utf8mb4_unicode_ci;

--
-- Dumping data for table `languages`
--

INSERT INTO `languages` VALUES (6,'English','en','ltr','us',NULL,'en','2019-04-02 21:00:00',NULL,NULL,1,2,2,3),(9,'Arabic','ar','rtl','lb','العربية','ar_AE','2019-04-30 16:42:55','2019-04-30 16:42:55',NULL,1,2,NULL,3),(10,'English','en','ltr','us','English','en_GB','2019-05-10 12:52:39','2019-05-10 12:52:39',NULL,1,2,NULL,4),(11,'Arabic','ar','rtl','lb','العربية','ar_AE','2019-05-10 12:52:48','2019-05-10 12:52:48',NULL,1,2,NULL,4),(12,'English','en','ltr','us','English','en_GB','2019-07-05 10:20:14','2019-07-05 10:20:14',NULL,1,2,NULL,5),(13,'English','en','ltr','us','English','en_GB','2019-07-11 10:32:02','2019-07-11 10:32:02',NULL,1,57,NULL,6);

--
-- Table structure for table `menu_items`
--

CREATE TABLE `menu_items` (
  `id` int(10) unsigned NOT NULL AUTO_INCREMENT,
  `title` varchar(191) COLLATE utf8mb4_unicode_ci DEFAULT NULL,
  `url` varchar(191) COLLATE utf8mb4_unicode_ci DEFAULT NULL,
  `prefix` varchar(191) COLLATE utf8mb4_unicode_ci DEFAULT NULL,
  `icon` varchar(191) COLLATE utf8mb4_unicode_ci DEFAULT NULL,
  `parent_id` int(11) NOT NULL DEFAULT '0',
  `level` int(11) NOT NULL DEFAULT '1',
  `menu_id` int(10) unsigned NOT NULL,
  `type` enum('menu','item') COLLATE utf8mb4_unicode_ci NOT NULL DEFAULT 'item',
  `sorting` int(11) NOT NULL DEFAULT '0',
  `is_active` tinyint(1) DEFAULT '1',
  `added_by` int(10) unsigned NOT NULL,
  `updated_by` int(10) unsigned DEFAULT NULL,
  `created_at` timestamp NULL DEFAULT NULL,
  `updated_at` timestamp NULL DEFAULT NULL,
  `deleted_at` timestamp NULL DEFAULT NULL,
  PRIMARY KEY (`id`),
  KEY `fk_menu_items_users_added_by` (`added_by`),
  KEY `fk_menu_items_users_updated_by` (`updated_by`),
  KEY `fk_menu_items_menus_menu_id` (`menu_id`),
  CONSTRAINT `fk_menu_items_menus_menu_id` FOREIGN KEY (`menu_id`) REFERENCES `menus` (`id`) ON DELETE CASCADE ON UPDATE CASCADE,
  CONSTRAINT `fk_menu_items_users_added_by` FOREIGN KEY (`added_by`) REFERENCES `users` (`id`) ON DELETE NO ACTION ON UPDATE NO ACTION,
  CONSTRAINT `fk_menu_items_users_updated_by` FOREIGN KEY (`updated_by`) REFERENCES `users` (`id`) ON DELETE NO ACTION ON UPDATE NO ACTION
) ENGINE=InnoDB AUTO_INCREMENT=289 DEFAULT CHARSET=utf8mb4 COLLATE=utf8mb4_unicode_ci;

--
-- Dumping data for table `menu_items`
--

INSERT INTO `menu_items` VALUES (3,'Users',NULL,NULL,'fa-users',0,1,1,'menu',0,1,2,2,NULL,'2019-08-08 08:39:37',NULL),(4,'Companies','/admin/settings/companies',NULL,'fa-dashboard',0,1,2,'item',0,1,2,2,NULL,'2019-08-19 08:25:38',NULL),(10,'Clients','/admin/users/clients',NULL,'fa-circle-thin',3,2,1,'item',1,1,2,2,'2019-08-02 03:34:32','2019-08-08 08:39:37',NULL),(15,'Comapnies','/companies',NULL,'fa-dashboard',2,1,1,'item',1,0,2,2,'2019-08-02 03:45:46','2019-08-05 04:23:56','2019-08-05 04:23:56'),(16,'Settings','/settings',NULL,'fa-cog',15,1,1,'item',1,0,2,2,'2019-08-02 03:47:10','2019-08-05 04:23:49','2019-08-05 04:23:49'),(30,'Employees','/admin/users/employees',NULL,'fa-circle-thin',3,2,1,'item',0,1,2,2,'2019-08-02 06:41:36','2019-08-08 08:39:37',NULL),(41,'Logs','/admin/logs',NULL,'fa-circle-thin',0,1,3,'item',0,1,2,2,'2019-08-02 10:11:36','2019-08-05 11:43:04',NULL),(90,'Orders','/admin/orders',NULL,'fa-circle-thin',0,1,1,'item',5,1,2,2,'2019-08-05 07:27:41','2019-08-08 08:39:38',NULL),(92,'Countries','/admin/settings/countries',NULL,'fa-location-arrow',0,1,2,'item',5,1,2,2,'2019-08-05 07:29:52','2019-08-19 08:25:38',NULL),(94,'Nationalities','/admin/settings/nationalities',NULL,'fa-circle-thin',0,1,2,'item',7,1,2,2,'2019-08-05 07:30:43','2019-08-19 08:25:38',NULL),(97,'User Types','/admin/settings/user-types',NULL,'fa-circle-thin',0,1,2,'item',1,1,2,2,'2019-08-05 08:15:52','2019-08-19 08:25:38',NULL),(98,'Modules','/admin/settings/modules',NULL,'fa-circle-thin',119,2,2,'item',0,1,2,2,'2019-08-05 08:16:33','2019-08-19 08:25:38',NULL),(99,'Roles','/admin/settings/roles',NULL,'fa-circle-thin',101,2,2,'item',0,1,2,2,'2019-08-05 08:16:55','2019-08-19 08:25:38',NULL),(100,'Permissions','/admin/settings/permissions',NULL,'fa-circle-thin',101,2,2,'item',1,1,2,2,'2019-08-05 08:17:21','2019-08-19 08:25:38',NULL),(101,'Roles & Permissions',NULL,NULL,'fa-circle-thin',0,1,2,'menu',3,1,2,2,'2019-08-05 08:17:52','2019-08-19 08:25:38',NULL),(102,'User Configurations',NULL,NULL,'fa-circle-thin',0,1,2,'item',7,1,2,NULL,'2019-08-05 08:19:23','2019-08-05 08:19:53','2019-08-05 08:19:53'),(103,'Genders','/admin/settings/genders',NULL,'fa-circle-thin',0,1,2,'item',10,1,2,2,'2019-08-05 08:20:44','2019-08-19 08:25:38',NULL),(104,'Translations','/admin/settings/translations',NULL,'fa-circle-thin',119,2,2,'item',3,1,2,2,'2019-08-05 08:21:25','2019-08-19 08:25:38',NULL),(105,'Languages','/admin/settings/languages',NULL,'fa-language',119,2,2,'item',4,1,2,2,'2019-08-05 08:21:55','2019-08-19 08:25:38',NULL),(106,'Categories','/admin/settings/payment-categories',NULL,'fa-circle-thin',118,2,2,'item',0,1,2,2,'2019-08-05 08:22:36','2019-08-19 08:25:38',NULL),(107,'Methods','/admin/settings/payment-methods',NULL,'fa-circle-thin',118,2,2,'item',1,1,2,2,'2019-08-05 08:23:20','2019-08-19 08:25:38',NULL),(108,'Settings','/admin/settings/settings',NULL,'fa-cog',119,2,2,'item',1,1,2,2,'2019-08-05 08:23:46','2019-08-19 08:25:38',NULL),(109,'Setting Categories','/admin/settings/setting-categories',NULL,'fa-circle-thin',119,2,2,'item',2,1,2,2,'2019-08-05 08:24:16','2019-08-19 08:25:38',NULL),(110,'Menus','/cms/app-menus',NULL,'fa-circle-thin',0,1,4,'item',1,0,2,2,'2019-08-05 08:36:10','2019-08-29 15:26:30',NULL),(111,'Menu items','/cms/app-menu-items',NULL,'fa-circle-thin',0,1,4,'item',2,0,2,2,'2019-08-05 08:36:35','2019-08-29 15:26:30',NULL),(112,'Pages','/cms/app-pages',NULL,'fa-circle-thin',0,1,4,'item',3,1,2,2,'2019-08-05 08:36:56','2019-08-29 15:26:30',NULL),(113,'Settings','/cms/app-settings',NULL,'fa-circle-thin',0,1,4,'item',7,1,2,2,'2019-08-05 08:37:19','2019-08-29 15:26:30',NULL),(114,'Sections','/cms/app-sections',NULL,'fa-circle-thin',0,1,4,'item',9,0,2,2,'2019-08-05 08:38:57','2019-08-29 15:26:30',NULL),(115,'Section Inactive Fields','/cms/app-section-inactive-fields',NULL,'fa-circle-thin',0,1,4,'item',6,1,2,2,'2019-08-05 08:39:27','2019-08-29 15:26:30',NULL),(116,'Section Items','/cms/app-section-items',NULL,'fa-circle-thin',0,1,4,'item',8,0,2,2,'2019-08-05 08:39:44','2019-08-29 15:26:30',NULL),(117,'Social Media','/cms/app-social-media-links',NULL,'fa-circle-thin',0,1,4,'item',5,1,2,2,'2019-08-05 08:39:58','2019-08-29 15:26:30',NULL),(118,'Payments',NULL,NULL,'fa-money',0,1,2,'menu',4,1,2,NULL,'2019-08-05 08:52:17','2019-08-19 08:25:38',NULL),(119,'System Configurations',NULL,NULL,'fa-cogs',0,1,2,'menu',2,1,2,2,'2019-08-05 08:53:00','2019-08-19 08:25:38',NULL),(121,'Menu','/admin/settings/menus',NULL,'fa-list-ul',0,1,2,'item',9,1,2,2,'2019-08-05 10:04:16','2019-08-19 08:25:38',NULL),(140,'Products','/cms/app-products',NULL,'fa-circle-thin',0,1,4,'item',0,1,2,NULL,'2019-08-29 15:23:38','2019-08-29 15:26:30',NULL),(141,'Common Sections','/cms/app-common-sections',NULL,'fa-circle-thin',0,1,4,'item',4,1,2,NULL,'2019-08-29 15:26:27','2019-08-29 15:26:30',NULL),(142,'Employees','/admin/users/employees','admin/users','fa-circle-thin',188,2,24,'item',0,0,2,2,'2019-09-06 10:17:31','2019-09-06 11:22:46',NULL),(143,'Clients','/admin/users/clients','admin/users','fa-circle-thin',188,2,24,'item',1,1,2,NULL,'2019-09-06 10:17:31','2019-09-06 11:22:46',NULL),(188,'Users',NULL,NULL,'fa-users',0,1,24,'menu',0,1,2,NULL,'2019-09-06 10:18:54','2019-09-06 11:22:46',NULL),(220,'Orders','/admin/orders',NULL,'fa-circle-thin',0,1,24,'item',5,NULL,2,2,'2019-09-06 11:12:14','2019-09-06 11:22:46',NULL),(221,'Billing',NULL,NULL,'fa-money',0,1,24,'menu',4,0,2,2,'2019-09-06 11:13:36','2019-09-06 11:26:06',NULL),(222,'Assistance Claims','/admin/billing/assistance-claims/search',NULL,NULL,221,2,24,'item',0,1,2,NULL,'2019-09-06 11:13:59','2019-09-06 11:22:46',NULL),(223,'Assistance Invoices','/admin/billing/assistance-invoices/search',NULL,NULL,221,2,24,'item',1,1,2,NULL,'2019-09-06 11:14:32','2019-09-06 11:22:46',NULL),(273,'Pet Breeds','/admin/settings/pet-breeds','admin/settings','fa-circle-thin',0,1,25,'item',2,1,2,2,'2019-09-06 11:34:26','2019-09-06 11:51:19',NULL),(274,'Professions','/admin/settings/professions','admin/settings','fa-circle-thin',0,1,25,'item',4,1,2,NULL,'2019-09-06 11:34:26','2019-09-06 11:47:09',NULL),(275,'Nationalities','/admin/settings/nationalities','admin/settings','fa-circle-thin',0,1,25,'item',3,1,2,NULL,'2019-09-06 11:34:26','2019-09-06 11:47:09',NULL),(276,'Countries','/admin/settings/countries','admin/settings','fa-circle-thin',0,1,25,'item',1,1,2,NULL,'2019-09-06 11:34:26','2019-09-06 11:47:09',NULL),(277,'Genders','/admin/settings/genders','admin/settings','fa-circle-thin',0,1,25,'item',5,1,2,NULL,'2019-09-06 11:34:26','2019-09-06 11:47:09',NULL),(278,'Translations','/admin/settings/translations','admin/settings','fa-circle-thin',280,2,25,'item',1,1,2,NULL,'2019-09-06 11:34:26','2019-09-06 11:47:09',NULL),(279,'Languages','/admin/settings/languages','admin/settings','fa-circle-thin',280,2,25,'item',2,1,2,NULL,'2019-09-06 11:34:26','2019-09-06 11:47:09',NULL),(280,'System Configurations',NULL,NULL,'fa-cogs',0,1,25,'menu',0,1,2,NULL,'2019-09-06 11:38:50','2019-09-06 11:47:09',NULL),(281,'Settings','/admin/settings/settings',NULL,'fa-cog',280,2,25,'item',0,1,2,NULL,'2019-09-06 11:39:49','2019-09-06 11:47:09',NULL);

--
-- Table structure for table `menus`
--

CREATE TABLE `menus` (
  `id` int(10) unsigned NOT NULL AUTO_INCREMENT,
  `label` varchar(191) COLLATE utf8mb4_unicode_ci DEFAULT NULL,
  `title` varchar(191) COLLATE utf8mb4_unicode_ci DEFAULT NULL,
  `parent_id` int(10) unsigned DEFAULT NULL,
  `sorting` int(11) NOT NULL DEFAULT '0',
  `is_active` tinyint(1) DEFAULT '1',
  `added_by` int(10) unsigned NOT NULL,
  `updated_by` int(10) unsigned DEFAULT NULL,
  `created_at` timestamp NULL DEFAULT NULL,
  `updated_at` timestamp NULL DEFAULT NULL,
  `deleted_at` timestamp NULL DEFAULT NULL,
  PRIMARY KEY (`id`),
  KEY `fk_menus_users_added_by` (`added_by`),
  KEY `fk_menus_users_updated_by` (`updated_by`),
  CONSTRAINT `fk_menus_users_added_by` FOREIGN KEY (`added_by`) REFERENCES `users` (`id`) ON DELETE NO ACTION ON UPDATE NO ACTION,
  CONSTRAINT `fk_menus_users_updated_by` FOREIGN KEY (`updated_by`) REFERENCES `users` (`id`) ON DELETE NO ACTION ON UPDATE NO ACTION
) ENGINE=InnoDB AUTO_INCREMENT=28 DEFAULT CHARSET=utf8mb4 COLLATE=utf8mb4_unicode_ci;

--
-- Dumping data for table `menus`
--

INSERT INTO `menus` VALUES (1,'crm','CRM',20,0,1,2,2,'2019-07-31 08:11:18','2019-07-31 08:11:49',NULL),(2,'settings','SETTINGS',20,0,1,2,NULL,'2019-07-31 08:11:41','2019-07-31 08:11:41',NULL),(3,'reports','REPORTS',20,0,1,2,NULL,'2019-07-31 08:12:01','2019-07-31 08:12:01',NULL),(4,'cms','CMS',20,0,1,2,NULL,'2019-07-31 08:12:13','2019-07-31 08:12:13',NULL),(20,'superadmin-menu','Superadmin Menu',0,0,1,2,NULL,NULL,NULL,NULL),(23,'admin-menu','admin Menu',0,0,1,2,NULL,'2019-09-06 10:17:31','2019-09-06 10:17:31',NULL),(24,'admin-menu-crm','CRM',23,0,1,2,2,'2019-09-06 10:17:31','2019-09-06 11:43:12',NULL),(25,'admin-menu-settings','Settings',23,0,1,2,2,'2019-09-06 11:34:26','2019-09-06 11:47:13',NULL);

--
-- Table structure for table `migrations`
--

CREATE TABLE `migrations` (
  `id` int(11) unsigned NOT NULL AUTO_INCREMENT,
  `migration` varchar(191) COLLATE utf8mb4_unicode_ci NOT NULL,
  `batch` int(11) NOT NULL,
  PRIMARY KEY (`id`)
) ENGINE=InnoDB AUTO_INCREMENT=271 DEFAULT CHARSET=utf8mb4 COLLATE=utf8mb4_unicode_ci;

--
-- Dumping data for table `migrations`
--

INSERT INTO `migrations` VALUES (1,'2019_06_03_121822_create_activity_log_table',0),(2,'2019_06_03_121822_create_additional_benefits_table',0),(3,'2019_06_03_121822_create_alert_msgs_table',0),(4,'2019_06_03_121822_create_assistance_assignees_table',0),(5,'2019_06_03_121822_create_assistance_schedules_table',0),(6,'2019_06_03_121822_create_assistance_task_details_table',0),(7,'2019_06_03_121822_create_assistance_tasks_table',0),(8,'2019_06_03_121822_create_assistance_tasks_attachments_table',0),(9,'2019_06_03_121822_create_assistance_types_table',0),(10,'2019_06_03_121822_create_assistances_table',0),(11,'2019_06_03_121822_create_benefits_table',0),(12,'2019_06_03_121822_create_cob_table',0),(13,'2019_06_03_121822_create_companies_table',0),(14,'2019_06_03_121822_create_countries_table',0),(15,'2019_06_03_121822_create_expat_product_prices_table',0),(16,'2019_06_03_121822_create_expat_products_table',0),(17,'2019_06_03_121822_create_fa_icons_table',0),(18,'2019_06_03_121822_create_genders_table',0),(19,'2019_06_03_121822_create_hunting_products_table',0),(20,'2019_06_03_121822_create_insurance_classes_table',0),(21,'2019_06_03_121822_create_insurance_subclasses_table',0),(22,'2019_06_03_121822_create_insurance_types_table',0),(23,'2019_06_03_121822_create_languages_table',0),(24,'2019_06_03_121822_create_lob_table',0),(25,'2019_06_03_121822_create_medical_categories_table',0),(26,'2019_06_03_121822_create_medical_groups_table',0),(27,'2019_06_03_121822_create_medical_product_prices_table',0),(28,'2019_06_03_121822_create_medical_products_table',0),(29,'2019_06_03_121822_create_model_has_permissions_table',0),(30,'2019_06_03_121822_create_model_has_roles_table',0),(31,'2019_06_03_121822_create_modules_table',0),(32,'2019_06_03_121822_create_motor_tpl_products_table',0),(33,'2019_06_03_121822_create_nationalities_table',0),(34,'2019_06_03_121822_create_oauth_access_tokens_table',0),(35,'2019_06_03_121822_create_oauth_auth_codes_table',0),(36,'2019_06_03_121822_create_oauth_clients_table',0),(37,'2019_06_03_121822_create_oauth_personal_access_clients_table',0),(38,'2019_06_03_121822_create_oauth_refresh_tokens_table',0),(39,'2019_06_03_121822_create_password_resets_table',0),(40,'2019_06_03_121822_create_permissions_table',0),(41,'2019_06_03_121822_create_pet_breeds_table',0),(42,'2019_06_03_121822_create_pet_products_table',0),(43,'2019_06_03_121822_create_policies_table',0),(44,'2019_06_03_121822_create_policy_ranges_table',0),(45,'2019_06_03_121822_create_product_additional_benefits_table',0),(46,'2019_06_03_121822_create_product_benefits_table',0),(47,'2019_06_03_121822_create_professions_table',0),(48,'2019_06_03_121822_create_role_has_permissions_table',0),(49,'2019_06_03_121822_create_roles_table',0),(50,'2019_06_03_121822_create_settings_table',0),(51,'2019_06_03_121822_create_social_media_links_table',0),(52,'2019_06_03_121822_create_statuses_table',0),(53,'2019_06_03_121822_create_translations_table',0),(54,'2019_06_03_121822_create_travel_periods_table',0),(55,'2019_06_03_121822_create_travel_product_conditions_table',0),(56,'2019_06_03_121822_create_travel_product_prices_table',0),(57,'2019_06_03_121822_create_travel_products_table',0),(58,'2019_06_03_121822_create_travel_temp_table',0),(59,'2019_06_03_121822_create_travel_zone_countries_table',0),(60,'2019_06_03_121822_create_travel_zones_table',0),(61,'2019_06_03_121822_create_user_policies_table',0),(62,'2019_06_03_121822_create_user_types_table',0),(63,'2019_06_03_121822_create_users_table',0),(64,'2019_06_03_121826_add_foreign_keys_to_additional_benefits_table',0),(65,'2019_06_03_121826_add_foreign_keys_to_alert_msgs_table',0),(66,'2019_06_03_121826_add_foreign_keys_to_assistance_assignees_table',0),(67,'2019_06_03_121826_add_foreign_keys_to_assistance_schedules_table',0),(68,'2019_06_03_121826_add_foreign_keys_to_assistance_tasks_table',0),(69,'2019_06_03_121826_add_foreign_keys_to_assistance_types_table',0),(70,'2019_06_03_121826_add_foreign_keys_to_assistances_table',0),(71,'2019_06_03_121826_add_foreign_keys_to_benefits_table',0),(72,'2019_06_03_121826_add_foreign_keys_to_cob_table',0),(73,'2019_06_03_121826_add_foreign_keys_to_companies_table',0),(74,'2019_06_03_121826_add_foreign_keys_to_expat_product_prices_table',0),(75,'2019_06_03_121826_add_foreign_keys_to_expat_products_table',0),(76,'2019_06_03_121826_add_foreign_keys_to_genders_table',0),(77,'2019_06_03_121826_add_foreign_keys_to_hunting_products_table',0),(78,'2019_06_03_121826_add_foreign_keys_to_insurance_classes_table',0),(79,'2019_06_03_121826_add_foreign_keys_to_insurance_subclasses_table',0),(80,'2019_06_03_121826_add_foreign_keys_to_insurance_types_table',0),(81,'2019_06_03_121826_add_foreign_keys_to_languages_table',0),(82,'2019_06_03_121826_add_foreign_keys_to_lob_table',0),(83,'2019_06_03_121826_add_foreign_keys_to_medical_categories_table',0),(84,'2019_06_03_121826_add_foreign_keys_to_medical_groups_table',0),(85,'2019_06_03_121826_add_foreign_keys_to_medical_product_prices_table',0),(86,'2019_06_03_121826_add_foreign_keys_to_medical_products_table',0),(87,'2019_06_03_121826_add_foreign_keys_to_modules_table',0),(88,'2019_06_03_121826_add_foreign_keys_to_motor_tpl_products_table',0),(89,'2019_06_03_121826_add_foreign_keys_to_pet_breeds_table',0),(90,'2019_06_03_121826_add_foreign_keys_to_pet_products_table',0),(91,'2019_06_03_121826_add_foreign_keys_to_policy_ranges_table',0),(92,'2019_06_03_121826_add_foreign_keys_to_product_additional_benefits_table',0),(93,'2019_06_03_121826_add_foreign_keys_to_product_benefits_table',0),(94,'2019_06_03_121826_add_foreign_keys_to_professions_table',0),(95,'2019_06_03_121826_add_foreign_keys_to_settings_table',0),(96,'2019_06_03_121826_add_foreign_keys_to_social_media_links_table',0),(97,'2019_06_03_121826_add_foreign_keys_to_statuses_table',0),(98,'2019_06_03_121826_add_foreign_keys_to_travel_periods_table',0),(99,'2019_06_03_121826_add_foreign_keys_to_travel_product_conditions_table',0),(100,'2019_06_03_121826_add_foreign_keys_to_travel_product_prices_table',0),(101,'2019_06_03_121826_add_foreign_keys_to_travel_products_table',0),(102,'2019_06_03_121826_add_foreign_keys_to_travel_zone_countries_table',0),(103,'2019_06_03_121826_add_foreign_keys_to_travel_zones_table',0),(105,'2019_06_03_121826_add_foreign_keys_to_user_types_table',0),(106,'2019_06_03_121826_add_foreign_keys_to_users_table',0),(107,'2019_06_03_110213_create_travel_temp_table',1),(110,'2019_06_06_135803_alter_travel_temp_table_add_fields',2),(111,'2019_06_12_182014_alter_table_travel_temp_add_order_details_field',3),(112,'2019_06_14_105922_create_payment_sessions_table',4),(113,'2019_06_14_111227_create_orders_table',4),(114,'2019_06_14_113328_create_order_items_table',4),(115,'2019_06_14_135719_add_foreign_keys_to_payment_tables',4),(116,'2019_06_14_170150_alter_orders_table_add_net_amount_field',5),(117,'2019_06_17_101216_alter_orders_table_add_fees_field',5),(118,'2019_06_17_113926_alter_travel_temp_add_order_id_field',5),(119,'2019_06_17_160117_alter_payment_sessions_table_edit_fields',5),(120,'2019_06_17_162559_alter_payment_sessions_add_return_url_field',5),(121,'2019_06_17_165625_alter_payment_sessions_table_add_fields',5),(122,'2019_06_17_175751_alter_product_tables_add_code_id_field',5),(123,'2019_06_17_224448_alter_cob_table_add_is_local_field',5),(124,'2019_06_18_111453_alter_order_items_table_make_fields_nullable',6),(125,'2019_06_07_125516_alter_table_user_types_add_marker_icon',7),(126,'2019_06_10_103733_create_assistance_invoices_table',7),(127,'2019_06_10_173111_add_foreign_keys_to_assistance_invoices_table',7),(128,'2019_06_16_135350_alter_table_assistance_invoices_make_nullable_payment_type_id',7),(129,'2019_06_19_104414_alter_lob_table_add_model_field',7),(130,'2019_06_19_124455_alter_order_items_table_add_currency_field',7),(131,'2019_06_19_152831_create_setting_categories_table',7),(132,'2019_06_20_112135_alter_users_table_add_fields',8),(133,'2019_06_20_121822_create_settings_table',9),(134,'2019_06_20_124111_alter_orders_table_add_order_id',9),(135,'2019_06_21_121826_add_foreign_keys_to_settings_table',9),(136,'2019_06_21_130005_create_payment_categories_table',9),(137,'2019_06_21_130815_create_payment_methods_table',9),(138,'2019_06_21_131433_create_invoices_table',9),(139,'2019_06_21_144611_alter_orders_table_change_order_id_to_order_number',9),(140,'2019_06_21_153721_create_settlement_schedules',9),(141,'2019_06_21_155221_create_invoice_payments',9),(142,'2019_06_22_154810_alter_settings_table_add_setting_category_id_field',9),(143,'2019_06_24_093746_create_claim_status_table',9),(144,'2019_06_24_093807_alter_table_assistance_assignees_add_claim_status_id',9),(145,'2019_06_24_101307_alter_invoice_payments',9),(146,'2019_06_24_113743_alter_table_add_claim_status_foreign_key_to_assistance_assignees',9),(147,'2019_06_24_145935_alter_invoices_table',9),(148,'2019_06_24_150654_alter_invoices_table_discount_field_nullable',9),(149,'2019_06_24_151151_alter_invoices_table_customer_info_field_nullable',9),(150,'2019_06_24_152143_create_assistance_claims_table',9),(151,'2019_06_24_171212_alter_payment_sessions_table',9),(152,'2019_06_24_173230_add_foreign_keys_to_assistance_claims_table',9),(153,'2019_06_24_174618_alter_travel_temp_table_rename_order_id_to_settlement_schedule_id',9),(154,'2019_06_25_094955_alter_table_travel_temp_add_order_id_field',9),(155,'2019_06_25_115705_alter_table_settlement_schedules_add_currency_field',9),(156,'2019_06_25_172411_alter_table_settlement_schedules_table_to_installments',9),(157,'2019_06_26_094518_alter_table_installments_due_date_nullable',9),(158,'2019_06_26_100358_alter_table_installments_add_order_remove_invoice',9),(159,'2019_06_26_101647_alter_table_invoices_add_installment_remove_order',9),(160,'2019_06_26_103215_alter_table_invoice_payments_remove_settlement_add_invoice',9),(161,'2019_06_26_104731_create_receipts_table',9),(162,'2019_06_26_125216_alter_travel_temp_table_rename_settlement_to_installment',9),(163,'2019_06_26_125704_alter_table_payment_sessions_rename_settlement_to_installment',9),(164,'2019_06_26_143344_alter_travel_temp_table_remove_installment_add_invoice_payment',9),(165,'2019_06_26_143935_alter_payment_sessions_rename_installment_to_invoice_payment',10),(166,'2019_06_26_150816_alter_payment_sessions_table_add_invoice_id',10),(167,'2019_06_26_153706_alter_table_installments_add_net_amount',10),(168,'2019_06_26_165941_create_payment_statuses_table',10),(169,'2019_06_26_172633_alter_foreign_keys_in_assistance_invoices_table',11),(170,'2019_06_26_173742_alter_payment_tables_drop_status_add_payment_status_id',12),(171,'2019_06_27_095724_add_foreign_to_assistance_invoices_table',12),(172,'2019_07_02_124042_create_motor_categories_table',12),(173,'2019_07_02_124101_create_motor_products_table',12),(174,'2019_07_02_155934_drop_motor_tpl_table',12),(175,'2019_07_02_164938_alter_motor_products_table_rename_title_to_name',12),(176,'2019_07_02_172016_create_motor_risk_values_table',12),(177,'2019_07_02_172055_create_motor_risk_model_ranges_table',12),(178,'2019_07_02_172151_create_motor_risk_products_table',12),(179,'2019_07_02_172246_create_motor_risk_product_rates_table',12),(180,'2019_06_28_103719_alter_table_assistance_claims_columns',13),(181,'2019_06_30_202302_create_claim_rejection_reasons_table',13),(182,'2019_06_30_202428_alter_table_assistance_claims_add_claim_rejection_reason_id',13),(183,'2019_07_02_105308_create_claim_approval_amounts_table',13),(184,'2019_07_02_112432_add_foreign_keys_to_claim_approval_amounts_table',13),(191,'2019_07_05_173511_alter_table_assistance_claims_add_sum_amount',14),(192,'2019_07_08_065507_alter_table_assistance_invoices_drop_assistance_id_add_assistance_claim_id',14),(193,'2019_07_08_102101_alter_table_payment_statuses_add_label',14),(194,'2019_07_10_095833_alter_table_assistance_claims_add_issue_date',14),(195,'2019_07_10_114417_alter_table_assistance_invoices_add_issue_date',14),(196,'2019_07_15_110442_alter_companies_table',15),(197,'2019_07_18_161538_create_company_oauth_clients_table',16),(198,'2019_07_18_162057_add_foreign_keys_company_oauth_clients_table',16),(199,'2019_07_23_112307_alter_table_oauth_clients_add_company_id',17),(200,'2019_07_23_112755_add_foriegn_keys_to_oauth_clients_table',17),(202,'2019_07_30_153306_create_company_social_apps_table',18),(203,'2019_07_22_101440_alter_companies_table_add_logo_field',19),(204,'2019_07_22_135840_alter_table_payment_sessions_add_cancelled_field',19),(205,'2019_07_22_142926_alter_table_payment_sessions_add_cancel_url',19),(206,'2019_07_24_091415_alter_medical_categories_table_rename_to_medical_plans',19),(207,'2019_07_24_113402_alter_medical_products_table_fields_modifications',19),(208,'2019_07_24_121545_alter_medical_product_prices_table_modify_fields',19),(209,'2019_07_24_143626_drop_insurance_types_and_insurance_subclasses_tables',19),(210,'2019_07_24_151515_create_medical_extra_benefits',19),(211,'2019_07_24_152114_create_medical_coverage_percentages',19),(212,'2019_07_24_155059_create_medical_product_extra_benefits',19),(213,'2019_07_24_163959_alter_table_medical_product_extra_benefits_add_medical_product_id_field',19),(214,'2019_07_29_164236_create_app_settings_table',19),(215,'2019_07_29_164541_create_app_menus_table',19),(216,'2019_07_29_164646_create_app_menu_items_table',19),(217,'2019_07_29_165118_create_app_management_team_table',19),(218,'2019_07_29_165332_create_app_sections_table',19),(219,'2019_07_29_165430_create_app_section_items_table',19),(220,'2019_07_29_170202_create_app_section_inactive_fields_table',19),(221,'2019_07_29_170225_create_app_pages_table',19),(222,'2019_07_30_094126_alter_social_media_links_table',19),(223,'2019_07_30_135930_alter_table_app_sections_change_content_to_text',19),(224,'2019_07_31_113731_alter_table_users_table_add_social_ids',20),(225,'2019_07_31_123029_create_menus_table',21),(226,'2019_07_31_123306_create_menu_items_table',21),(227,'2019_08_02_160536_alter_menu_items_table_change_relations',21),(228,'2019_08_05_120321_alter_table_menu_items_add_level_field',21),(229,'2019_08_05_153202_alter_table_menu_items_drop_permissions_add_permission_id_field',21),(230,'2019_08_05_211751_alter_menu_items_table_add_type_field',21),(231,'2019_08_06_160250_alter_modules_table_add_controller_field',21),(232,'2019_08_06_164226_alter_roles_table_add_menu_id',21),(233,'2019_08_07_092001_alter_menus_table_add_parent_id_field',21),(234,'2019_08_07_123758_alter_menu_items_table_add_prefix_field',21),(235,'2019_08_08_145140_alter_table_menu_items_remove_permissions_fields',21),(236,'2019_08_14_100334_alter_table_travel_temp_add_country_of_residence_field',21),(237,'2019_08_21_152138_alter_table_app_sections_add_fields',22),(238,'2019_08_23_115938_alter_table_app_sections_make_note_field_nullable',22),(239,'2019_08_26_110645_create_app_products_table',22),(240,'2019_08_27_100109_alter_table_app_products_add_is_slider_field',22),(241,'2019_08_29_142244_alter_table_menus_controller_remove_company_id',23),(242,'2019_08_29_145238_alter_table_menu_items_controller_remove_company_id',23),(243,'2019_09_04_115134_alter_table_companies_add_api_url',24),(244,'2019_09_06_150828_alter_table_order_items_add_title_field',25),(245,'2019_09_06_163930_alter_table_order_items_add_additional_fields',25),(246,'2019_09_09_120538_alter_table_order_items_add_pdf_link_field',25),(247,'2019_09_17_101616_create_get_in_touch_table',26),(248,'2019_09_20_123358_alter_table_policies_add_cob_field',27),(249,'2019_09_22_113316_alter_table_travel_temp_add_company_id_field',28),(250,'2019_09_23_115612_alter_table_policies_add_policy_id_field',28),(251,'2019_09_23_115655_alter_table_order_items_add_policy_id_field',28),(252,'2019_09_26_161710_alter_table_insurance_classes_add__c_o_d_e_i_d',28),(253,'2019_10_01_170046_alter_table_medical_product_extra_benefits_make_coverage_percentage_nullable',29),(254,'2019_10_02_103253_alter_table_medical_product_extra_benefit_make_price_nullable',29),(255,'2019_10_04_110358_alter_table_order_items_add_options_field',29),(256,'2019_10_04_111228_alter_table_additional_benefits_add_is_sport_field',29),(257,'2019_10_05_144813_alter_table_travel_products_add_plan_and_sub_plan_fields',30),(258,'2019_10_05_173337_alter_table_invoices_add_order_id',30),(259,'2019_10_05_174449_alter_table_receipts_add_order_id',30),(260,'2019_10_05_175129_alter_table_invoice_payments_add_order_id_field',30),(261,'2019_10_07_114232_alter_table_users_add_nationality_code_field',30),(262,'2019_10_07_155709_alter_table_additional_benefits_default_zero',31),(263,'2019_10_07_170310_alter_table_travel_temp_add_country_code_fields',31),(264,'2019_10_13_154242_alter_table_product_benefits_add_sorting_field',32),(265,'2019_10_15_130406_alter_table_receipts_add_currency_field',32),(266,'2019_10_15_162336_create_company_requests_table',32),(267,'2019_10_15_174346_alter_table_company_requests_company_id_nullable',32),(268,'2019_10_17_111752_create_company_tokens_table',33),(269,'2019_10_24_160839_create_cities_table',34),(270,'2019_10_25_124610_alter_table_receipts_add_is_saved',35);

--
-- Table structure for table `model_has_permissions`
--

CREATE TABLE `model_has_permissions` (
  `permission_id` int(11) unsigned NOT NULL,
  `model_type` varchar(191) COLLATE utf8mb4_unicode_ci NOT NULL,
  `model_id` int(11) unsigned NOT NULL,
  PRIMARY KEY (`permission_id`,`model_id`,`model_type`),
  KEY `model_has_permissions_model_id_model_type_index` (`model_id`,`model_type`)
) ENGINE=InnoDB DEFAULT CHARSET=utf8mb4 COLLATE=utf8mb4_unicode_ci;

--
-- Dumping data for table `model_has_permissions`
--


--
-- Table structure for table `model_has_roles`
--

CREATE TABLE `model_has_roles` (
  `role_id` int(11) unsigned NOT NULL,
  `model_type` varchar(191) COLLATE utf8mb4_unicode_ci NOT NULL,
  `model_id` int(11) unsigned NOT NULL,
  PRIMARY KEY (`role_id`,`model_id`,`model_type`),
  KEY `model_has_roles_model_id_model_type_index` (`model_id`,`model_type`)
) ENGINE=InnoDB DEFAULT CHARSET=utf8mb4 COLLATE=utf8mb4_unicode_ci;

--
-- Dumping data for table `model_has_roles`
--

INSERT INTO `model_has_roles` VALUES (27,'App\\Models\\User',2),(30,'App\\Models\\User',4),(30,'App\\Models\\User',27),(30,'App\\Models\\User',28),(32,'App\\Models\\User',57),(31,'App\\Models\\User',62);

--
-- Table structure for table `modules`
--

CREATE TABLE `modules` (
  `id` int(11) unsigned NOT NULL AUTO_INCREMENT,
  `name` varchar(191) COLLATE utf8mb4_unicode_ci NOT NULL,
  `controller` varchar(191) COLLATE utf8mb4_unicode_ci DEFAULT NULL,
  `full_controller` varchar(191) COLLATE utf8mb4_unicode_ci DEFAULT NULL,
  `created_at` timestamp NULL DEFAULT NULL,
  `updated_at` timestamp NULL DEFAULT CURRENT_TIMESTAMP ON UPDATE CURRENT_TIMESTAMP,
  `deleted_at` timestamp NULL DEFAULT NULL,
  `added_by` int(11) unsigned NOT NULL,
  `updated_by` int(11) unsigned DEFAULT NULL,
  `title` longtext COLLATE utf8mb4_unicode_ci,
  PRIMARY KEY (`id`),
  KEY `fk_modules_users1_idx` (`added_by`),
  KEY `fk_modules_users2_idx` (`updated_by`),
  CONSTRAINT `fk_modules_users1` FOREIGN KEY (`added_by`) REFERENCES `users` (`id`) ON DELETE NO ACTION ON UPDATE NO ACTION,
  CONSTRAINT `fk_modules_users2` FOREIGN KEY (`updated_by`) REFERENCES `users` (`id`) ON DELETE NO ACTION ON UPDATE NO ACTION
) ENGINE=InnoDB AUTO_INCREMENT=99 DEFAULT CHARSET=utf8mb4 COLLATE=utf8mb4_unicode_ci;

--
-- Dumping data for table `modules`
--

INSERT INTO `modules` VALUES (7,'country','CountryController','App\\Http\\Controllers\\Admin\\CountryController','2019-04-11 02:28:30','2019-08-06 10:29:59',NULL,4,2,'Countries'),(11,'company','CompanyController','App\\Http\\Controllers\\Admin\\CompanyController','2019-04-11 08:16:03','2019-08-06 10:29:17',NULL,4,4,'Companies'),(12,'module','ModuleController','App\\Http\\Controllers\\Admin\\ModuleController','2019-04-12 01:58:00','2019-08-06 10:29:21',NULL,4,NULL,'Modules'),(13,'role','RoleController','App\\Http\\Controllers\\Admin\\RoleController','2019-04-12 05:22:00','2019-08-06 10:29:53',NULL,4,NULL,'Roles'),(15,'employee','EmployeeController','App\\Http\\Controllers\\Admin\\EmployeeController','2019-04-12 05:31:50','2019-08-06 10:13:00',NULL,4,NULL,'Employees'),(16,'travelproduct','TravelProductController','App\\Http\\Controllers\\Admin\\TravelProductController','2019-04-12 05:33:39','2019-08-06 10:13:03',NULL,4,NULL,'Travel Products'),(17,'travelzone','TravelZoneController','App\\Http\\Controllers\\Admin\\TravelZoneController','2019-04-12 05:34:11','2019-08-06 10:12:50',NULL,4,NULL,'Travel Zones'),(18,'travelproductcondition','TravelProductConditionController','App\\Http\\Controllers\\Admin\\TravelProductConditionController','2019-04-12 05:34:24','2019-08-06 10:13:09',NULL,4,NULL,'Travel Product Conditions'),(19,'travelperiod','TravelPeriodController','App\\Http\\Controllers\\Admin\\TravelPeriodController','2019-04-12 05:34:32','2019-08-06 10:12:52',NULL,4,NULL,'Travel Periods'),(20,'travelproductprice','TravelProductPriceController','App\\Http\\Controllers\\Admin\\TravelProductPriceController','2019-04-12 05:34:49','2019-08-06 10:13:09',NULL,4,NULL,'Travel Product Prices'),(21,'usertype','UserTypeController','App\\Http\\Controllers\\Admin\\UserTypeController','2019-04-12 05:42:33','2019-08-06 10:29:18',NULL,4,NULL,'User Types'),(22,'permission','PermissionController','App\\Http\\Controllers\\Admin\\PermissionController','2019-04-12 06:24:53','2019-08-06 10:29:53',NULL,4,NULL,'Permissions'),(23,'gender','GenderController','App\\Http\\Controllers\\Admin\\GenderController','2019-04-16 03:37:00','2019-08-06 10:30:04',NULL,2,NULL,'Genders'),(24,'medicalgroup','MedicalGroupController','App\\Http\\Controllers\\Admin\\MedicalGroupController','2019-04-16 07:22:10','2019-08-06 10:12:54',NULL,2,NULL,'Medical Groups'),(27,'insuranceclass','InsuranceClassController','App\\Http\\Controllers\\Admin\\InsuranceClassController','2019-04-16 08:53:46','2019-08-06 10:12:57',NULL,2,NULL,'Insurance Classes'),(29,'medicalproduct','MedicalProductController','App\\Http\\Controllers\\Admin\\MedicalProductController','2019-04-17 00:33:39','2019-08-06 10:13:25',NULL,2,NULL,'Medical Products'),(31,'policyrange','PolicyRangeController','App\\Http\\Controllers\\Admin\\PolicyRangeController','2019-04-17 01:43:24','2019-08-06 10:12:58',NULL,2,NULL,'Policy Ranges'),(32,'petproduct','PetProductController','App\\Http\\Controllers\\Admin\\PetProductController','2019-04-17 02:04:33','2019-08-06 10:28:07',NULL,2,NULL,'Pet Products'),(33,'expatproduct','ExpatProductController','App\\Http\\Controllers\\Admin\\ExpatProductController','2019-04-17 02:17:43','2019-08-06 10:14:18',NULL,2,NULL,'Expat Products'),(34,'expatproductprice','ExpatProductPriceController','App\\Http\\Controllers\\Admin\\ExpatProductPriceController','2019-04-17 02:30:29','2019-08-06 10:14:16',NULL,2,2,'Expat Product Prices'),(35,'travelbenefit','TravelBenefitController','App\\Http\\Controllers\\Admin\\TravelBenefitController','2019-04-17 08:21:11','2019-08-06 10:37:53',NULL,2,2,'Travel Benefits'),(36,'travelproductbenefit','TravelProductBenefitController','App\\Http\\Controllers\\Admin\\TravelProductBenefitController','2019-04-18 03:00:37','2019-08-06 10:13:09',NULL,2,2,'Travel Product Benefits'),(37,'travelproductadditionalbenefit','TravelProductAdditionalBenefitController','App\\Http\\Controllers\\Admin\\TravelProductAdditionalBenefitController','2019-04-18 03:00:50','2019-08-06 10:13:09',NULL,2,NULL,'Travel Product Additional Benefits'),(38,'traveladditionalbenefit','TravelAdditionalBenefitController','App\\Http\\Controllers\\Admin\\TravelAdditionalBenefitController','2019-04-19 04:33:13','2019-08-06 10:38:09',NULL,2,NULL,'Travel Additional Benefits'),(39,'translation','TranslationController','App\\Http\\Controllers\\Admin\\TranslationController','2019-04-23 07:47:59','2019-08-06 10:29:24',NULL,2,NULL,'Translations'),(40,'language','LanguageController','App\\Http\\Controllers\\Admin\\LanguageController','2019-04-23 08:35:04','2019-08-06 10:29:25',NULL,2,NULL,'Languages'),(41,'client','ClientController','App\\Http\\Controllers\\Admin\\ClientController','2019-04-25 05:21:54','2019-08-06 10:13:54',NULL,2,NULL,'Clients'),(43,'log','LogController','App\\Http\\Controllers\\Admin\\LogController','2019-04-25 08:41:30','2019-08-06 10:30:05',NULL,2,NULL,'Logs'),(44,'medicalproductprice','MedicalProductPriceController','App\\Http\\Controllers\\Admin\\MedicalProductPriceController','2019-05-06 04:59:48','2019-08-06 10:13:30',NULL,2,2,'Medical Product Prices'),(45,'nationality','NationalityController','App\\Http\\Controllers\\Admin\\NationalityController','2019-05-14 06:57:04','2019-08-06 10:30:01',NULL,2,2,'Nationalities'),(46,'profession','ProfessionController','App\\Http\\Controllers\\Admin\\ProfessionController','2019-05-14 08:01:20','2019-08-06 10:30:02',NULL,2,NULL,'Professions'),(47,'petbreed','PetBreedController','App\\Http\\Controllers\\Admin\\PetBreedController','2019-05-14 08:14:32','2019-08-06 10:30:00',NULL,2,NULL,'Pet Breeds'),(48,'huntingproduct','HuntingProductController','App\\Http\\Controllers\\Admin\\HuntingProductController','2019-05-14 08:44:44','2019-08-06 10:28:11',NULL,2,NULL,'Hunting Products'),(50,'cob','COBController','App\\Http\\Controllers\\Admin\\COBController','2019-05-14 09:45:44','2019-08-06 10:28:51',NULL,2,NULL,'COB'),(51,'lob','LOBController','App\\Http\\Controllers\\Admin\\LOBController','2019-05-14 10:49:41','2019-08-06 10:28:50',NULL,2,NULL,'LOB'),(52,'benefit','BenefitController','App\\Http\\Controllers\\Admin\\BenefitController','2019-05-17 07:45:54','2019-08-06 10:28:07',NULL,2,NULL,'Benefits'),(53,'productbenefit',NULL,NULL,'2019-05-17 09:54:47','2019-05-17 09:54:47',NULL,2,NULL,'Product Benefits'),(54,'expatproductbenefit','ExpatProductBenefitController','App\\Http\\Controllers\\Admin\\ExpatProductBenefitController','2019-05-20 09:46:58','2019-08-06 10:14:39',NULL,2,NULL,'Expat Product Benefits'),(55,'petproductbenefit','PetProductBenefitController','App\\Http\\Controllers\\Admin\\PetProductBenefitController','2019-05-20 11:33:24','2019-08-06 10:28:14',NULL,2,NULL,'Pet Product Benefits'),(56,'huntingproductbenefit','HuntingProductBenefitController','App\\Http\\Controllers\\Admin\\HuntingProductBenefitController','2019-05-20 12:13:19','2019-08-06 10:34:33',NULL,2,NULL,'Hunting Product Benefits'),(57,'additionalbenefit','AdditionalBenefitController','App\\Http\\Controllers\\Admin\\AdditionalBenefitController','2019-05-21 04:27:26','2019-08-06 10:28:07',NULL,2,NULL,'Additional Benefits'),(58,'expatproductadditionalbenefit','ExpatProductAdditionalBenefitController','App\\Http\\Controllers\\Admin\\ExpatProductAdditionalBenefitController','2019-05-21 08:30:15','2019-08-06 10:14:39',NULL,2,NULL,'Expat Product Additional Benefits'),(59,'petproductadditionalbenefit','PetProductAdditionalBenefitController','App\\Http\\Controllers\\Admin\\PetProductAdditionalBenefitController','2019-05-21 09:55:57','2019-08-06 10:28:14',NULL,2,NULL,'Pet Product Additional Benefit'),(60,'huntingproductadditionalbenefit','HuntingProductAdditionalBenefitController','App\\Http\\Controllers\\Admin\\HuntingProductAdditionalBenefitController','2019-05-21 10:49:16','2019-08-06 10:35:04',NULL,2,NULL,'Hunting Product Additional Benefits'),(61,'assistancetaskdetail','AssistanceTaskDetailController','App\\Http\\Controllers\\Admin\\AssistanceTaskDetailController','2019-05-27 14:56:25','2019-08-06 10:36:10',NULL,2,NULL,'Assistance Task Details'),(62,'assistance','AssistanceController','App\\Http\\Controllers\\Admin\\AssistanceController','2019-05-27 14:56:37','2019-08-06 10:36:29',NULL,2,NULL,'Assistance'),(63,'assistanceschedule','AssistanceScheduleController','App\\Http\\Controllers\\Admin\\AssistanceScheduleController','2019-05-27 14:57:00','2019-08-06 10:36:44',NULL,2,NULL,'Assistance Schedules'),(64,'assistanceassignee','AssistanceAssigneeController','App\\Http\\Controllers\\Admin\\AssistanceAssigneeController','2019-05-27 14:57:10','2019-08-06 10:37:09',NULL,2,2,'Assistance Assignee'),(65,'assistancetask','AssistanceTaskController','App\\Http\\Controllers\\Admin\\AssistanceTaskController','2019-05-27 14:57:44','2019-08-06 10:37:29',NULL,2,NULL,'Assistance Tasks'),(66,'propertyassistant','PropertyAssistantController','App\\Http\\Controllers\\Admin\\PropertyAssistantController','2019-05-28 07:36:05','2019-08-06 10:13:02',NULL,2,NULL,'Property Assistant'),(67,'order','OrderController','App\\Http\\Controllers\\Admin\\OrderController','2019-06-18 10:42:24','2019-08-06 10:28:50',NULL,2,NULL,'Orders'),(68,'orderitem','OrderItemController','App\\Http\\Controllers\\Admin\\OrderItemController','2019-06-19 06:47:47','2019-08-06 10:13:46',NULL,2,NULL,'Order Items'),(69,'setting','SettingController','App\\Http\\Controllers\\Admin\\SettingController','2019-06-20 09:16:44','2019-08-06 10:29:22',NULL,2,NULL,'Settings'),(70,'settingcategory','SettingCategoryController','App\\Http\\Controllers\\Admin\\SettingCategoryController','2019-06-20 09:36:32','2019-08-06 10:29:23',NULL,2,NULL,'Setting Categories'),(71,'paymentcategory','PaymentCategoryController','App\\Http\\Controllers\\Admin\\PaymentCategoryController','2019-06-23 09:32:21','2019-08-06 10:29:56',NULL,2,NULL,'Payment Categories'),(72,'paymentmethod','PaymentMethodController','App\\Http\\Controllers\\Admin\\PaymentMethodController','2019-06-23 09:53:41','2019-08-06 10:29:58',NULL,2,NULL,'Payment Methods'),(73,'motorcategory','MotorCategoryController','App\\Http\\Controllers\\Admin\\MotorCategoryController','2019-07-02 07:58:45','2019-08-06 10:15:07',NULL,2,NULL,'Motor Categories'),(74,'motorproduct','MotorProductController','App\\Http\\Controllers\\Admin\\MotorProductController','2019-07-02 08:23:31','2019-08-06 10:15:09',NULL,2,NULL,'Motor Products'),(75,'motorproductbenefit','MotorProductBenefitController','App\\Http\\Controllers\\Admin\\MotorProductBenefitController','2019-07-02 10:24:59','2019-08-06 10:15:17',NULL,2,NULL,'Motor Product Benefits'),(76,'motorriskproduct','MotorRiskProductController','App\\Http\\Controllers\\Admin\\MotorRiskProductController','2019-07-03 06:28:42','2019-08-06 10:27:42',NULL,2,2,'Motor All Risk Products'),(77,'motorriskvalue','MotorRiskValueController','App\\Http\\Controllers\\Admin\\MotorRiskValueController','2019-07-03 06:29:07','2019-08-06 10:27:39',NULL,2,2,'Motor All Risk Values'),(78,'motorriskmodelrange','MotorRiskModelRangeController','App\\Http\\Controllers\\Admin\\MotorRiskModelRangeController','2019-07-03 06:29:34','2019-08-06 10:27:40',NULL,2,NULL,'Motor All Risk Model Ranges'),(79,'motorriskproductrate','MotorRiskProductRateController','App\\Http\\Controllers\\Admin\\MotorRiskProductRateController','2019-07-03 06:29:51','2019-08-06 10:33:33',NULL,2,NULL,'Motor All Risk Product Rates'),(80,'motorriskproductbenefit','MotorRiskProductBenefitController','App\\Http\\Controllers\\Admin\\MotorRiskProductBenefitController','2019-07-03 09:28:58','2019-08-06 10:27:49',NULL,2,NULL,'Motor All Risk Product Benefits'),(81,'riskadditionalbenefit','RiskAdditionalBenefitController','App\\Http\\Controllers\\Admin\\RiskAdditionalBenefitController','2019-07-03 10:13:38','2019-08-06 10:32:43',NULL,2,2,'Motor Risk Product Additional Benefits'),(82,'medicalplan','MedicalPlanController','App\\Http\\Controllers\\Admin\\MedicalPlanController','2019-07-24 03:47:06','2019-08-06 10:13:30',NULL,2,NULL,'Medical Plans'),(83,'medicalplanbenefit','MedicalPlanBenefitController','App\\Http\\Controllers\\Admin\\MedicalPlanBenefitController','2019-07-24 04:39:38','2019-08-06 10:13:35',NULL,2,NULL,'Medical Plan Benefits'),(84,'medicalextrabenefit','MedicalExtraBenefitController','App\\Http\\Controllers\\Admin\\MedicalExtraBenefitController','2019-07-24 09:26:54','2019-08-06 10:13:00',NULL,2,NULL,'Medical Extra Benefits'),(85,'medicalcoveragepercentage','MedicalCoveragePercentageController','App\\Http\\Controllers\\Admin\\MedicalCoveragePercentageController','2019-07-24 10:07:08','2019-08-06 10:13:00',NULL,2,NULL,'Medical Coverage Percentages'),(86,'medicalproductextrabenefit','MedicalProductExtraBenefitController','App\\Http\\Controllers\\Admin\\MedicalProductExtraBenefitController','2019-07-24 10:35:40','2019-08-06 10:13:30',NULL,2,NULL,'Medical Product Extra Benefits'),(87,'appmanagementteam','AppManagementTeamController','App\\Http\\Controllers\\Admin\\AppManagementTeamController','2019-07-30 04:11:17','2019-08-06 10:30:32',NULL,2,NULL,'App Management Team'),(88,'appmenu','AppMenuController','App\\Http\\Controllers\\Admin\\AppMenuController','2019-07-30 05:11:58','2019-08-06 10:30:33',NULL,2,NULL,'App Menus'),(89,'appmenuitem','AppMenuItemController','App\\Http\\Controllers\\Admin\\AppMenuItemController','2019-07-30 05:28:35','2019-08-06 10:30:35',NULL,2,NULL,'App Menu Items'),(90,'apppage','AppPageController','App\\Http\\Controllers\\Admin\\AppPageController','2019-07-30 05:57:56','2019-08-06 10:30:36',NULL,2,NULL,'App Pages'),(91,'appsetting','AppSettingController','App\\Http\\Controllers\\Admin\\AppSettingController','2019-07-30 06:10:21','2019-08-06 10:30:38',NULL,2,NULL,'App Settings'),(92,'appsection','AppSectionController','App\\Http\\Controllers\\Admin\\AppSectionController','2019-07-30 08:07:13','2019-08-06 10:30:43',NULL,2,NULL,'App Sections'),(93,'appsectioninactivefield','AppSectionInactiveFieldController','App\\Http\\Controllers\\Admin\\AppSectionInactiveFieldController','2019-07-30 08:20:03','2019-08-06 10:30:47',NULL,2,NULL,'App Section Inactive Fields'),(94,'appsectionitem','AppSectionItemController','App\\Http\\Controllers\\Admin\\AppSectionItemController','2019-07-30 08:40:05','2019-08-06 10:30:47',NULL,2,NULL,'App Section items'),(95,'appsocialmedialink','AppSocialMediaLinkController','App\\Http\\Controllers\\Admin\\AppSocialMediaLinkController','2019-07-31 03:05:01','2019-08-06 10:30:39',NULL,2,2,'App Social media Link'),(96,'menu','MenuController','App\\Http\\Controllers\\Admin\\MenuController','2019-07-31 08:05:02','2019-08-06 10:38:41',NULL,2,NULL,'Menus'),(97,'menuitem','MenuItemController','App\\Http\\Controllers\\Admin\\MenuItemController','2019-07-31 08:26:40','2019-08-06 10:32:15',NULL,2,NULL,'Menu Items'),(98,'appproduct',NULL,NULL,'2019-08-29 15:22:18','2019-08-29 15:22:18',NULL,2,NULL,'App Products');

--
-- Table structure for table `nationalities`
--

CREATE TABLE `nationalities` (
  `id` int(11) unsigned NOT NULL AUTO_INCREMENT,
  `title` longtext COLLATE utf8mb4_unicode_ci,
  `CODEID` varchar(191) COLLATE utf8mb4_unicode_ci DEFAULT NULL,
  `is_active` tinyint(1) NOT NULL DEFAULT '1',
  `company_id` int(11) unsigned NOT NULL,
  `added_by` int(11) unsigned NOT NULL,
  `updated_by` int(11) unsigned DEFAULT NULL,
  `deleted_at` timestamp NULL DEFAULT NULL,
  `created_at` timestamp NULL DEFAULT NULL,
  `updated_at` timestamp NULL DEFAULT NULL,
  PRIMARY KEY (`id`),
  KEY `nationalities_companies_company_id_ind1` (`company_id`),
  KEY `nationalities_users_added_by_ind2` (`added_by`),
  KEY `nationalities_users_updated_by_ind3` (`updated_by`)
) ENGINE=InnoDB AUTO_INCREMENT=6 DEFAULT CHARSET=utf8mb4 COLLATE=utf8mb4_unicode_ci;

--
-- Dumping data for table `nationalities`
--

INSERT INTO `nationalities` VALUES (1,'{\"ar\":null,\"en\":\"Lebanese8\"}','12388',1,4,2,2,NULL,'2019-05-14 10:11:42','2019-05-14 10:12:56'),(2,'{\"en\":\"Lebanese\",\"ar\":null}','12',1,3,4,NULL,'2019-05-28 13:35:28','2019-05-28 13:35:24','2019-05-28 13:35:28'),(3,'{\"en\":\"lebanese\",\"ar\":null}','`111',1,3,4,4,NULL,'2019-05-28 13:35:38','2019-05-28 13:36:06'),(4,'{\"en\":\"Egyptian\",\"ar\":null}','33',1,3,4,NULL,NULL,'2019-05-28 13:35:47','2019-05-28 13:35:47'),(5,'{\"en\":\"ee\",\"ar\":null}','456',1,3,4,NULL,'2019-05-28 13:36:33','2019-05-28 13:36:13','2019-05-28 13:36:33');

--
-- Table structure for table `oauth_auth_codes`
--

CREATE TABLE `oauth_auth_codes` (
  `id` varchar(100) COLLATE utf8mb4_unicode_ci NOT NULL,
  `user_id` int(11) NOT NULL,
  `client_id` int(11) unsigned NOT NULL,
  `scopes` text COLLATE utf8mb4_unicode_ci,
  `revoked` tinyint(1) NOT NULL,
  `expires_at` datetime DEFAULT NULL,
  PRIMARY KEY (`id`)
) ENGINE=InnoDB DEFAULT CHARSET=utf8mb4 COLLATE=utf8mb4_unicode_ci;

--
-- Dumping data for table `oauth_auth_codes`
--


--
-- Table structure for table `oauth_personal_access_clients`
--

CREATE TABLE `oauth_personal_access_clients` (
  `id` int(11) unsigned NOT NULL AUTO_INCREMENT,
  `client_id` int(11) unsigned NOT NULL,
  `created_at` timestamp NULL DEFAULT NULL,
  `updated_at` timestamp NULL DEFAULT NULL,
  PRIMARY KEY (`id`),
  KEY `oauth_personal_access_clients_client_id_index` (`client_id`)
) ENGINE=InnoDB AUTO_INCREMENT=5 DEFAULT CHARSET=utf8mb4 COLLATE=utf8mb4_unicode_ci;

--
-- Dumping data for table `oauth_personal_access_clients`
--

INSERT INTO `oauth_personal_access_clients` VALUES (1,7,'2019-07-15 09:34:24','2019-07-15 09:34:24'),(2,8,'2019-07-15 10:18:55','2019-07-15 10:18:55'),(3,10,'2019-07-15 10:19:09','2019-07-15 10:19:09'),(4,12,'2019-07-15 10:31:59','2019-07-15 10:31:59');

--
-- Table structure for table `order_items`
--

CREATE TABLE `order_items` (
  `id` int(10) unsigned NOT NULL AUTO_INCREMENT,
  `title` varchar(191) COLLATE utf8mb4_unicode_ci DEFAULT NULL,
  `order_id` int(10) unsigned NOT NULL,
  `user_id` int(10) unsigned NOT NULL,
  `product_id` int(10) unsigned DEFAULT NULL,
  `product_type` varchar(191) COLLATE utf8mb4_unicode_ci DEFAULT NULL,
  `inception_date` date DEFAULT NULL,
  `expiry_date` date DEFAULT NULL,
  `net_price` decimal(10,2) NOT NULL,
  `price` decimal(10,2) NOT NULL,
  `currency` varchar(191) COLLATE utf8mb4_unicode_ci DEFAULT NULL,
  `fees` text COLLATE utf8mb4_unicode_ci,
  `pdf_link` varchar(191) COLLATE utf8mb4_unicode_ci DEFAULT NULL,
  `options` text COLLATE utf8mb4_unicode_ci,
  `company_id` int(10) unsigned NOT NULL,
  `deleted_at` timestamp NULL DEFAULT NULL,
  `created_at` timestamp NULL DEFAULT NULL,
  `updated_at` timestamp NULL DEFAULT NULL,
  PRIMARY KEY (`id`),
  KEY `fk_orders_order_items_order_id` (`order_id`),
  KEY `fk_users_order_items_user_id` (`user_id`),
  KEY `fk_companies_order_items_company_id` (`company_id`),
  CONSTRAINT `fk_companies_order_items_company_id` FOREIGN KEY (`company_id`) REFERENCES `companies` (`id`) ON DELETE NO ACTION ON UPDATE NO ACTION,
  CONSTRAINT `fk_orders_order_items_order_id` FOREIGN KEY (`order_id`) REFERENCES `orders` (`id`) ON DELETE NO ACTION ON UPDATE NO ACTION,
  CONSTRAINT `fk_users_order_items_user_id` FOREIGN KEY (`user_id`) REFERENCES `users` (`id`) ON DELETE CASCADE ON UPDATE CASCADE
) ENGINE=InnoDB AUTO_INCREMENT=40 DEFAULT CHARSET=utf8mb4 COLLATE=utf8mb4_unicode_ci;

--
-- Dumping data for table `order_items`
--


--
-- Table structure for table `orders`
--

CREATE TABLE `orders` (
  `id` int(10) unsigned NOT NULL AUTO_INCREMENT,
  `payment_status_id` int(10) unsigned NOT NULL,
  `order_number` varchar(191) COLLATE utf8mb4_unicode_ci DEFAULT NULL,
  `user_id` int(10) unsigned NOT NULL,
  `amount` decimal(10,2) NOT NULL,
  `currency` varchar(191) COLLATE utf8mb4_unicode_ci NOT NULL,
  `company_id` int(10) unsigned NOT NULL,
  `deleted_at` timestamp NULL DEFAULT NULL,
  `created_at` timestamp NULL DEFAULT NULL,
  `updated_at` timestamp NULL DEFAULT NULL,
  `net_amount` decimal(10,2) NOT NULL,
  `fees` text COLLATE utf8mb4_unicode_ci NOT NULL,
  PRIMARY KEY (`id`),
  KEY `fk_users_orders_user_id` (`user_id`),
  KEY `fk_companies_orders_company_id` (`company_id`),
  KEY `fk_payment_statuses_orders_payment_status_id` (`payment_status_id`),
  CONSTRAINT `fk_companies_orders_company_id` FOREIGN KEY (`company_id`) REFERENCES `companies` (`id`) ON DELETE NO ACTION ON UPDATE NO ACTION,
  CONSTRAINT `fk_payment_statuses_orders_payment_status_id` FOREIGN KEY (`payment_status_id`) REFERENCES `payment_statuses` (`id`) ON DELETE NO ACTION ON UPDATE NO ACTION,
  CONSTRAINT `fk_users_orders_user_id` FOREIGN KEY (`user_id`) REFERENCES `users` (`id`) ON DELETE NO ACTION ON UPDATE NO ACTION
) ENGINE=InnoDB AUTO_INCREMENT=23 DEFAULT CHARSET=utf8mb4 COLLATE=utf8mb4_unicode_ci;

--
-- Dumping data for table `orders`
--

INSERT INTO `orders` VALUES (4,1,'000ACC5379',42,22.50,'usd',5,NULL,'2019-07-05 14:15:26','2019-07-05 14:15:26',18.00,'[{\"title\":\"Remove deductible\",\"value\":2.7000000000000002,\"additional_benefit_id\":11,\"force_load_rate_value\":null},{\"title\":\"Upgrade Trip Curtailment to become up to 7,500\",\"value\":1.8,\"additional_benefit_id\":12,\"force_load_rate_value\":null}]'),(5,1,'000ACC5381',42,22.50,'usd',5,NULL,'2019-07-05 14:15:29','2019-07-05 14:15:29',18.00,'[{\"title\":\"Remove deductible\",\"value\":2.7000000000000002,\"additional_benefit_id\":11,\"force_load_rate_value\":null},{\"title\":\"Upgrade Trip Curtailment to become up to 7,500\",\"value\":1.8,\"additional_benefit_id\":12,\"force_load_rate_value\":null}]'),(6,1,'000ACC5393',42,22.50,'usd',5,NULL,'2019-07-05 14:19:03','2019-07-05 14:39:44',18.00,'[{\"title\":\"Remove deductible\",\"value\":2.7000000000000002,\"additional_benefit_id\":11,\"force_load_rate_value\":null},{\"title\":\"Upgrade Trip Curtailment to become up to 7,500\",\"value\":1.8,\"additional_benefit_id\":12,\"force_load_rate_value\":null}]'),(7,2,'000ACC5395',42,63.00,'usd',5,NULL,'2019-07-05 14:40:35','2019-07-05 14:43:05',36.00,'[{\"title\":\"Winter\\/Summer sports activities\",\"value\":18,\"additional_benefit_id\":10,\"force_load_rate_value\":null},{\"title\":\"Remove deductible\",\"value\":5.4000000000000004,\"additional_benefit_id\":11,\"force_load_rate_value\":null},{\"title\":\"Upgrade Trip Curtailment to become up to 7,500\",\"value\":3.6000000000000001,\"additional_benefit_id\":12,\"force_load_rate_value\":null}]'),(8,1,'000ACC5397',42,13.20,'usd',5,NULL,'2019-07-05 12:00:09','2019-07-05 12:00:09',12.00,'[{\"title\":\"Upgrade Trip Curtailment to become up to 7,500\",\"value\":1.2,\"additional_benefit_id\":12,\"force_load_rate_value\":null}]'),(9,1,'',42,17.50,'usd',5,NULL,'2019-07-05 12:40:13','2019-07-05 12:40:27',10.00,'[{\"title\":\"Winter\\/Summer sports activities\",\"value\":5,\"additional_benefit_id\":10,\"force_load_rate_value\":null},{\"title\":\"Remove deductible\",\"value\":1.5,\"additional_benefit_id\":11,\"force_load_rate_value\":null},{\"title\":\"Upgrade Trip Curtailment to become up to 7,500\",\"value\":1,\"additional_benefit_id\":12,\"force_load_rate_value\":null}]'),(10,2,'000ACC5399',42,24.50,'usd',5,NULL,'2019-07-05 12:48:54','2019-07-05 12:52:49',14.00,'[{\"title\":\"Winter\\/Summer sports activities\",\"value\":7,\"additional_benefit_id\":10,\"force_load_rate_value\":null},{\"title\":\"Remove deductible\",\"value\":2.1,\"additional_benefit_id\":11,\"force_load_rate_value\":null},{\"title\":\"Upgrade Trip Curtailment to become up to 7,500\",\"value\":1.4,\"additional_benefit_id\":12,\"force_load_rate_value\":null}]'),(11,2,'000ACC5399',42,192.50,'usd',5,NULL,'2019-07-05 16:06:28','2019-07-05 16:08:28',110.00,'[{\"title\":\"Winter\\/Summer sports activities\",\"value\":55,\"additional_benefit_id\":10,\"force_load_rate_value\":null},{\"title\":\"Remove deductible\",\"value\":16.5,\"additional_benefit_id\":11,\"force_load_rate_value\":null},{\"title\":\"Upgrade Trip Curtailment to become up to 7,500\",\"value\":11,\"additional_benefit_id\":12,\"force_load_rate_value\":null}]'),(12,2,'000ACC53101',42,42.00,'usd',5,NULL,'2019-07-05 16:52:26','2019-07-05 16:53:36',24.00,'[{\"title\":\"Winter\\/Summer sports activities\",\"value\":12,\"additional_benefit_id\":10,\"force_load_rate_value\":null},{\"title\":\"Remove deductible\",\"value\":3.6000000000000001,\"additional_benefit_id\":11,\"force_load_rate_value\":null},{\"title\":\"Upgrade Trip Curtailment to become up to 7,500\",\"value\":2.3999999999999999,\"additional_benefit_id\":12,\"force_load_rate_value\":null}]'),(13,1,'000ACC53111',42,35.00,'usd',5,NULL,'2019-09-11 15:01:30','2019-09-11 15:01:30',20.00,'[{\"title\":\"Winter\\/Summer sports activities\",\"value\":10,\"additional_benefit_id\":10,\"force_load_rate_value\":null},{\"title\":\"Remove deductible\",\"value\":3,\"additional_benefit_id\":11,\"force_load_rate_value\":null},{\"title\":\"Upgrade Trip Curtailment to become up to 7,500\",\"value\":2,\"additional_benefit_id\":12,\"force_load_rate_value\":null}]'),(14,2,'000ACC53113',42,14.00,'usd',5,NULL,'2019-09-11 15:03:06','2019-09-11 15:04:01',14.00,'[]'),(15,2,'000ACC53115',42,30.00,'usd',5,NULL,'2019-09-12 12:20:25','2019-09-12 12:26:15',20.00,'[{\"title\":\"Winter\\/Summer sports activities\",\"value\":10,\"additional_benefit_id\":10,\"force_load_rate_value\":null}]'),(16,1,'000ACC53117',42,11.50,'usd',5,NULL,'2019-09-26 18:08:13','2019-09-26 18:08:13',10.00,'[{\"title\":\"Remove deductible\",\"value\":1.5,\"additional_benefit_id\":11,\"force_load_rate_value\":null}]'),(17,4,'000ACC53101',42,40.50,'usd',3,NULL,'2019-10-08 10:22:05','2019-10-08 10:22:43',27.00,'[{\"title\":\"Winter\\/Summer sports activities\",\"value\":13.5,\"additional_benefit_id\":3,\"force_load_rate_value\":null}]'),(18,1,'000ACC53119',42,27.00,'usd',5,NULL,'2019-10-08 10:47:35','2019-10-08 10:47:35',18.00,'[{\"title\":\"Winter\\/Summer sports activities\",\"value\":9,\"additional_benefit_id\":10,\"force_load_rate_value\":null}]'),(19,2,'000ACC53121',42,31.50,'usd',5,NULL,'2019-10-08 10:54:44','2019-10-08 10:55:13',21.00,'[{\"title\":\"Winter\\/Summer sports activities\",\"value\":10.5,\"additional_benefit_id\":10,\"force_load_rate_value\":null}]'),(20,2,'000ACC53123',42,67.50,'usd',5,NULL,'2019-10-08 12:47:22','2019-10-08 12:48:17',67.50,'[]'),(21,2,'000ACC53125',42,24.00,'usd',5,NULL,'2019-10-09 07:06:13','2019-10-09 07:06:41',24.00,'[]'),(22,2,'000ACC53127',42,27.00,'usd',5,NULL,'2019-10-24 08:18:29','2019-10-24 08:21:21',18.00,'[{\"title\":\"Winter\\/Summer sports activities\",\"value\":9,\"additional_benefit_id\":10,\"force_load_rate_value\":null}]');

--
-- Table structure for table `payment_categories`
--

CREATE TABLE `payment_categories` (
  `id` int(10) unsigned NOT NULL AUTO_INCREMENT,
  `title` varchar(191) COLLATE utf8mb4_unicode_ci NOT NULL,
  `is_active` tinyint(1) DEFAULT '1',
  `added_by` int(10) unsigned NOT NULL,
  `updated_by` int(10) unsigned DEFAULT NULL,
  `company_id` int(10) unsigned NOT NULL,
  `created_at` timestamp NULL DEFAULT NULL,
  `updated_at` timestamp NULL DEFAULT NULL,
  `deleted_at` timestamp NULL DEFAULT NULL,
  PRIMARY KEY (`id`),
  KEY `fk_payment_categories_users_added_by` (`added_by`),
  KEY `fk_payment_categories_companies_company_id` (`company_id`),
  KEY `fk_payment_categories_users_updated_by` (`updated_by`),
  CONSTRAINT `fk_payment_categories_companies_company_id` FOREIGN KEY (`company_id`) REFERENCES `companies` (`id`) ON DELETE NO ACTION ON UPDATE NO ACTION,
  CONSTRAINT `fk_payment_categories_users_added_by` FOREIGN KEY (`added_by`) REFERENCES `users` (`id`) ON DELETE NO ACTION ON UPDATE NO ACTION,
  CONSTRAINT `fk_payment_categories_users_updated_by` FOREIGN KEY (`updated_by`) REFERENCES `users` (`id`) ON DELETE NO ACTION ON UPDATE NO ACTION
) ENGINE=InnoDB AUTO_INCREMENT=5 DEFAULT CHARSET=utf8mb4 COLLATE=utf8mb4_unicode_ci;

--
-- Dumping data for table `payment_categories`
--

INSERT INTO `payment_categories` VALUES (1,'{\"en\":\"Cash\",\"ar\":null}',1,2,NULL,3,'2019-06-23 12:35:35','2019-06-23 12:35:35',NULL),(2,'{\"en\":\"Credit Card\",\"ar\":null}',1,2,NULL,3,'2019-06-23 12:37:28','2019-06-23 12:37:28',NULL),(3,'{\"en\":\"Cash\",\"ar\":null}',1,2,NULL,5,'2019-06-23 12:35:35','2019-06-23 12:35:35',NULL),(4,'{\"en\":\"Credit Card\",\"ar\":null}',1,2,NULL,5,'2019-06-23 12:37:28','2019-06-23 12:37:28',NULL);

--
-- Table structure for table `payment_methods`
--

CREATE TABLE `payment_methods` (
  `id` int(10) unsigned NOT NULL AUTO_INCREMENT,
  `title` varchar(191) COLLATE utf8mb4_unicode_ci NOT NULL,
  `payment_category_id` int(10) unsigned NOT NULL,
  `is_active` tinyint(1) DEFAULT '1',
  `added_by` int(10) unsigned NOT NULL,
  `updated_by` int(10) unsigned DEFAULT NULL,
  `company_id` int(10) unsigned NOT NULL,
  `created_at` timestamp NULL DEFAULT NULL,
  `updated_at` timestamp NULL DEFAULT NULL,
  `deleted_at` timestamp NULL DEFAULT NULL,
  PRIMARY KEY (`id`),
  KEY `fk_payment_methods_payment_category_id` (`payment_category_id`),
  KEY `fk_payment_methods_users_added_by` (`added_by`),
  KEY `fk_payment_methods_companies_company_id` (`company_id`),
  KEY `fk_payment_methods_users_updated_by` (`updated_by`),
  CONSTRAINT `fk_payment_methods_companies_company_id` FOREIGN KEY (`company_id`) REFERENCES `companies` (`id`) ON DELETE NO ACTION ON UPDATE NO ACTION,
  CONSTRAINT `fk_payment_methods_payment_category_id` FOREIGN KEY (`payment_category_id`) REFERENCES `payment_categories` (`id`) ON DELETE NO ACTION ON UPDATE NO ACTION,
  CONSTRAINT `fk_payment_methods_users_added_by` FOREIGN KEY (`added_by`) REFERENCES `users` (`id`) ON DELETE NO ACTION ON UPDATE NO ACTION,
  CONSTRAINT `fk_payment_methods_users_updated_by` FOREIGN KEY (`updated_by`) REFERENCES `users` (`id`) ON DELETE NO ACTION ON UPDATE NO ACTION
) ENGINE=InnoDB AUTO_INCREMENT=3 DEFAULT CHARSET=utf8mb4 COLLATE=utf8mb4_unicode_ci;

--
-- Dumping data for table `payment_methods`
--

INSERT INTO `payment_methods` VALUES (1,'Master Card',2,1,2,2,3,'2019-06-23 12:56:01','2019-06-25 07:59:42',NULL),(2,'Master Card',4,1,2,2,5,'2019-06-23 12:56:24','2019-06-25 07:59:52',NULL);

--
-- Table structure for table `payment_statuses`
--

CREATE TABLE `payment_statuses` (
  `id` int(10) unsigned NOT NULL AUTO_INCREMENT,
  `title` varchar(191) COLLATE utf8mb4_unicode_ci DEFAULT NULL,
  `label` varchar(191) COLLATE utf8mb4_unicode_ci NOT NULL,
  `is_active` tinyint(1) DEFAULT '1',
  `added_by` int(10) unsigned DEFAULT NULL,
  `updated_by` int(10) unsigned DEFAULT NULL,
  `company_id` int(10) unsigned NOT NULL,
  `deleted_at` timestamp NULL DEFAULT NULL,
  `created_at` timestamp NULL DEFAULT NULL,
  `updated_at` timestamp NULL DEFAULT NULL,
  PRIMARY KEY (`id`),
  KEY `fk_payment_statuses_users_added_by` (`added_by`),
  KEY `fk_payment_statuses_users_updated_by` (`updated_by`),
  KEY `fk_payment_statuses_companies_company_id` (`company_id`),
  CONSTRAINT `fk_payment_statuses_companies_company_id` FOREIGN KEY (`company_id`) REFERENCES `companies` (`id`) ON DELETE NO ACTION ON UPDATE NO ACTION,
  CONSTRAINT `fk_payment_statuses_users_added_by` FOREIGN KEY (`added_by`) REFERENCES `users` (`id`) ON DELETE NO ACTION ON UPDATE NO ACTION,
  CONSTRAINT `fk_payment_statuses_users_updated_by` FOREIGN KEY (`updated_by`) REFERENCES `users` (`id`) ON DELETE NO ACTION ON UPDATE NO ACTION
) ENGINE=InnoDB AUTO_INCREMENT=5 DEFAULT CHARSET=utf8mb4 COLLATE=utf8mb4_unicode_ci;

--
-- Dumping data for table `payment_statuses`
--

INSERT INTO `payment_statuses` VALUES (1,'pending','pending',1,2,NULL,5,NULL,NULL,NULL),(2,'paid','paid',1,2,NULL,5,NULL,NULL,NULL),(3,'pending','pending',1,2,NULL,3,NULL,NULL,NULL),(4,'paid','paid',1,2,NULL,3,NULL,NULL,NULL);

--
-- Table structure for table `permissions`
--

CREATE TABLE `permissions` (
  `id` int(11) unsigned NOT NULL AUTO_INCREMENT,
  `name` varchar(191) COLLATE utf8mb4_unicode_ci NOT NULL,
  `guard_name` varchar(191) COLLATE utf8mb4_unicode_ci NOT NULL,
  `created_at` timestamp NULL DEFAULT NULL,
  `updated_at` timestamp NULL DEFAULT NULL,
  `deleted_at` timestamp NULL DEFAULT NULL,
  `is_active` int(11) NOT NULL DEFAULT '1',
  `module_id` int(11) NOT NULL,
  `action` varchar(190) COLLATE utf8mb4_unicode_ci NOT NULL,
  PRIMARY KEY (`id`),
  KEY `module_id` (`module_id`)
) ENGINE=InnoDB AUTO_INCREMENT=959 DEFAULT CHARSET=utf8mb4 COLLATE=utf8mb4_unicode_ci;

--
-- Dumping data for table `permissions`
--

INSERT INTO `permissions` VALUES (520,'browse-country','web','2019-04-12 08:54:44','2019-04-12 08:54:44',NULL,1,7,'browse'),(521,'read-country','web','2019-04-12 08:54:44','2019-04-12 08:54:44',NULL,1,7,'read'),(522,'edit-country','web','2019-04-12 08:54:44','2019-04-12 08:54:44',NULL,1,7,'edit'),(523,'add-country','web','2019-04-12 08:54:44','2019-04-12 08:54:44',NULL,1,7,'add'),(524,'delete-country','web','2019-04-12 08:54:44','2019-04-12 08:54:44',NULL,1,7,'delete'),(525,'browse-company','web','2019-04-12 08:54:44','2019-04-12 08:54:44',NULL,1,11,'browse'),(526,'read-company','web','2019-04-12 08:54:44','2019-04-12 08:54:44',NULL,1,11,'read'),(527,'edit-company','web','2019-04-12 08:54:44','2019-04-12 08:54:44',NULL,1,11,'edit'),(528,'add-company','web','2019-04-12 08:54:44','2019-04-12 08:54:44',NULL,1,11,'add'),(529,'delete-company','web','2019-04-12 08:54:44','2019-04-12 08:54:44',NULL,1,11,'delete'),(530,'browse-module','web','2019-04-12 08:54:44','2019-04-12 08:54:44',NULL,1,12,'browse'),(531,'read-module','web','2019-04-12 08:54:44','2019-04-12 08:54:44',NULL,1,12,'read'),(532,'edit-module','web','2019-04-12 08:54:44','2019-04-12 08:54:44',NULL,1,12,'edit'),(533,'add-module','web','2019-04-12 08:54:44','2019-04-12 08:54:44',NULL,1,12,'add'),(534,'delete-module','web','2019-04-12 08:54:44','2019-04-12 08:54:44',NULL,1,12,'delete'),(535,'browse-role','web','2019-04-12 08:54:44','2019-04-12 08:54:44',NULL,1,13,'browse'),(536,'read-role','web','2019-04-12 08:54:44','2019-04-12 08:54:44',NULL,1,13,'read'),(537,'edit-role','web','2019-04-12 08:54:44','2019-04-12 08:54:44',NULL,1,13,'edit'),(538,'add-role','web','2019-04-12 08:54:44','2019-04-12 08:54:44',NULL,1,13,'add'),(539,'delete-role','web','2019-04-12 08:54:44','2019-04-12 08:54:44',NULL,1,13,'delete'),(540,'browse-employee','web','2019-04-12 08:54:44','2019-04-12 08:54:44',NULL,1,15,'browse'),(541,'read-employee','web','2019-04-12 08:54:44','2019-04-12 08:54:44',NULL,1,15,'read'),(542,'edit-employee','web','2019-04-12 08:54:44','2019-04-12 08:54:44',NULL,1,15,'edit'),(543,'add-employee','web','2019-04-12 08:54:44','2019-04-12 08:54:44',NULL,1,15,'add'),(544,'delete-employee','web','2019-04-12 08:54:44','2019-04-12 08:54:44',NULL,1,15,'delete'),(545,'browse-travelproduct','web','2019-04-12 08:54:44','2019-04-12 08:54:44',NULL,1,16,'browse'),(546,'read-travelproduct','web','2019-04-12 08:54:44','2019-04-12 08:54:44',NULL,1,16,'read'),(547,'edit-travelproduct','web','2019-04-12 08:54:44','2019-04-12 08:54:44',NULL,1,16,'edit'),(548,'add-travelproduct','web','2019-04-12 08:54:44','2019-04-12 08:54:44',NULL,1,16,'add'),(549,'delete-travelproduct','web','2019-04-12 08:54:44','2019-04-12 08:54:44',NULL,1,16,'delete'),(550,'browse-travelzone','web','2019-04-12 08:54:44','2019-04-12 08:54:44',NULL,1,17,'browse'),(551,'read-travelzone','web','2019-04-12 08:54:44','2019-04-12 08:54:44',NULL,1,17,'read'),(552,'edit-travelzone','web','2019-04-12 08:54:44','2019-04-12 08:54:44',NULL,1,17,'edit'),(553,'add-travelzone','web','2019-04-12 08:54:44','2019-04-12 08:54:44',NULL,1,17,'add'),(554,'delete-travelzone','web','2019-04-12 08:54:44','2019-04-12 08:54:44',NULL,1,17,'delete'),(555,'browse-travelproductcondition','web','2019-04-12 08:54:44','2019-04-12 08:54:44',NULL,1,18,'browse'),(556,'read-travelproductcondition','web','2019-04-12 08:54:44','2019-04-12 08:54:44',NULL,1,18,'read'),(557,'edit-travelproductcondition','web','2019-04-12 08:54:44','2019-04-12 08:54:44',NULL,1,18,'edit'),(558,'add-travelproductcondition','web','2019-04-12 08:54:44','2019-04-12 08:54:44',NULL,1,18,'add'),(559,'delete-travelproductcondition','web','2019-04-12 08:54:44','2019-04-12 08:54:44',NULL,1,18,'delete'),(560,'browse-travelperiod','web','2019-04-12 08:54:44','2019-04-12 08:54:44',NULL,1,19,'browse'),(561,'read-travelperiod','web','2019-04-12 08:54:44','2019-04-12 08:54:44',NULL,1,19,'read'),(562,'edit-travelperiod','web','2019-04-12 08:54:44','2019-04-12 08:54:44',NULL,1,19,'edit'),(563,'add-travelperiod','web','2019-04-12 08:54:44','2019-04-12 08:54:44',NULL,1,19,'add'),(564,'delete-travelperiod','web','2019-04-12 08:54:44','2019-04-12 08:54:44',NULL,1,19,'delete'),(565,'browse-travelproductprice','web','2019-04-12 08:54:44','2019-04-12 08:54:44',NULL,1,20,'browse'),(566,'read-travelproductprice','web','2019-04-12 08:54:44','2019-04-12 08:54:44',NULL,1,20,'read'),(567,'edit-travelproductprice','web','2019-04-12 08:54:44','2019-04-12 08:54:44',NULL,1,20,'edit'),(568,'add-travelproductprice','web','2019-04-12 08:54:44','2019-04-12 08:54:44',NULL,1,20,'add'),(569,'delete-travelproductprice','web','2019-04-12 08:54:44','2019-04-12 08:54:44',NULL,1,20,'delete'),(570,'browse-usertype','web','2019-04-12 08:54:44','2019-04-12 08:54:44',NULL,1,21,'browse'),(571,'read-usertype','web','2019-04-12 08:54:44','2019-04-12 08:54:44',NULL,1,21,'read'),(572,'edit-usertype','web','2019-04-12 08:54:44','2019-04-12 08:54:44',NULL,1,21,'edit'),(573,'add-usertype','web','2019-04-12 08:54:44','2019-04-12 08:54:44',NULL,1,21,'add'),(574,'delete-usertype','web','2019-04-12 08:54:44','2019-04-12 08:54:44',NULL,1,21,'delete'),(575,'browse-permission','web','2019-04-12 09:34:01','2019-04-12 09:34:01',NULL,1,22,'browse'),(576,'read-permission','web','2019-04-12 09:34:01','2019-04-12 09:34:01',NULL,1,22,'read'),(577,'edit-permission','web','2019-04-12 09:34:01','2019-04-12 09:34:01',NULL,1,22,'edit'),(578,'add-permission','web','2019-04-12 09:34:01','2019-04-12 09:34:01',NULL,1,22,'add'),(579,'delete-permission','web','2019-04-12 09:34:01','2019-04-12 09:34:01',NULL,1,22,'delete'),(580,'sync-role','web','2019-04-12 09:37:15','2019-04-12 10:24:31',NULL,1,13,'sync'),(581,'browse-gender','web','2019-04-18 14:22:26','2019-04-18 14:22:26',NULL,1,23,'browse'),(582,'read-gender','web','2019-04-18 14:22:26','2019-04-18 14:22:26',NULL,1,23,'read'),(583,'edit-gender','web','2019-04-18 14:22:26','2019-04-18 14:22:26',NULL,1,23,'edit'),(584,'add-gender','web','2019-04-18 14:22:26','2019-04-18 14:22:26',NULL,1,23,'add'),(585,'delete-gender','web','2019-04-18 14:22:26','2019-04-18 14:22:26',NULL,1,23,'delete'),(586,'browse-medicalgroup','web','2019-04-18 14:22:26','2019-04-18 14:22:26',NULL,1,24,'browse'),(587,'read-medicalgroup','web','2019-04-18 14:22:26','2019-04-18 14:22:26',NULL,1,24,'read'),(588,'edit-medicalgroup','web','2019-04-18 14:22:26','2019-04-18 14:22:26',NULL,1,24,'edit'),(589,'add-medicalgroup','web','2019-04-18 14:22:26','2019-04-18 14:22:26',NULL,1,24,'add'),(590,'delete-medicalgroup','web','2019-04-18 14:22:26','2019-04-18 14:22:26',NULL,1,24,'delete'),(591,'browse-medicalcategory','web','2019-04-18 14:22:26','2019-04-18 14:22:26',NULL,1,25,'browse'),(592,'read-medicalcategory','web','2019-04-18 14:22:26','2019-04-18 14:22:26',NULL,1,25,'read'),(593,'edit-medicalcategory','web','2019-04-18 14:22:26','2019-04-18 14:22:26',NULL,1,25,'edit'),(594,'add-medicalcategory','web','2019-04-18 14:22:26','2019-04-18 14:22:26',NULL,1,25,'add'),(595,'delete-medicalcategory','web','2019-04-18 14:22:26','2019-04-18 14:22:26',NULL,1,25,'delete'),(596,'browse-insurancetype','web','2019-04-18 14:22:26','2019-04-18 14:22:26',NULL,1,26,'browse'),(597,'read-insurancetype','web','2019-04-18 14:22:26','2019-04-18 14:22:26',NULL,1,26,'read'),(598,'edit-insurancetype','web','2019-04-18 14:22:26','2019-04-18 14:22:26',NULL,1,26,'edit'),(599,'add-insurancetype','web','2019-04-18 14:22:26','2019-04-18 14:22:26',NULL,1,26,'add'),(600,'delete-insurancetype','web','2019-04-18 14:22:26','2019-04-18 14:22:26',NULL,1,26,'delete'),(601,'browse-insuranceclass','web','2019-04-18 14:22:26','2019-04-18 14:22:26',NULL,1,27,'browse'),(602,'read-insuranceclass','web','2019-04-18 14:22:26','2019-04-18 14:22:26',NULL,1,27,'read'),(603,'edit-insuranceclass','web','2019-04-18 14:22:26','2019-04-18 14:22:26',NULL,1,27,'edit'),(604,'add-insuranceclass','web','2019-04-18 14:22:26','2019-04-18 14:22:26',NULL,1,27,'add'),(605,'delete-insuranceclass','web','2019-04-18 14:22:26','2019-04-18 14:22:26',NULL,1,27,'delete'),(606,'browse-insurancesubclass','web','2019-04-18 14:22:26','2019-04-18 14:22:26',NULL,1,28,'browse'),(607,'read-insurancesubclass','web','2019-04-18 14:22:26','2019-04-18 14:22:26',NULL,1,28,'read'),(608,'edit-insurancesubclass','web','2019-04-18 14:22:26','2019-04-18 14:22:26',NULL,1,28,'edit'),(609,'add-insurancesubclass','web','2019-04-18 14:22:26','2019-04-18 14:22:26',NULL,1,28,'add'),(610,'delete-insurancesubclass','web','2019-04-18 14:22:26','2019-04-18 14:22:26',NULL,1,28,'delete'),(611,'browse-medicalproduct','web','2019-04-18 14:22:26','2019-04-18 14:22:26',NULL,1,29,'browse'),(612,'read-medicalproduct','web','2019-04-18 14:22:26','2019-04-18 14:22:26',NULL,1,29,'read'),(613,'edit-medicalproduct','web','2019-04-18 14:22:26','2019-04-18 14:22:26',NULL,1,29,'edit'),(614,'add-medicalproduct','web','2019-04-18 14:22:26','2019-04-18 14:22:26',NULL,1,29,'add'),(615,'delete-medicalproduct','web','2019-04-18 14:22:26','2019-04-18 14:22:26',NULL,1,29,'delete'),(621,'browse-policyrange','web','2019-04-18 14:22:26','2019-04-18 14:22:26',NULL,1,31,'browse'),(622,'read-policyrange','web','2019-04-18 14:22:26','2019-04-18 14:22:26',NULL,1,31,'read'),(623,'edit-policyrange','web','2019-04-18 14:22:26','2019-04-18 14:22:26',NULL,1,31,'edit'),(624,'add-policyrange','web','2019-04-18 14:22:26','2019-04-18 14:22:26',NULL,1,31,'add'),(625,'delete-policyrange','web','2019-04-18 14:22:26','2019-04-18 14:22:26',NULL,1,31,'delete'),(626,'browse-petproduct','web','2019-04-18 14:22:26','2019-04-18 14:22:26',NULL,1,32,'browse'),(627,'read-petproduct','web','2019-04-18 14:22:26','2019-04-18 14:22:26',NULL,1,32,'read'),(628,'edit-petproduct','web','2019-04-18 14:22:26','2019-04-18 14:22:26',NULL,1,32,'edit'),(629,'add-petproduct','web','2019-04-18 14:22:26','2019-04-18 14:22:26',NULL,1,32,'add'),(630,'delete-petproduct','web','2019-04-18 14:22:26','2019-04-18 14:22:26',NULL,1,32,'delete'),(631,'browse-expatproduct','web','2019-04-18 14:22:26','2019-04-18 14:22:26',NULL,1,33,'browse'),(632,'read-expatproduct','web','2019-04-18 14:22:26','2019-04-18 14:22:26',NULL,1,33,'read'),(633,'edit-expatproduct','web','2019-04-18 14:22:26','2019-04-18 14:22:26',NULL,1,33,'edit'),(634,'add-expatproduct','web','2019-04-18 14:22:26','2019-04-18 14:22:26',NULL,1,33,'add'),(635,'delete-expatproduct','web','2019-04-18 14:22:26','2019-04-18 14:22:26',NULL,1,33,'delete'),(636,'browse-expatproductprice','web','2019-04-18 14:22:26','2019-04-18 14:22:26',NULL,1,34,'browse'),(637,'read-expatproductprice','web','2019-04-18 14:22:26','2019-04-18 14:22:26',NULL,1,34,'read'),(638,'edit-expatproductprice','web','2019-04-18 14:22:26','2019-04-18 14:22:26',NULL,1,34,'edit'),(639,'add-expatproductprice','web','2019-04-18 14:22:26','2019-04-18 14:22:26',NULL,1,34,'add'),(640,'delete-expatproductprice','web','2019-04-18 14:22:26','2019-04-18 14:22:26',NULL,1,34,'delete'),(641,'browse-travelbenefit','web','2019-04-18 14:22:26','2019-04-18 14:22:26',NULL,1,35,'browse'),(642,'read-travelbenefit','web','2019-04-18 14:22:26','2019-04-18 14:22:26',NULL,1,35,'read'),(643,'edit-travelbenefit','web','2019-04-18 14:22:26','2019-04-18 14:22:26',NULL,1,35,'edit'),(644,'add-travelbenefit','web','2019-04-18 14:22:26','2019-04-18 14:22:26',NULL,1,35,'add'),(645,'delete-travelbenefit','web','2019-04-18 14:22:26','2019-04-18 14:22:26',NULL,1,35,'delete'),(646,'browse-travelproductbenefit','web','2019-04-18 14:22:26','2019-04-18 14:22:26',NULL,1,36,'browse'),(647,'read-travelproductbenefit','web','2019-04-18 14:22:26','2019-04-18 14:22:26',NULL,1,36,'read'),(648,'edit-travelproductbenefit','web','2019-04-18 14:22:26','2019-04-18 14:22:26',NULL,1,36,'edit'),(649,'add-travelproductbenefit','web','2019-04-18 14:22:26','2019-04-18 14:22:26',NULL,1,36,'add'),(650,'delete-travelproductbenefit','web','2019-04-18 14:22:26','2019-04-18 14:22:26',NULL,1,36,'delete'),(651,'browse-travelproductadditionalbenefit','web','2019-04-18 14:22:26','2019-04-18 14:22:26',NULL,1,37,'browse'),(652,'read-travelproductadditionalbenefit','web','2019-04-18 14:22:26','2019-04-18 14:22:26',NULL,1,37,'read'),(653,'edit-travelproductadditionalbenefit','web','2019-04-18 14:22:26','2019-04-18 14:22:26',NULL,1,37,'edit'),(654,'add-travelproductadditionalbenefit','web','2019-04-18 14:22:26','2019-04-18 14:22:26',NULL,1,37,'add'),(655,'delete-travelproductadditionalbenefit','web','2019-04-18 14:22:26','2019-04-18 14:22:26',NULL,1,37,'delete'),(656,'browse-traveladditionalbenefit','web','2019-04-19 12:09:06','2019-04-19 12:09:06',NULL,1,38,'browse'),(657,'read-traveladditionalbenefit','web','2019-04-19 12:09:06','2019-04-19 12:09:06',NULL,1,38,'read'),(658,'edit-traveladditionalbenefit','web','2019-04-19 12:09:06','2019-04-19 12:09:06',NULL,1,38,'edit'),(659,'add-traveladditionalbenefit','web','2019-04-19 12:09:06','2019-04-19 12:09:06',NULL,1,38,'add'),(660,'delete-traveladditionalbenefit','web','2019-04-19 12:09:06','2019-04-19 12:09:06',NULL,1,38,'delete'),(661,'browse-log','web','2019-04-30 16:29:29','2019-05-27 17:57:50',NULL,1,43,'browse'),(662,'read-log','web','2019-04-30 16:29:29','2019-05-27 17:57:50',NULL,1,43,'read'),(663,'edit-log','web','2019-04-30 16:29:29','2019-05-27 17:57:50',NULL,1,43,'edit'),(664,'add-log','web','2019-04-30 16:29:29','2019-05-27 17:57:50',NULL,1,43,'add'),(665,'delete-log','web','2019-04-30 16:29:29','2019-05-27 17:57:50',NULL,1,43,'delete'),(666,'browse-translation','web','2019-04-30 16:29:29','2019-05-27 17:57:50',NULL,1,39,'browse'),(667,'read-translation','web','2019-04-30 16:29:29','2019-05-27 17:57:50',NULL,1,39,'read'),(668,'edit-translation','web','2019-04-30 16:29:29','2019-05-27 17:57:50',NULL,1,39,'edit'),(669,'add-translation','web','2019-04-30 16:29:29','2019-05-27 17:57:50',NULL,1,39,'add'),(670,'delete-translation','web','2019-04-30 16:29:29','2019-05-27 17:57:50',NULL,1,39,'delete'),(671,'browse-language','web','2019-04-30 16:29:29','2019-05-27 17:57:50',NULL,1,40,'browse'),(672,'read-language','web','2019-04-30 16:29:29','2019-05-27 17:57:50',NULL,1,40,'read'),(673,'edit-language','web','2019-04-30 16:29:29','2019-05-27 17:57:50',NULL,1,40,'edit'),(674,'add-language','web','2019-04-30 16:29:29','2019-05-27 17:57:50',NULL,1,40,'add'),(675,'delete-language','web','2019-04-30 16:29:29','2019-05-27 17:57:50',NULL,1,40,'delete'),(676,'browse-client','web','2019-04-30 16:29:29','2019-05-27 17:57:50',NULL,1,41,'browse'),(677,'read-client','web','2019-04-30 16:29:29','2019-05-27 17:57:50',NULL,1,41,'read'),(678,'edit-client','web','2019-04-30 16:29:29','2019-05-27 17:57:50',NULL,1,41,'edit'),(679,'add-client','web','2019-04-30 16:29:29','2019-05-27 17:57:50',NULL,1,41,'add'),(680,'delete-client','web','2019-04-30 16:29:29','2019-05-27 17:57:50',NULL,1,41,'delete'),(681,'browse-socialmedialink','web','2019-04-30 16:29:29','2019-05-27 17:57:50',NULL,1,42,'browse'),(682,'read-socialmedialink','web','2019-04-30 16:29:29','2019-05-27 17:57:50',NULL,1,42,'read'),(683,'edit-socialmedialink','web','2019-04-30 16:29:29','2019-05-27 17:57:50',NULL,1,42,'edit'),(684,'add-socialmedialink','web','2019-04-30 16:29:29','2019-05-27 17:57:50',NULL,1,42,'add'),(685,'delete-socialmedialink','web','2019-04-30 16:29:29','2019-05-27 17:57:50',NULL,1,42,'delete'),(686,'sync-translation-files','web','2019-05-10 12:37:23','2019-05-10 12:37:23',NULL,1,40,'sync translation files'),(687,'sync-translation-db','web','2019-05-10 12:37:36','2019-05-10 12:37:36',NULL,1,40,'sync translation db'),(688,'browse-medicalproductprice','web','2019-05-10 16:04:27','2019-05-10 16:04:27',NULL,1,44,'browse'),(689,'read-medicalproductprice','web','2019-05-10 16:04:27','2019-05-10 16:04:27',NULL,1,44,'read'),(690,'edit-medicalproductprice','web','2019-05-10 16:04:27','2019-05-10 16:04:27',NULL,1,44,'edit'),(691,'add-medicalproductprice','web','2019-05-10 16:04:27','2019-05-10 16:04:27',NULL,1,44,'add'),(692,'delete-medicalproductprice','web','2019-05-10 16:04:27','2019-05-10 16:04:27',NULL,1,44,'delete'),(693,'browse-nationality','web','2019-05-27 17:57:50','2019-05-27 17:57:50',NULL,1,45,'browse'),(694,'read-nationality','web','2019-05-27 17:57:50','2019-05-27 17:57:50',NULL,1,45,'read'),(695,'edit-nationality','web','2019-05-27 17:57:50','2019-05-27 17:57:50',NULL,1,45,'edit'),(696,'add-nationality','web','2019-05-27 17:57:50','2019-05-27 17:57:50',NULL,1,45,'add'),(697,'delete-nationality','web','2019-05-27 17:57:50','2019-05-27 17:57:50',NULL,1,45,'delete'),(698,'browse-profession','web','2019-05-27 17:57:50','2019-05-27 17:57:50',NULL,1,46,'browse'),(699,'read-profession','web','2019-05-27 17:57:50','2019-05-27 17:57:50',NULL,1,46,'read'),(700,'edit-profession','web','2019-05-27 17:57:50','2019-05-27 17:57:50',NULL,1,46,'edit'),(701,'add-profession','web','2019-05-27 17:57:50','2019-05-27 17:57:50',NULL,1,46,'add'),(702,'delete-profession','web','2019-05-27 17:57:50','2019-05-27 17:57:50',NULL,1,46,'delete'),(703,'browse-petbreed','web','2019-05-27 17:57:50','2019-05-27 17:57:50',NULL,1,47,'browse'),(704,'read-petbreed','web','2019-05-27 17:57:50','2019-05-27 17:57:50',NULL,1,47,'read'),(705,'edit-petbreed','web','2019-05-27 17:57:50','2019-05-27 17:57:50',NULL,1,47,'edit'),(706,'add-petbreed','web','2019-05-27 17:57:50','2019-05-27 17:57:50',NULL,1,47,'add'),(707,'delete-petbreed','web','2019-05-27 17:57:50','2019-05-27 17:57:50',NULL,1,47,'delete'),(708,'browse-huntingproduct','web','2019-05-27 17:57:50','2019-05-27 17:57:50',NULL,1,48,'browse'),(709,'read-huntingproduct','web','2019-05-27 17:57:50','2019-05-27 17:57:50',NULL,1,48,'read'),(710,'edit-huntingproduct','web','2019-05-27 17:57:50','2019-05-27 17:57:50',NULL,1,48,'edit'),(711,'add-huntingproduct','web','2019-05-27 17:57:50','2019-05-27 17:57:50',NULL,1,48,'add'),(712,'delete-huntingproduct','web','2019-05-27 17:57:50','2019-05-27 17:57:50',NULL,1,48,'delete'),(713,'browse-cob','web','2019-05-27 17:57:50','2019-05-27 17:57:50',NULL,1,50,'browse'),(714,'read-cob','web','2019-05-27 17:57:50','2019-05-27 17:57:50',NULL,1,50,'read'),(715,'edit-cob','web','2019-05-27 17:57:50','2019-05-27 17:57:50',NULL,1,50,'edit'),(716,'add-cob','web','2019-05-27 17:57:50','2019-05-27 17:57:50',NULL,1,50,'add'),(717,'delete-cob','web','2019-05-27 17:57:50','2019-05-27 17:57:50',NULL,1,50,'delete'),(718,'browse-lob','web','2019-05-27 17:57:50','2019-05-27 17:57:50',NULL,1,51,'browse'),(719,'read-lob','web','2019-05-27 17:57:50','2019-05-27 17:57:50',NULL,1,51,'read'),(720,'edit-lob','web','2019-05-27 17:57:50','2019-05-27 17:57:50',NULL,1,51,'edit'),(721,'add-lob','web','2019-05-27 17:57:50','2019-05-27 17:57:50',NULL,1,51,'add'),(722,'delete-lob','web','2019-05-27 17:57:50','2019-05-27 17:57:50',NULL,1,51,'delete'),(723,'browse-benefit','web','2019-05-27 17:57:50','2019-05-27 17:57:50',NULL,1,52,'browse'),(724,'read-benefit','web','2019-05-27 17:57:50','2019-05-27 17:57:50',NULL,1,52,'read'),(725,'edit-benefit','web','2019-05-27 17:57:50','2019-05-27 17:57:50',NULL,1,52,'edit'),(726,'add-benefit','web','2019-05-27 17:57:50','2019-05-27 17:57:50',NULL,1,52,'add'),(727,'delete-benefit','web','2019-05-27 17:57:50','2019-05-27 17:57:50',NULL,1,52,'delete'),(728,'browse-productbenefit','web','2019-05-27 17:57:50','2019-05-27 17:57:50',NULL,1,53,'browse'),(729,'read-productbenefit','web','2019-05-27 17:57:50','2019-05-27 17:57:50',NULL,1,53,'read'),(730,'edit-productbenefit','web','2019-05-27 17:57:50','2019-05-27 17:57:50',NULL,1,53,'edit'),(731,'add-productbenefit','web','2019-05-27 17:57:50','2019-05-27 17:57:50',NULL,1,53,'add'),(732,'delete-productbenefit','web','2019-05-27 17:57:50','2019-05-27 17:57:50',NULL,1,53,'delete'),(733,'browse-expatproductbenefit','web','2019-05-27 17:57:50','2019-05-27 17:57:50',NULL,1,54,'browse'),(734,'read-expatproductbenefit','web','2019-05-27 17:57:50','2019-05-27 17:57:50',NULL,1,54,'read'),(735,'edit-expatproductbenefit','web','2019-05-27 17:57:50','2019-05-27 17:57:50',NULL,1,54,'edit'),(736,'add-expatproductbenefit','web','2019-05-27 17:57:50','2019-05-27 17:57:50',NULL,1,54,'add'),(737,'delete-expatproductbenefit','web','2019-05-27 17:57:50','2019-05-27 17:57:50',NULL,1,54,'delete'),(738,'browse-petproductbenefit','web','2019-05-27 17:57:50','2019-05-27 17:57:50',NULL,1,55,'browse'),(739,'read-petproductbenefit','web','2019-05-27 17:57:50','2019-05-27 17:57:50',NULL,1,55,'read'),(740,'edit-petproductbenefit','web','2019-05-27 17:57:50','2019-05-27 17:57:50',NULL,1,55,'edit'),(741,'add-petproductbenefit','web','2019-05-27 17:57:50','2019-05-27 17:57:50',NULL,1,55,'add'),(742,'delete-petproductbenefit','web','2019-05-27 17:57:50','2019-05-27 17:57:50',NULL,1,55,'delete'),(743,'browse-huntingproductbenefit','web','2019-05-27 17:57:50','2019-05-27 17:57:50',NULL,1,56,'browse'),(744,'read-huntingproductbenefit','web','2019-05-27 17:57:50','2019-05-27 17:57:50',NULL,1,56,'read'),(745,'edit-huntingproductbenefit','web','2019-05-27 17:57:50','2019-05-27 17:57:50',NULL,1,56,'edit'),(746,'add-huntingproductbenefit','web','2019-05-27 17:57:50','2019-05-27 17:57:50',NULL,1,56,'add'),(747,'delete-huntingproductbenefit','web','2019-05-27 17:57:50','2019-05-27 17:57:50',NULL,1,56,'delete'),(748,'browse-additionalbenefit','web','2019-05-27 17:57:50','2019-05-27 17:57:50',NULL,1,57,'browse'),(749,'read-additionalbenefit','web','2019-05-27 17:57:50','2019-05-27 17:57:50',NULL,1,57,'read'),(750,'edit-additionalbenefit','web','2019-05-27 17:57:50','2019-05-27 17:57:50',NULL,1,57,'edit'),(751,'add-additionalbenefit','web','2019-05-27 17:57:50','2019-05-27 17:57:50',NULL,1,57,'add'),(752,'delete-additionalbenefit','web','2019-05-27 17:57:50','2019-05-27 17:57:50',NULL,1,57,'delete'),(753,'browse-expatproductadditionalbenefit','web','2019-05-27 17:57:50','2019-05-27 17:57:50',NULL,1,58,'browse'),(754,'read-expatproductadditionalbenefit','web','2019-05-27 17:57:50','2019-05-27 17:57:50',NULL,1,58,'read'),(755,'edit-expatproductadditionalbenefit','web','2019-05-27 17:57:50','2019-05-27 17:57:50',NULL,1,58,'edit'),(756,'add-expatproductadditionalbenefit','web','2019-05-27 17:57:50','2019-05-27 17:57:50',NULL,1,58,'add'),(757,'delete-expatproductadditionalbenefit','web','2019-05-27 17:57:50','2019-05-27 17:57:50',NULL,1,58,'delete'),(758,'browse-petproductadditionalbenefit','web','2019-05-27 17:57:50','2019-05-27 17:57:50',NULL,1,59,'browse'),(759,'read-petproductadditionalbenefit','web','2019-05-27 17:57:50','2019-05-27 17:57:50',NULL,1,59,'read'),(760,'edit-petproductadditionalbenefit','web','2019-05-27 17:57:50','2019-05-27 17:57:50',NULL,1,59,'edit'),(761,'add-petproductadditionalbenefit','web','2019-05-27 17:57:50','2019-05-27 17:57:50',NULL,1,59,'add'),(762,'delete-petproductadditionalbenefit','web','2019-05-27 17:57:50','2019-05-27 17:57:50',NULL,1,59,'delete'),(763,'browse-huntingproductadditionalbenefit','web','2019-05-27 17:57:50','2019-05-27 17:57:50',NULL,1,60,'browse'),(764,'read-huntingproductadditionalbenefit','web','2019-05-27 17:57:50','2019-05-27 17:57:50',NULL,1,60,'read'),(765,'edit-huntingproductadditionalbenefit','web','2019-05-27 17:57:50','2019-05-27 17:57:50',NULL,1,60,'edit'),(766,'add-huntingproductadditionalbenefit','web','2019-05-27 17:57:50','2019-05-27 17:57:50',NULL,1,60,'add'),(767,'delete-huntingproductadditionalbenefit','web','2019-05-27 17:57:50','2019-05-27 17:57:50',NULL,1,60,'delete'),(768,'browse-assistancetaskdetail','web','2019-05-27 17:57:50','2019-05-27 17:57:50',NULL,1,61,'browse'),(769,'read-assistancetaskdetail','web','2019-05-27 17:57:50','2019-05-27 17:57:50',NULL,1,61,'read'),(770,'edit-assistancetaskdetail','web','2019-05-27 17:57:50','2019-05-27 17:57:50',NULL,1,61,'edit'),(771,'add-assistancetaskdetail','web','2019-05-27 17:57:50','2019-05-27 17:57:50',NULL,1,61,'add'),(772,'delete-assistancetaskdetail','web','2019-05-27 17:57:50','2019-05-27 17:57:50',NULL,1,61,'delete'),(773,'browse-assistance','web','2019-05-27 17:57:50','2019-05-27 17:57:50',NULL,1,62,'browse'),(774,'read-assistance','web','2019-05-27 17:57:50','2019-05-27 17:57:50',NULL,1,62,'read'),(775,'edit-assistance','web','2019-05-27 17:57:50','2019-05-27 17:57:50',NULL,1,62,'edit'),(776,'add-assistance','web','2019-05-27 17:57:50','2019-05-27 17:57:50',NULL,1,62,'add'),(777,'delete-assistance','web','2019-05-27 17:57:50','2019-05-27 17:57:50',NULL,1,62,'delete'),(778,'browse-assistanceschedule','web','2019-05-27 17:57:50','2019-05-27 17:57:50',NULL,1,63,'browse'),(779,'read-assistanceschedule','web','2019-05-27 17:57:50','2019-05-27 17:57:50',NULL,1,63,'read'),(780,'edit-assistanceschedule','web','2019-05-27 17:57:50','2019-05-27 17:57:50',NULL,1,63,'edit'),(781,'add-assistanceschedule','web','2019-05-27 17:57:50','2019-05-27 17:57:50',NULL,1,63,'add'),(782,'delete-assistanceschedule','web','2019-05-27 17:57:50','2019-05-27 17:57:50',NULL,1,63,'delete'),(783,'browse-assistanceassignee','web','2019-05-27 17:57:50','2019-05-27 17:57:50',NULL,1,64,'browse'),(784,'read-assistanceassignee','web','2019-05-27 17:57:50','2019-05-27 17:57:50',NULL,1,64,'read'),(785,'edit-assistanceassignee','web','2019-05-27 17:57:50','2019-05-27 17:57:50',NULL,1,64,'edit'),(786,'add-assistanceassignee','web','2019-05-27 17:57:50','2019-05-27 17:57:50',NULL,1,64,'add'),(787,'delete-assistanceassignee','web','2019-05-27 17:57:50','2019-05-27 17:57:50',NULL,1,64,'delete'),(788,'browse-assistancetask','web','2019-05-27 17:57:50','2019-05-27 17:57:50',NULL,1,65,'browse'),(789,'read-assistancetask','web','2019-05-27 17:57:50','2019-05-27 17:57:50',NULL,1,65,'read'),(790,'edit-assistancetask','web','2019-05-27 17:57:50','2019-05-27 17:57:50',NULL,1,65,'edit'),(791,'add-assistancetask','web','2019-05-27 17:57:50','2019-05-27 17:57:50',NULL,1,65,'add'),(792,'delete-assistancetask','web','2019-05-27 17:57:50','2019-05-27 17:57:50',NULL,1,65,'delete'),(793,'browse-propertyassistant','web','2019-05-28 10:36:20','2019-05-28 10:36:20',NULL,1,66,'browse'),(794,'read-propertyassistant','web','2019-05-28 10:36:20','2019-05-28 10:36:20',NULL,1,66,'read'),(795,'edit-propertyassistant','web','2019-05-28 10:36:20','2019-05-28 10:36:20',NULL,1,66,'edit'),(796,'add-propertyassistant','web','2019-05-28 10:36:20','2019-05-28 10:36:20',NULL,1,66,'add'),(797,'delete-propertyassistant','web','2019-05-28 10:36:20','2019-05-28 10:36:20',NULL,1,66,'delete'),(798,'browse-order','web','2019-07-05 10:01:43','2019-07-05 10:01:43',NULL,1,67,'browse'),(799,'read-order','web','2019-07-05 10:01:43','2019-07-05 10:01:43',NULL,1,67,'read'),(800,'edit-order','web','2019-07-05 10:01:43','2019-07-05 10:01:43',NULL,1,67,'edit'),(801,'add-order','web','2019-07-05 10:01:43','2019-07-05 10:01:43',NULL,1,67,'add'),(802,'delete-order','web','2019-07-05 10:01:43','2019-07-05 10:01:43',NULL,1,67,'delete'),(803,'browse-orderitem','web','2019-07-05 10:01:43','2019-07-05 10:01:43',NULL,1,68,'browse'),(804,'read-orderitem','web','2019-07-05 10:01:43','2019-07-05 10:01:43',NULL,1,68,'read'),(805,'edit-orderitem','web','2019-07-05 10:01:43','2019-07-05 10:01:43',NULL,1,68,'edit'),(806,'add-orderitem','web','2019-07-05 10:01:43','2019-07-05 10:01:43',NULL,1,68,'add'),(807,'delete-orderitem','web','2019-07-05 10:01:43','2019-07-05 10:01:43',NULL,1,68,'delete'),(808,'browse-setting','web','2019-07-05 10:01:43','2019-07-05 10:01:43',NULL,1,69,'browse'),(809,'read-setting','web','2019-07-05 10:01:43','2019-07-05 10:01:43',NULL,1,69,'read'),(810,'edit-setting','web','2019-07-05 10:01:43','2019-07-05 10:01:43',NULL,1,69,'edit'),(811,'add-setting','web','2019-07-05 10:01:43','2019-07-05 10:01:43',NULL,1,69,'add'),(812,'delete-setting','web','2019-07-05 10:01:43','2019-07-05 10:01:43',NULL,1,69,'delete'),(813,'browse-settingcategory','web','2019-07-05 10:01:43','2019-07-05 10:01:43',NULL,1,70,'browse'),(814,'read-settingcategory','web','2019-07-05 10:01:43','2019-07-05 10:01:43',NULL,1,70,'read'),(815,'edit-settingcategory','web','2019-07-05 10:01:43','2019-07-05 10:01:43',NULL,1,70,'edit'),(816,'add-settingcategory','web','2019-07-05 10:01:43','2019-07-05 10:01:43',NULL,1,70,'add'),(817,'delete-settingcategory','web','2019-07-05 10:01:43','2019-07-05 10:01:43',NULL,1,70,'delete'),(818,'browse-paymentcategory','web','2019-07-05 10:01:43','2019-07-05 10:01:43',NULL,1,71,'browse'),(819,'read-paymentcategory','web','2019-07-05 10:01:44','2019-07-05 10:01:44',NULL,1,71,'read'),(820,'edit-paymentcategory','web','2019-07-05 10:01:44','2019-07-05 10:01:44',NULL,1,71,'edit'),(821,'add-paymentcategory','web','2019-07-05 10:01:44','2019-07-05 10:01:44',NULL,1,71,'add'),(822,'delete-paymentcategory','web','2019-07-05 10:01:44','2019-07-05 10:01:44',NULL,1,71,'delete'),(823,'browse-paymentmethod','web','2019-07-05 10:01:44','2019-07-05 10:01:44',NULL,1,72,'browse'),(824,'read-paymentmethod','web','2019-07-05 10:01:44','2019-07-05 10:01:44',NULL,1,72,'read'),(825,'edit-paymentmethod','web','2019-07-05 10:01:44','2019-07-05 10:01:44',NULL,1,72,'edit'),(826,'add-paymentmethod','web','2019-07-05 10:01:44','2019-07-05 10:01:44',NULL,1,72,'add'),(827,'delete-paymentmethod','web','2019-07-05 10:01:44','2019-07-05 10:01:44',NULL,1,72,'delete'),(828,'browse-motorcategory','web','2019-07-05 10:01:44','2019-07-05 10:01:44',NULL,1,73,'browse'),(829,'read-motorcategory','web','2019-07-05 10:01:44','2019-07-05 10:01:44',NULL,1,73,'read'),(830,'edit-motorcategory','web','2019-07-05 10:01:44','2019-07-05 10:01:44',NULL,1,73,'edit'),(831,'add-motorcategory','web','2019-07-05 10:01:44','2019-07-05 10:01:44',NULL,1,73,'add'),(832,'delete-motorcategory','web','2019-07-05 10:01:44','2019-07-05 10:01:44',NULL,1,73,'delete'),(833,'browse-motorproduct','web','2019-07-05 10:01:44','2019-07-05 10:01:44',NULL,1,74,'browse'),(834,'read-motorproduct','web','2019-07-05 10:01:44','2019-07-05 10:01:44',NULL,1,74,'read'),(835,'edit-motorproduct','web','2019-07-05 10:01:44','2019-07-05 10:01:44',NULL,1,74,'edit'),(836,'add-motorproduct','web','2019-07-05 10:01:44','2019-07-05 10:01:44',NULL,1,74,'add'),(837,'delete-motorproduct','web','2019-07-05 10:01:44','2019-07-05 10:01:44',NULL,1,74,'delete'),(838,'browse-motorproductbenefit','web','2019-07-05 10:01:44','2019-07-05 10:01:44',NULL,1,75,'browse'),(839,'read-motorproductbenefit','web','2019-07-05 10:01:44','2019-07-05 10:01:44',NULL,1,75,'read'),(840,'edit-motorproductbenefit','web','2019-07-05 10:01:44','2019-07-05 10:01:44',NULL,1,75,'edit'),(841,'add-motorproductbenefit','web','2019-07-05 10:01:44','2019-07-05 10:01:44',NULL,1,75,'add'),(842,'delete-motorproductbenefit','web','2019-07-05 10:01:44','2019-07-05 10:01:44',NULL,1,75,'delete'),(843,'browse-motorriskproduct','web','2019-07-05 10:01:44','2019-07-05 10:01:44',NULL,1,76,'browse'),(844,'read-motorriskproduct','web','2019-07-05 10:01:44','2019-07-05 10:01:44',NULL,1,76,'read'),(845,'edit-motorriskproduct','web','2019-07-05 10:01:44','2019-07-05 10:01:44',NULL,1,76,'edit'),(846,'add-motorriskproduct','web','2019-07-05 10:01:44','2019-07-05 10:01:44',NULL,1,76,'add'),(847,'delete-motorriskproduct','web','2019-07-05 10:01:44','2019-07-05 10:01:44',NULL,1,76,'delete'),(848,'browse-motorriskvalue','web','2019-07-05 10:01:44','2019-07-05 10:01:44',NULL,1,77,'browse'),(849,'read-motorriskvalue','web','2019-07-05 10:01:44','2019-07-05 10:01:44',NULL,1,77,'read'),(850,'edit-motorriskvalue','web','2019-07-05 10:01:44','2019-07-05 10:01:44',NULL,1,77,'edit'),(851,'add-motorriskvalue','web','2019-07-05 10:01:44','2019-07-05 10:01:44',NULL,1,77,'add'),(852,'delete-motorriskvalue','web','2019-07-05 10:01:44','2019-07-05 10:01:44',NULL,1,77,'delete'),(853,'browse-motorriskmodelrange','web','2019-07-05 10:01:44','2019-07-05 10:01:44',NULL,1,78,'browse'),(854,'read-motorriskmodelrange','web','2019-07-05 10:01:44','2019-07-05 10:01:44',NULL,1,78,'read'),(855,'edit-motorriskmodelrange','web','2019-07-05 10:01:44','2019-07-05 10:01:44',NULL,1,78,'edit'),(856,'add-motorriskmodelrange','web','2019-07-05 10:01:44','2019-07-05 10:01:44',NULL,1,78,'add'),(857,'delete-motorriskmodelrange','web','2019-07-05 10:01:44','2019-07-05 10:01:44',NULL,1,78,'delete'),(858,'browse-motorriskproductrate','web','2019-07-05 10:01:44','2019-07-05 10:01:44',NULL,1,79,'browse'),(859,'read-motorriskproductrate','web','2019-07-05 10:01:44','2019-07-05 10:01:44',NULL,1,79,'read'),(860,'edit-motorriskproductrate','web','2019-07-05 10:01:44','2019-07-05 10:01:44',NULL,1,79,'edit'),(861,'add-motorriskproductrate','web','2019-07-05 10:01:44','2019-07-05 10:01:44',NULL,1,79,'add'),(862,'delete-motorriskproductrate','web','2019-07-05 10:01:44','2019-07-05 10:01:44',NULL,1,79,'delete'),(863,'browse-motorriskproductbenefit','web','2019-07-05 10:01:44','2019-07-05 10:01:44',NULL,1,80,'browse'),(864,'read-motorriskproductbenefit','web','2019-07-05 10:01:44','2019-07-05 10:01:44',NULL,1,80,'read'),(865,'edit-motorriskproductbenefit','web','2019-07-05 10:01:44','2019-07-05 10:01:44',NULL,1,80,'edit'),(866,'add-motorriskproductbenefit','web','2019-07-05 10:01:44','2019-07-05 10:01:44',NULL,1,80,'add'),(867,'delete-motorriskproductbenefit','web','2019-07-05 10:01:44','2019-07-05 10:01:44',NULL,1,80,'delete'),(868,'browse-riskadditionalbenefit','web','2019-07-05 10:01:44','2019-07-05 10:01:44',NULL,1,81,'browse'),(869,'read-riskadditionalbenefit','web','2019-07-05 10:01:44','2019-07-05 10:01:44',NULL,1,81,'read'),(870,'edit-riskadditionalbenefit','web','2019-07-05 10:01:44','2019-07-05 10:01:44',NULL,1,81,'edit'),(871,'add-riskadditionalbenefit','web','2019-07-05 10:01:44','2019-07-05 10:01:44',NULL,1,81,'add'),(872,'delete-riskadditionalbenefit','web','2019-07-05 10:01:44','2019-07-05 10:01:44',NULL,1,81,'delete'),(873,'browse-medicalplan','web','2019-08-19 07:36:42','2019-08-19 07:36:42',NULL,1,82,'browse'),(874,'read-medicalplan','web','2019-08-19 07:36:42','2019-08-19 07:36:42',NULL,1,82,'read'),(875,'edit-medicalplan','web','2019-08-19 07:36:42','2019-08-19 07:36:42',NULL,1,82,'edit'),(876,'add-medicalplan','web','2019-08-19 07:36:42','2019-08-19 07:36:42',NULL,1,82,'add'),(877,'delete-medicalplan','web','2019-08-19 07:36:42','2019-08-19 07:36:42',NULL,1,82,'delete'),(878,'browse-medicalplanbenefit','web','2019-08-19 07:36:42','2019-08-19 07:36:42',NULL,1,83,'browse'),(879,'read-medicalplanbenefit','web','2019-08-19 07:36:42','2019-08-19 07:36:42',NULL,1,83,'read'),(880,'edit-medicalplanbenefit','web','2019-08-19 07:36:42','2019-08-19 07:36:42',NULL,1,83,'edit'),(881,'add-medicalplanbenefit','web','2019-08-19 07:36:42','2019-08-19 07:36:42',NULL,1,83,'add'),(882,'delete-medicalplanbenefit','web','2019-08-19 07:36:42','2019-08-19 07:36:42',NULL,1,83,'delete'),(883,'browse-medicalextrabenefit','web','2019-08-19 07:36:42','2019-08-19 07:36:42',NULL,1,84,'browse'),(884,'read-medicalextrabenefit','web','2019-08-19 07:36:42','2019-08-19 07:36:42',NULL,1,84,'read'),(885,'edit-medicalextrabenefit','web','2019-08-19 07:36:42','2019-08-19 07:36:42',NULL,1,84,'edit'),(886,'add-medicalextrabenefit','web','2019-08-19 07:36:42','2019-08-19 07:36:42',NULL,1,84,'add'),(887,'delete-medicalextrabenefit','web','2019-08-19 07:36:42','2019-08-19 07:36:42',NULL,1,84,'delete'),(888,'browse-medicalcoveragepercentage','web','2019-08-19 07:36:42','2019-08-19 07:36:42',NULL,1,85,'browse'),(889,'read-medicalcoveragepercentage','web','2019-08-19 07:36:42','2019-08-19 07:36:42',NULL,1,85,'read'),(890,'edit-medicalcoveragepercentage','web','2019-08-19 07:36:42','2019-08-19 07:36:42',NULL,1,85,'edit'),(891,'add-medicalcoveragepercentage','web','2019-08-19 07:36:42','2019-08-19 07:36:42',NULL,1,85,'add'),(892,'delete-medicalcoveragepercentage','web','2019-08-19 07:36:42','2019-08-19 07:36:42',NULL,1,85,'delete'),(893,'browse-medicalproductextrabenefit','web','2019-08-19 07:36:42','2019-08-19 07:36:42',NULL,1,86,'browse'),(894,'read-medicalproductextrabenefit','web','2019-08-19 07:36:42','2019-08-19 07:36:42',NULL,1,86,'read'),(895,'edit-medicalproductextrabenefit','web','2019-08-19 07:36:42','2019-08-19 07:36:42',NULL,1,86,'edit'),(896,'add-medicalproductextrabenefit','web','2019-08-19 07:36:42','2019-08-19 07:36:42',NULL,1,86,'add'),(897,'delete-medicalproductextrabenefit','web','2019-08-19 07:36:42','2019-08-19 07:36:42',NULL,1,86,'delete'),(898,'browse-appmanagementteam','web','2019-08-19 07:36:42','2019-08-19 07:36:42',NULL,1,87,'browse'),(899,'read-appmanagementteam','web','2019-08-19 07:36:42','2019-08-19 07:36:42',NULL,1,87,'read'),(900,'edit-appmanagementteam','web','2019-08-19 07:36:42','2019-08-19 07:36:42',NULL,1,87,'edit'),(901,'add-appmanagementteam','web','2019-08-19 07:36:42','2019-08-19 07:36:42',NULL,1,87,'add'),(902,'delete-appmanagementteam','web','2019-08-19 07:36:42','2019-08-19 07:36:42',NULL,1,87,'delete'),(903,'browse-appmenu','web','2019-08-19 07:36:42','2019-08-19 07:36:42',NULL,1,88,'browse'),(904,'read-appmenu','web','2019-08-19 07:36:42','2019-08-19 07:36:42',NULL,1,88,'read'),(905,'edit-appmenu','web','2019-08-19 07:36:42','2019-08-19 07:36:42',NULL,1,88,'edit'),(906,'add-appmenu','web','2019-08-19 07:36:42','2019-08-19 07:36:42',NULL,1,88,'add'),(907,'delete-appmenu','web','2019-08-19 07:36:42','2019-08-19 07:36:42',NULL,1,88,'delete'),(908,'browse-appmenuitem','web','2019-08-19 07:36:42','2019-08-19 07:36:42',NULL,1,89,'browse'),(909,'read-appmenuitem','web','2019-08-19 07:36:42','2019-08-19 07:36:42',NULL,1,89,'read'),(910,'edit-appmenuitem','web','2019-08-19 07:36:42','2019-08-19 07:36:42',NULL,1,89,'edit'),(911,'add-appmenuitem','web','2019-08-19 07:36:42','2019-08-19 07:36:42',NULL,1,89,'add'),(912,'delete-appmenuitem','web','2019-08-19 07:36:42','2019-08-19 07:36:42',NULL,1,89,'delete'),(913,'browse-apppage','web','2019-08-19 07:36:42','2019-08-19 07:36:42',NULL,1,90,'browse'),(914,'read-apppage','web','2019-08-19 07:36:42','2019-08-19 07:36:42',NULL,1,90,'read'),(915,'edit-apppage','web','2019-08-19 07:36:42','2019-08-19 07:36:42',NULL,1,90,'edit'),(916,'add-apppage','web','2019-08-19 07:36:42','2019-08-19 07:36:42',NULL,1,90,'add'),(917,'delete-apppage','web','2019-08-19 07:36:42','2019-08-19 07:36:42',NULL,1,90,'delete'),(918,'browse-appsetting','web','2019-08-19 07:36:42','2019-08-19 07:36:42',NULL,1,91,'browse'),(919,'read-appsetting','web','2019-08-19 07:36:42','2019-08-19 07:36:42',NULL,1,91,'read'),(920,'edit-appsetting','web','2019-08-19 07:36:42','2019-08-19 07:36:42',NULL,1,91,'edit'),(921,'add-appsetting','web','2019-08-19 07:36:42','2019-08-19 07:36:42',NULL,1,91,'add'),(922,'delete-appsetting','web','2019-08-19 07:36:42','2019-08-19 07:36:42',NULL,1,91,'delete'),(923,'browse-appsection','web','2019-08-19 07:36:42','2019-08-19 07:36:42',NULL,1,92,'browse'),(924,'read-appsection','web','2019-08-19 07:36:42','2019-08-19 07:36:42',NULL,1,92,'read'),(925,'edit-appsection','web','2019-08-19 07:36:42','2019-08-19 07:36:42',NULL,1,92,'edit'),(926,'add-appsection','web','2019-08-19 07:36:42','2019-08-19 07:36:42',NULL,1,92,'add'),(927,'delete-appsection','web','2019-08-19 07:36:42','2019-08-19 07:36:42',NULL,1,92,'delete'),(928,'browse-appsectioninactivefield','web','2019-08-19 07:36:42','2019-08-19 07:36:42',NULL,1,93,'browse'),(929,'read-appsectioninactivefield','web','2019-08-19 07:36:42','2019-08-19 07:36:42',NULL,1,93,'read'),(930,'edit-appsectioninactivefield','web','2019-08-19 07:36:42','2019-08-19 07:36:42',NULL,1,93,'edit'),(931,'add-appsectioninactivefield','web','2019-08-19 07:36:42','2019-08-19 07:36:42',NULL,1,93,'add'),(932,'delete-appsectioninactivefield','web','2019-08-19 07:36:42','2019-08-19 07:36:42',NULL,1,93,'delete'),(933,'browse-appsectionitem','web','2019-08-19 07:36:42','2019-08-19 07:36:42',NULL,1,94,'browse'),(934,'read-appsectionitem','web','2019-08-19 07:36:42','2019-08-19 07:36:42',NULL,1,94,'read'),(935,'edit-appsectionitem','web','2019-08-19 07:36:42','2019-08-19 07:36:42',NULL,1,94,'edit'),(936,'add-appsectionitem','web','2019-08-19 07:36:42','2019-08-19 07:36:42',NULL,1,94,'add'),(937,'delete-appsectionitem','web','2019-08-19 07:36:42','2019-08-19 07:36:42',NULL,1,94,'delete'),(938,'browse-appsocialmedialink','web','2019-08-19 07:36:42','2019-08-19 07:36:42',NULL,1,95,'browse'),(939,'read-appsocialmedialink','web','2019-08-19 07:36:42','2019-08-19 07:36:42',NULL,1,95,'read'),(940,'edit-appsocialmedialink','web','2019-08-19 07:36:42','2019-08-19 07:36:42',NULL,1,95,'edit'),(941,'add-appsocialmedialink','web','2019-08-19 07:36:42','2019-08-19 07:36:42',NULL,1,95,'add'),(942,'delete-appsocialmedialink','web','2019-08-19 07:36:42','2019-08-19 07:36:42',NULL,1,95,'delete'),(943,'browse-menu','web','2019-08-19 07:36:42','2019-08-19 07:36:42',NULL,1,96,'browse'),(944,'read-menu','web','2019-08-19 07:36:42','2019-08-19 07:36:42',NULL,1,96,'read'),(945,'edit-menu','web','2019-08-19 07:36:42','2019-08-19 07:36:42',NULL,1,96,'edit'),(946,'add-menu','web','2019-08-19 07:36:42','2019-08-19 07:36:42',NULL,1,96,'add'),(947,'delete-menu','web','2019-08-19 07:36:42','2019-08-19 07:36:42',NULL,1,96,'delete'),(948,'browse-menuitem','web','2019-08-19 07:36:42','2019-08-19 07:36:42',NULL,1,97,'browse'),(949,'read-menuitem','web','2019-08-19 07:36:42','2019-08-19 07:36:42',NULL,1,97,'read'),(950,'edit-menuitem','web','2019-08-19 07:36:42','2019-08-19 07:36:42',NULL,1,97,'edit'),(951,'add-menuitem','web','2019-08-19 07:36:42','2019-08-19 07:36:42',NULL,1,97,'add'),(952,'delete-menuitem','web','2019-08-19 07:36:42','2019-08-19 07:36:42',NULL,1,97,'delete'),(953,'auto-generate-menu','web','2019-08-19 07:39:56','2019-08-19 07:39:56',NULL,1,96,'generate'),(954,'browse-appproduct','web','2019-08-29 15:22:21','2019-08-29 15:22:21',NULL,1,98,'browse'),(955,'read-appproduct','web','2019-08-29 15:22:21','2019-08-29 15:22:21',NULL,1,98,'read'),(956,'edit-appproduct','web','2019-08-29 15:22:21','2019-08-29 15:22:21',NULL,1,98,'edit'),(957,'add-appproduct','web','2019-08-29 15:22:21','2019-08-29 15:22:21',NULL,1,98,'add'),(958,'delete-appproduct','web','2019-08-29 15:22:21','2019-08-29 15:22:21',NULL,1,98,'delete');

--
-- Table structure for table `receipts`
--

CREATE TABLE `receipts` (
  `id` int(10) unsigned NOT NULL AUTO_INCREMENT,
  `receipt_number` varchar(191) COLLATE utf8mb4_unicode_ci NOT NULL,
  `receipt_date` date NOT NULL,
  `invoice_id` int(10) unsigned NOT NULL,
  `user_id` int(10) unsigned NOT NULL,
  `order_id` int(10) unsigned DEFAULT NULL,
  `amount` decimal(10,2) NOT NULL,
  `currency` varchar(191) COLLATE utf8mb4_unicode_ci NOT NULL,
  `is_saved` tinyint(1) NOT NULL DEFAULT '0',
  `company_id` int(10) unsigned NOT NULL,
  `deleted_at` timestamp NULL DEFAULT NULL,
  `created_at` timestamp NULL DEFAULT NULL,
  `updated_at` timestamp NULL DEFAULT NULL,
  PRIMARY KEY (`id`),
  KEY `fk_users_receipts_user_id` (`user_id`),
  KEY `fk_invoices_receipts_invoice_id` (`invoice_id`),
  KEY `fk_companies_receipts_company_id` (`company_id`),
  KEY `fk_receipts_orders_order_id_idx` (`order_id`),
  CONSTRAINT `fk_companies_receipts_company_id` FOREIGN KEY (`company_id`) REFERENCES `companies` (`id`) ON DELETE NO ACTION ON UPDATE NO ACTION,
  CONSTRAINT `fk_invoices_receipts_invoice_id` FOREIGN KEY (`invoice_id`) REFERENCES `invoices` (`id`) ON DELETE NO ACTION ON UPDATE NO ACTION,
  CONSTRAINT `fk_receipts_orders_order_id_idx` FOREIGN KEY (`order_id`) REFERENCES `orders` (`id`) ON DELETE NO ACTION ON UPDATE NO ACTION,
  CONSTRAINT `fk_users_receipts_user_id` FOREIGN KEY (`user_id`) REFERENCES `users` (`id`) ON DELETE NO ACTION ON UPDATE NO ACTION
) ENGINE=InnoDB AUTO_INCREMENT=12 DEFAULT CHARSET=utf8mb4 COLLATE=utf8mb4_unicode_ci;

--
-- Dumping data for table `receipts`
--

INSERT INTO `receipts` VALUES (1,'RPT#AC099B7','2019-07-05',9,42,NULL,63.00,'',0,5,NULL,'2019-07-05 14:43:05','2019-07-05 14:43:05'),(2,'RPT#AC099B10','2019-07-05',15,42,NULL,24.50,'',0,5,NULL,'2019-07-05 12:52:49','2019-07-05 12:52:49'),(3,'RPT#AC099B10','2019-07-05',16,42,NULL,192.50,'',0,5,NULL,'2019-07-05 16:08:28','2019-07-05 16:08:28'),(4,'RPT#AC099B13','2019-07-05',17,42,NULL,42.00,'',0,5,NULL,'2019-07-05 16:53:36','2019-07-05 16:53:36'),(5,'RPT#AC099B16','2019-09-11',19,42,NULL,14.00,'',0,5,NULL,'2019-09-11 15:04:01','2019-09-11 15:04:01'),(6,'RPT#AC099B19','2019-09-12',20,42,NULL,30.00,'',0,5,NULL,'2019-09-12 12:26:15','2019-09-12 12:26:15'),(7,'RPT#AC099B13','2019-10-08',22,42,17,40.50,'',0,3,NULL,'2019-10-08 10:22:43','2019-10-08 10:22:43'),(8,'RPT-AC099B22','2019-10-08',24,42,19,31.50,'',0,5,NULL,'2019-10-08 10:55:13','2019-10-08 10:55:13'),(9,'RPT-AC099B25','2019-10-08',25,42,20,67.50,'',0,5,NULL,'2019-10-08 12:48:17','2019-10-08 12:48:17'),(10,'RPT-AC099B28','2019-10-09',26,42,21,24.00,'',0,5,NULL,'2019-10-09 07:06:41','2019-10-09 07:06:41'),(11,'RPT-AC099B31','2019-10-24',27,42,22,27.00,'usd',1,5,NULL,'2019-10-24 08:21:21','2019-10-25 14:08:24');

--
-- Table structure for table `role_has_permissions`
--

CREATE TABLE `role_has_permissions` (
  `permission_id` int(11) unsigned NOT NULL,
  `role_id` int(11) unsigned NOT NULL,
  PRIMARY KEY (`permission_id`,`role_id`),
  KEY `role_has_permissions_role_id_foreign` (`role_id`)
) ENGINE=InnoDB DEFAULT CHARSET=utf8mb4 COLLATE=utf8mb4_unicode_ci;

--
-- Dumping data for table `role_has_permissions`
--

INSERT INTO `role_has_permissions` VALUES (520,27),(521,27),(522,27),(523,27),(524,27),(525,27),(526,27),(527,27),(528,27),(529,27),(530,27),(531,27),(532,27),(533,27),(534,27),(535,27),(536,27),(537,27),(538,27),(539,27),(540,27),(541,27),(542,27),(543,27),(544,27),(545,27),(546,27),(547,27),(548,27),(549,27),(550,27),(551,27),(552,27),(553,27),(554,27),(555,27),(556,27),(557,27),(558,27),(559,27),(560,27),(561,27),(562,27),(563,27),(564,27),(565,27),(566,27),(567,27),(568,27),(569,27),(570,27),(571,27),(572,27),(573,27),(574,27),(575,27),(576,27),(577,27),(578,27),(579,27),(580,27),(581,27),(582,27),(583,27),(584,27),(585,27),(586,27),(587,27),(588,27),(589,27),(590,27),(601,27),(602,27),(603,27),(604,27),(605,27),(611,27),(612,27),(613,27),(614,27),(615,27),(621,27),(622,27),(623,27),(624,27),(625,27),(626,27),(627,27),(628,27),(629,27),(630,27),(631,27),(632,27),(633,27),(634,27),(635,27),(636,27),(637,27),(638,27),(639,27),(640,27),(641,27),(642,27),(643,27),(644,27),(645,27),(646,27),(647,27),(648,27),(649,27),(650,27),(651,27),(652,27),(653,27),(654,27),(655,27),(656,27),(657,27),(658,27),(659,27),(660,27),(661,27),(662,27),(663,27),(664,27),(665,27),(666,27),(667,27),(668,27),(669,27),(670,27),(671,27),(672,27),(673,27),(674,27),(675,27),(676,27),(677,27),(678,27),(679,27),(680,27),(686,27),(687,27),(688,27),(689,27),(690,27),(691,27),(692,27),(693,27),(694,27),(695,27),(696,27),(697,27),(698,27),(699,27),(700,27),(701,27),(702,27),(703,27),(704,27),(705,27),(706,27),(707,27),(708,27),(709,27),(710,27),(711,27),(712,27),(713,27),(714,27),(715,27),(716,27),(717,27),(718,27),(719,27),(720,27),(721,27),(722,27),(723,27),(724,27),(725,27),(726,27),(727,27),(728,27),(729,27),(730,27),(731,27),(732,27),(733,27),(734,27),(735,27),(736,27),(737,27),(738,27),(739,27),(740,27),(741,27),(742,27),(743,27),(744,27),(745,27),(746,27),(747,27),(748,27),(749,27),(750,27),(751,27),(752,27),(753,27),(754,27),(755,27),(756,27),(757,27),(758,27),(759,27),(760,27),(761,27),(762,27),(763,27),(764,27),(765,27),(766,27),(767,27),(768,27),(769,27),(770,27),(771,27),(772,27),(773,27),(774,27),(775,27),(776,27),(777,27),(778,27),(779,27),(780,27),(781,27),(782,27),(783,27),(784,27),(785,27),(786,27),(787,27),(788,27),(789,27),(790,27),(791,27),(792,27),(793,27),(794,27),(795,27),(796,27),(797,27),(798,27),(799,27),(800,27),(801,27),(802,27),(803,27),(804,27),(805,27),(806,27),(807,27),(808,27),(809,27),(810,27),(811,27),(812,27),(813,27),(814,27),(815,27),(816,27),(817,27),(818,27),(819,27),(820,27),(821,27),(822,27),(823,27),(824,27),(825,27),(826,27),(827,27),(828,27),(829,27),(830,27),(831,27),(832,27),(833,27),(834,27),(835,27),(836,27),(837,27),(838,27),(839,27),(840,27),(841,27),(842,27),(843,27),(844,27),(845,27),(846,27),(847,27),(848,27),(849,27),(850,27),(851,27),(852,27),(853,27),(854,27),(855,27),(856,27),(857,27),(858,27),(859,27),(860,27),(861,27),(862,27),(863,27),(864,27),(865,27),(866,27),(867,27),(868,27),(869,27),(870,27),(871,27),(872,27),(873,27),(874,27),(875,27),(876,27),(877,27),(878,27),(879,27),(880,27),(881,27),(882,27),(883,27),(884,27),(885,27),(886,27),(887,27),(888,27),(889,27),(890,27),(891,27),(892,27),(893,27),(894,27),(895,27),(896,27),(897,27),(898,27),(899,27),(900,27),(901,27),(902,27),(903,27),(904,27),(905,27),(906,27),(907,27),(908,27),(909,27),(910,27),(911,27),(912,27),(913,27),(914,27),(915,27),(916,27),(917,27),(918,27),(919,27),(920,27),(921,27),(922,27),(923,27),(924,27),(925,27),(926,27),(927,27),(928,27),(929,27),(930,27),(931,27),(932,27),(933,27),(934,27),(935,27),(936,27),(937,27),(938,27),(939,27),(940,27),(941,27),(942,27),(943,27),(944,27),(945,27),(946,27),(947,27),(948,27),(949,27),(950,27),(951,27),(952,27),(953,27),(954,27),(955,27),(956,27),(957,27),(958,27),(521,28),(522,28),(523,28),(524,28),(545,28),(546,28),(547,28),(548,28),(549,28),(550,28),(551,28),(552,28),(553,28),(554,28),(555,28),(556,28),(557,28),(558,28),(559,28),(560,28),(561,28),(562,28),(563,28),(564,28),(565,28),(566,28),(567,28),(568,28),(569,28),(641,28),(642,28),(643,28),(644,28),(645,28),(646,28),(647,28),(648,28),(649,28),(650,28),(651,28),(652,28),(653,28),(654,28),(655,28),(656,28),(657,28),(658,28),(659,28),(660,28),(520,30),(521,30),(522,30),(523,30),(524,30),(540,30),(541,30),(542,30),(543,30),(544,30),(545,30),(546,30),(547,30),(548,30),(549,30),(550,30),(551,30),(552,30),(553,30),(554,30),(555,30),(556,30),(557,30),(558,30),(559,30),(560,30),(561,30),(562,30),(563,30),(564,30),(565,30),(566,30),(567,30),(568,30),(569,30),(581,30),(582,30),(583,30),(584,30),(585,30),(586,30),(587,30),(588,30),(589,30),(590,30),(601,30),(602,30),(603,30),(604,30),(605,30),(611,30),(612,30),(613,30),(614,30),(615,30),(621,30),(622,30),(623,30),(624,30),(625,30),(626,30),(627,30),(628,30),(629,30),(630,30),(631,30),(632,30),(633,30),(634,30),(635,30),(636,30),(637,30),(638,30),(639,30),(640,30),(641,30),(642,30),(643,30),(644,30),(645,30),(646,30),(647,30),(648,30),(649,30),(650,30),(651,30),(652,30),(653,30),(654,30),(655,30),(656,30),(657,30),(658,30),(659,30),(660,30),(666,30),(667,30),(668,30),(669,30),(670,30),(671,30),(672,30),(673,30),(674,30),(675,30),(676,30),(677,30),(678,30),(679,30),(680,30),(686,30),(687,30),(688,30),(689,30),(690,30),(691,30),(692,30),(693,30),(694,30),(695,30),(696,30),(697,30),(698,30),(699,30),(700,30),(701,30),(702,30),(703,30),(704,30),(705,30),(706,30),(707,30),(708,30),(709,30),(710,30),(711,30),(712,30),(713,30),(714,30),(715,30),(716,30),(717,30),(718,30),(719,30),(720,30),(723,30),(724,30),(725,30),(726,30),(727,30),(728,30),(729,30),(730,30),(731,30),(732,30),(733,30),(734,30),(735,30),(736,30),(737,30),(738,30),(739,30),(740,30),(741,30),(742,30),(743,30),(744,30),(745,30),(746,30),(747,30),(748,30),(749,30),(750,30),(751,30),(752,30),(753,30),(754,30),(755,30),(756,30),(757,30),(758,30),(759,30),(760,30),(761,30),(762,30),(763,30),(764,30),(765,30),(766,30),(767,30),(768,30),(769,30),(770,30),(771,30),(772,30),(773,30),(774,30),(775,30),(776,30),(777,30),(778,30),(779,30),(780,30),(781,30),(782,30),(783,30),(784,30),(785,30),(786,30),(787,30),(788,30),(789,30),(790,30),(791,30),(792,30),(793,30),(794,30),(795,30),(796,30),(797,30),(808,30),(809,30),(810,30),(828,30),(829,30),(830,30),(831,30),(832,30),(833,30),(834,30),(835,30),(836,30),(837,30),(838,30),(839,30),(840,30),(841,30),(842,30),(843,30),(844,30),(845,30),(846,30),(847,30),(848,30),(849,30),(850,30),(851,30),(852,30),(853,30),(854,30),(855,30),(856,30),(857,30),(858,30),(859,30),(860,30),(861,30),(862,30),(863,30),(864,30),(865,30),(866,30),(867,30),(868,30),(869,30),(870,30),(871,30),(872,30),(873,30),(874,30),(875,30),(876,30),(877,30),(878,30),(879,30),(880,30),(881,30),(882,30),(883,30),(884,30),(885,30),(886,30),(887,30),(888,30),(889,30),(890,30),(891,30),(892,30),(893,30),(894,30),(895,30),(896,30),(897,30),(520,31),(521,31),(522,31),(540,31),(541,31),(542,31),(543,31),(544,31),(545,31),(546,31),(547,31),(548,31),(549,31),(550,31),(551,31),(552,31),(553,31),(554,31),(555,31),(556,31),(557,31),(558,31),(559,31),(560,31),(561,31),(562,31),(563,31),(564,31),(565,31),(566,31),(567,31),(568,31),(569,31),(581,31),(582,31),(583,31),(584,31),(585,31),(641,31),(642,31),(643,31),(644,31),(645,31),(646,31),(647,31),(648,31),(649,31),(650,31),(651,31),(652,31),(653,31),(654,31),(655,31),(656,31),(657,31),(658,31),(659,31),(660,31),(666,31),(667,31),(668,31),(669,31),(670,31),(671,31),(672,31),(673,31),(674,31),(675,31),(676,31),(677,31),(678,31),(679,31),(680,31),(686,31),(687,31),(713,31),(714,31),(715,31),(716,31),(717,31),(718,31),(719,31),(720,31),(723,31),(724,31),(725,31),(726,31),(727,31),(728,31),(729,31),(730,31),(731,31),(732,31),(748,31),(749,31),(750,31),(751,31),(752,31),(808,31),(809,31),(810,31),(918,31),(919,31),(920,31),(921,31),(922,31),(520,32),(521,32),(522,32),(523,32),(524,32),(540,32),(541,32),(542,32),(543,32),(544,32),(545,32),(546,32),(547,32),(548,32),(549,32),(550,32),(551,32),(552,32),(553,32),(554,32),(555,32),(556,32),(557,32),(558,32),(559,32),(560,32),(561,32),(562,32),(563,32),(564,32),(565,32),(566,32),(567,32),(568,32),(569,32),(581,32),(582,32),(583,32),(584,32),(585,32),(586,32),(587,32),(588,32),(589,32),(590,32),(591,32),(592,32),(593,32),(594,32),(595,32),(596,32),(597,32),(598,32),(599,32),(600,32),(601,32),(602,32),(603,32),(604,32),(605,32),(606,32),(607,32),(608,32),(609,32),(610,32),(611,32),(612,32),(613,32),(614,32),(615,32),(621,32),(622,32),(623,32),(624,32),(625,32),(626,32),(627,32),(628,32),(629,32),(630,32),(631,32),(632,32),(633,32),(634,32),(635,32),(636,32),(637,32),(638,32),(639,32),(640,32),(641,32),(642,32),(643,32),(644,32),(645,32),(646,32),(647,32),(648,32),(649,32),(650,32),(651,32),(652,32),(653,32),(654,32),(655,32),(656,32),(657,32),(658,32),(659,32),(660,32),(666,32),(667,32),(668,32),(669,32),(670,32),(671,32),(672,32),(673,32),(674,32),(675,32),(676,32),(677,32),(678,32),(679,32),(680,32),(681,32),(682,32),(683,32),(684,32),(685,32),(686,32),(687,32),(688,32),(689,32),(690,32),(691,32),(692,32),(693,32),(694,32),(695,32),(696,32),(697,32),(698,32),(699,32),(700,32),(701,32),(702,32),(703,32),(704,32),(705,32),(706,32),(707,32),(708,32),(709,32),(710,32),(711,32),(712,32),(713,32),(714,32),(715,32),(716,32),(717,32),(718,32),(719,32),(720,32),(721,32),(722,32),(723,32),(724,32),(725,32),(726,32),(727,32),(728,32),(729,32),(730,32),(731,32),(732,32),(733,32),(734,32),(735,32),(736,32),(737,32),(738,32),(739,32),(740,32),(741,32),(742,32),(743,32),(744,32),(745,32),(746,32),(747,32),(748,32),(749,32),(750,32),(751,32),(752,32),(753,32),(754,32),(755,32),(756,32),(757,32),(758,32),(759,32),(760,32),(761,32),(762,32),(763,32),(764,32),(765,32),(766,32),(767,32),(768,32),(769,32),(770,32),(771,32),(772,32),(773,32),(774,32),(775,32),(776,32),(777,32),(778,32),(779,32),(780,32),(781,32),(782,32),(783,32),(784,32),(785,32),(786,32),(787,32),(788,32),(789,32),(790,32),(791,32),(792,32),(793,32),(794,32),(795,32),(796,32),(797,32),(798,32),(799,32),(800,32),(801,32),(802,32),(803,32),(804,32),(805,32),(806,32),(807,32),(808,32),(809,32),(810,32),(811,32),(812,32),(813,32),(814,32),(815,32),(828,32),(829,32),(830,32),(831,32),(832,32),(833,32),(834,32),(835,32),(836,32),(837,32),(838,32),(839,32),(840,32),(841,32),(842,32),(843,32),(844,32),(845,32),(846,32),(847,32);

--
-- Table structure for table `roles`
--

CREATE TABLE `roles` (
  `id` int(11) unsigned NOT NULL AUTO_INCREMENT,
  `name` varchar(191) COLLATE utf8mb4_unicode_ci NOT NULL,
  `guard_name` varchar(191) COLLATE utf8mb4_unicode_ci NOT NULL,
  `menu_id` int(10) unsigned DEFAULT NULL,
  `created_at` timestamp NULL DEFAULT NULL,
  `updated_at` timestamp NULL DEFAULT NULL,
  `deleted_at` timestamp NULL DEFAULT NULL,
  PRIMARY KEY (`id`),
  KEY `fk_roles_menus_menu_id_idx` (`menu_id`),
  CONSTRAINT `fk_roles_menus_menu_id` FOREIGN KEY (`menu_id`) REFERENCES `menus` (`id`) ON DELETE SET NULL ON UPDATE SET NULL
) ENGINE=InnoDB AUTO_INCREMENT=33 DEFAULT CHARSET=utf8mb4 COLLATE=utf8mb4_unicode_ci;

--
-- Dumping data for table `roles`
--

INSERT INTO `roles` VALUES (27,'superadmin','web',20,NULL,'2019-08-19 07:40:31',NULL),(28,'normal','web',NULL,NULL,NULL,NULL),(30,'admin','web',23,'2019-04-18 14:56:56','2019-09-06 10:17:31',NULL),(31,'ISA','web',NULL,'2019-07-05 10:22:36','2019-08-29 13:04:02',NULL),(32,'Advance','web',NULL,'2019-07-11 10:20:18','2019-07-11 10:20:18',NULL);

--
-- Table structure for table `setting_categories`
--

CREATE TABLE `setting_categories` (
  `id` int(10) unsigned NOT NULL AUTO_INCREMENT,
  `title` varchar(191) COLLATE utf8mb4_unicode_ci NOT NULL,
  `added_by` int(10) unsigned NOT NULL,
  `updated_by` int(10) unsigned DEFAULT NULL,
  `is_active` tinyint(1) DEFAULT '1',
  `company_id` int(10) unsigned NOT NULL,
  `deleted_at` timestamp NULL DEFAULT NULL,
  `created_at` timestamp NULL DEFAULT NULL,
  `updated_at` timestamp NULL DEFAULT NULL,
  PRIMARY KEY (`id`),
  KEY `company_id_setting_categories` (`company_id`),
  KEY `added_by_id_setting_categories` (`added_by`),
  KEY `updated_by_id_setting_categories` (`updated_by`),
  CONSTRAINT `added_by_id_setting_categories` FOREIGN KEY (`added_by`) REFERENCES `users` (`id`) ON DELETE NO ACTION ON UPDATE NO ACTION,
  CONSTRAINT `company_id_setting_categories` FOREIGN KEY (`company_id`) REFERENCES `companies` (`id`) ON DELETE NO ACTION ON UPDATE NO ACTION,
  CONSTRAINT `updated_by_id_setting_categories` FOREIGN KEY (`updated_by`) REFERENCES `users` (`id`) ON DELETE NO ACTION ON UPDATE NO ACTION
) ENGINE=InnoDB AUTO_INCREMENT=9 DEFAULT CHARSET=utf8mb4 COLLATE=utf8mb4_unicode_ci;

--
-- Dumping data for table `setting_categories`
--

INSERT INTO `setting_categories` VALUES (1,'orders',2,NULL,1,3,NULL,'2019-06-20 09:57:18','2019-06-20 09:57:18'),(2,'travels',2,NULL,1,3,NULL,'2019-06-20 09:57:22','2019-06-20 09:57:22'),(3,'invoices',2,NULL,1,3,NULL,'2019-06-24 08:42:47','2019-06-24 08:42:47'),(4,'receipts',2,NULL,1,3,NULL,'2019-06-24 08:42:47','2019-06-24 08:42:47'),(5,'orders',2,NULL,1,5,NULL,'2019-06-20 09:57:18','2019-06-20 09:57:18'),(6,'travels',2,NULL,1,5,NULL,'2019-06-20 09:57:22','2019-06-20 09:57:22'),(7,'invoices',2,NULL,1,5,NULL,'2019-06-24 08:42:47','2019-06-24 08:42:47'),(8,'receipts',2,NULL,1,5,NULL,'2019-06-24 08:42:47','2019-06-24 08:42:47');

--
-- Table structure for table `statuses`
--

CREATE TABLE `statuses` (
  `id` int(11) unsigned NOT NULL AUTO_INCREMENT,
  `title` longtext COLLATE utf8mb4_unicode_ci NOT NULL,
  `added_by` int(11) unsigned NOT NULL,
  `updated_by` int(11) unsigned DEFAULT NULL,
  `is_active` tinyint(1) DEFAULT '1',
  `company_id` int(11) unsigned NOT NULL,
  `deleted_at` timestamp NULL DEFAULT NULL,
  `created_at` timestamp NULL DEFAULT NULL,
  `updated_at` timestamp NULL DEFAULT NULL,
  PRIMARY KEY (`id`),
  KEY `added_by_id_status_idx` (`added_by`),
  KEY `updated_by_id_status_idx` (`updated_by`),
  KEY `company_id_status_idx` (`company_id`),
  CONSTRAINT `fk_statuses_added_by` FOREIGN KEY (`added_by`) REFERENCES `users` (`id`) ON DELETE NO ACTION ON UPDATE NO ACTION,
  CONSTRAINT `fk_statuses_company_id` FOREIGN KEY (`company_id`) REFERENCES `companies` (`id`) ON DELETE NO ACTION ON UPDATE NO ACTION,
  CONSTRAINT `fk_statuses_updated_by` FOREIGN KEY (`updated_by`) REFERENCES `users` (`id`) ON DELETE NO ACTION ON UPDATE NO ACTION
) ENGINE=InnoDB AUTO_INCREMENT=3 DEFAULT CHARSET=utf8mb4 COLLATE=utf8mb4_unicode_ci;

--
-- Dumping data for table `statuses`
--

INSERT INTO `statuses` VALUES (1,'{\"ar\":null,\"en\":\"YES\"}',2,NULL,1,4,NULL,'2019-05-27 00:00:00',NULL),(2,'{\"ar\":null,\"en\":\"NO\"}',2,NULL,1,4,NULL,'2019-05-27 00:00:00',NULL);

--
-- Table structure for table `user_types`
--

CREATE TABLE `user_types` (
  `id` int(11) unsigned NOT NULL AUTO_INCREMENT,
  `title` longtext COLLATE utf8mb4_unicode_ci,
  `assistance_type_id` int(10) unsigned DEFAULT NULL,
  `created_at` timestamp NULL DEFAULT NULL,
  `updated_at` timestamp NULL DEFAULT CURRENT_TIMESTAMP ON UPDATE CURRENT_TIMESTAMP,
  `deleted_at` timestamp NULL DEFAULT NULL,
  `is_active` tinyint(4) DEFAULT '1',
  `added_by` int(11) unsigned DEFAULT NULL,
  `updated_by` int(11) unsigned DEFAULT NULL,
  `paid_per_task_id` int(11) unsigned DEFAULT NULL,
  `marker_icon` varchar(255) COLLATE utf8mb4_unicode_ci DEFAULT NULL,
  PRIMARY KEY (`id`),
  KEY `fk_user_types_users1_idx` (`added_by`),
  KEY `fk_user_types_users2_idx` (`updated_by`),
  KEY `fk_user_types_assistance_types_idx` (`assistance_type_id`),
  KEY `paid_per_task_id` (`paid_per_task_id`),
  CONSTRAINT `fk_user_types_assistance_types` FOREIGN KEY (`assistance_type_id`) REFERENCES `assistance_types` (`id`) ON DELETE NO ACTION ON UPDATE NO ACTION,
  CONSTRAINT `fk_user_types_users1` FOREIGN KEY (`added_by`) REFERENCES `users` (`id`) ON DELETE NO ACTION ON UPDATE NO ACTION,
  CONSTRAINT `fk_user_types_users2` FOREIGN KEY (`updated_by`) REFERENCES `users` (`id`) ON DELETE NO ACTION ON UPDATE NO ACTION,
  CONSTRAINT `paid_per_task_id` FOREIGN KEY (`paid_per_task_id`) REFERENCES `statuses` (`id`) ON DELETE NO ACTION ON UPDATE NO ACTION
) ENGINE=InnoDB AUTO_INCREMENT=17 DEFAULT CHARSET=utf8mb4 COLLATE=utf8mb4_unicode_ci;

--
-- Dumping data for table `user_types`
--

INSERT INTO `user_types` VALUES (3,'superadmin',NULL,'2019-04-03 09:08:12','2019-05-31 12:10:55',NULL,1,NULL,2,NULL,NULL),(6,'clients',NULL,'2019-04-25 08:28:44','2019-05-31 12:10:59',NULL,1,NULL,NULL,NULL,NULL),(7,'employees',NULL,'2019-04-25 09:05:29','2019-05-31 12:11:03',NULL,1,2,2,NULL,NULL),(8,'carpenter',1,NULL,'2019-05-31 12:27:55',NULL,1,2,NULL,NULL,NULL),(9,'electrician',1,NULL,'2019-05-31 12:27:49',NULL,1,2,NULL,NULL,NULL),(10,'plumber',1,NULL,'2019-05-31 12:28:00',NULL,1,2,NULL,NULL,NULL),(11,'doctor',4,'2019-05-27 19:09:44','2019-05-31 12:28:05',NULL,1,2,NULL,NULL,NULL),(12,'expert',3,'2019-05-27 19:10:07','2019-05-31 12:28:10',NULL,1,2,NULL,NULL,NULL),(13,'towing',3,'2019-05-30 15:30:21','2019-05-31 12:28:15',NULL,1,2,NULL,NULL,NULL),(14,'garage',3,'2019-05-30 15:30:38','2019-05-31 12:28:19',NULL,1,2,NULL,NULL,NULL),(16,'guests',NULL,NULL,'2019-06-14 14:44:12',NULL,1,NULL,NULL,NULL,NULL);


CREATE DATABASE  IF NOT EXISTS `wellness_telescope_sql` /*!40100 DEFAULT CHARACTER SET utf8 */;
USE `wellness_telescope_sql`;
--
-- Host: localhost    Database: wellness_telescope_sql
-- ------------------------------------------------------


--
-- Table structure for table `telescope_entries`
--

CREATE TABLE `telescope_entries` (
  `sequence` bigint(20) unsigned NOT NULL AUTO_INCREMENT,
  `uuid` char(36) COLLATE utf8mb4_unicode_ci NOT NULL,
  `batch_id` char(36) COLLATE utf8mb4_unicode_ci NOT NULL,
  `family_hash` varchar(191) COLLATE utf8mb4_unicode_ci DEFAULT NULL,
  `should_display_on_index` tinyint(1) NOT NULL DEFAULT '1',
  `type` varchar(20) COLLATE utf8mb4_unicode_ci NOT NULL,
  `content` longtext COLLATE utf8mb4_unicode_ci NOT NULL,
  `created_at` datetime DEFAULT NULL,
  PRIMARY KEY (`sequence`),
  UNIQUE KEY `telescope_entries_uuid_unique` (`uuid`),
  KEY `telescope_entries_batch_id_index` (`batch_id`),
  KEY `telescope_entries_type_should_display_on_index_index` (`type`,`should_display_on_index`),
  KEY `telescope_entries_family_hash_index` (`family_hash`)
) ENGINE=InnoDB AUTO_INCREMENT=15289 DEFAULT CHARSET=utf8mb4 COLLATE=utf8mb4_unicode_ci;

--
-- Dumping data for table `telescope_entries`
--


-- Table structure for table `telescope_entries_tags`
--

CREATE TABLE `telescope_entries_tags` (
  `entry_uuid` char(36) COLLATE utf8mb4_unicode_ci NOT NULL,
  `tag` varchar(191) COLLATE utf8mb4_unicode_ci NOT NULL,
  KEY `telescope_entries_tags_entry_uuid_tag_index` (`entry_uuid`,`tag`),
  KEY `telescope_entries_tags_tag_index` (`tag`)
) ENGINE=InnoDB DEFAULT CHARSET=utf8mb4 COLLATE=utf8mb4_unicode_ci;

--
-- Dumping data for table `telescope_entries_tags`
--

--
-- Table structure for table `telescope_monitoring`
--

CREATE TABLE `telescope_monitoring` (
  `tag` varchar(191) COLLATE utf8mb4_unicode_ci NOT NULL
) ENGINE=InnoDB DEFAULT CHARSET=utf8mb4 COLLATE=utf8mb4_unicode_ci;

--
-- Dumping data for table `telescope_monitoring`
--

INSERT INTO `telescope_monitoring` VALUES ('yy');


